91.211.90.179 - - [25/May/2026:14:38:45 -0400] "POST /blog/wp-comments-post.php HTTP/1.0" 500 2953 "http://isabellascookies.com/blog/?p=4#comment-1373451" "Mozilla/5.0 (Windows NT 6.1; Win64; x64) AppleWebKit/537.36 (KHTML, like Gecko) Chrome/103.0.5060.114 Safari/537.36"
91.211.90.179 - - [25/May/2026:14:38:45 -0400] "POST /blog/wp-comments-post.php HTTP/1.0" 500 2953 "http://isabellascookies.com/blog/?p=4#comment-1373451" "Mozilla/5.0 (Windows NT 6.1) AppleWebKit/537.36 (KHTML, like Gecko) Chrome/103.0.0.0 Safari/537.36"
91.211.90.179 - - [25/May/2026:14:38:46 -0400] "GET /customer/account/login/ HTTP/1.0" 302 - "http://isabellascookies.com/customer/account/login/" "Mozilla/5.0 (Windows NT 6.1; Win64; x64) AppleWebKit/537.36 (KHTML, like Gecko) Chrome/103.0.5060.114 Safari/537.36"
91.211.90.179 - - [25/May/2026:14:38:47 -0400] "GET /customer/account/login/ HTTP/1.0" 302 - "http://isabellascookies.com/customer/account/login/" "Mozilla/5.0 (Windows NT 6.1) AppleWebKit/537.36 (KHTML, like Gecko) Chrome/103.0.0.0 Safari/537.36"
217.147.172.11 - - [25/May/2026:14:39:00 -0400] "GET /blog/?p=4 HTTP/1.0" 200 33706 "http://isabellascookies.com/blog/?p=4#comment-1373451" "Mozilla/5.0 (Windows NT 6.2; Win64; x64) AppleWebKit/537.36 (KHTML, like Gecko) Chrome/103.0.0.0 Safari/537.36"
217.147.172.11 - - [25/May/2026:14:39:00 -0400] "POST /blog/wp-comments-post.php HTTP/1.0" 500 2953 "http://isabellascookies.com/blog/?p=4#comment-1373451" "Mozilla/5.0 (Windows NT 6.2; Win64; x64) AppleWebKit/537.36 (KHTML, like Gecko) Chrome/103.0.0.0 Safari/537.36"
217.147.172.11 - - [25/May/2026:14:39:00 -0400] "GET /blog/?p=4 HTTP/1.0" 200 33706 "http://isabellascookies.com/blog/?p=4#comment-1373451" "Mozilla/5.0 (Windows NT 10.0; Win64; x64) AppleWebKit/537.36 (KHTML, like Gecko) Chrome/103.0.0.0 Safari/537.36"
217.147.172.11 - - [25/May/2026:14:39:01 -0400] "GET /customer/account/login/ HTTP/1.0" 302 - "http://isabellascookies.com/customer/account/login/" "Mozilla/5.0 (Windows NT 6.2; Win64; x64) AppleWebKit/537.36 (KHTML, like Gecko) Chrome/103.0.0.0 Safari/537.36"
217.147.172.11 - - [25/May/2026:14:39:01 -0400] "POST /blog/wp-comments-post.php HTTP/1.0" 500 2953 "http://isabellascookies.com/blog/?p=4#comment-1373451" "Mozilla/5.0 (Windows NT 10.0; Win64; x64) AppleWebKit/537.36 (KHTML, like Gecko) Chrome/103.0.0.0 Safari/537.36"
217.147.172.11 - - [25/May/2026:14:39:01 -0400] "GET /customer/account/login/ HTTP/1.0" 302 - "http://isabellascookies.com/customer/account/login/" "Mozilla/5.0 (Windows NT 10.0; Win64; x64) AppleWebKit/537.36 (KHTML, like Gecko) Chrome/103.0.0.0 Safari/537.36"
94.26.106.167 - - [25/May/2026:14:39:15 -0400] "GET /wp-login.php HTTP/1.1" 404 8563 "-" "Mozilla/5.0 (Windows NT 10.0; Win64; x64) Gecko/20100101 Firefox/118.0.2"
94.26.106.167 - - [25/May/2026:14:39:16 -0400] "GET /administrator/ HTTP/1.1" 404 8563 "-" "Mozilla/5.0 (Windows NT 10.0; Win64; x64) Gecko/20100101 Firefox/120.0.1"
45.156.158.249 - - [25/May/2026:14:39:33 -0400] "GET /blog/?p=4 HTTP/1.0" 200 33706 "http://isabellascookies.com/blog/?p=4#comment-1373451" "Mozilla/5.0 (Windows NT 6.1; Win64; x64) AppleWebKit/537.36 (KHTML, like Gecko) Chrome/103.0.5060.114 Safari/537.36"
45.156.158.249 - - [25/May/2026:14:39:34 -0400] "GET /blog/?p=4 HTTP/1.0" 200 33706 "http://isabellascookies.com/blog/?p=4#comment-1373451" "Mozilla/5.0 (Windows NT 6.1; Win64; x64) AppleWebKit/537.36 (KHTML, like Gecko) Chrome/103.0.0.0 Safari/537.36"
45.156.158.249 - - [25/May/2026:14:39:34 -0400] "POST /blog/wp-comments-post.php HTTP/1.0" 500 2953 "http://isabellascookies.com/blog/?p=4#comment-1373451" "Mozilla/5.0 (Windows NT 6.1; Win64; x64) AppleWebKit/537.36 (KHTML, like Gecko) Chrome/103.0.5060.114 Safari/537.36"
45.156.158.249 - - [25/May/2026:14:39:34 -0400] "POST /blog/wp-comments-post.php HTTP/1.0" 500 2953 "http://isabellascookies.com/blog/?p=4#comment-1373451" "Mozilla/5.0 (Windows NT 6.1; Win64; x64) AppleWebKit/537.36 (KHTML, like Gecko) Chrome/103.0.0.0 Safari/537.36"
45.156.158.249 - - [25/May/2026:14:39:34 -0400] "GET /customer/account/login/ HTTP/1.0" 302 - "http://isabellascookies.com/customer/account/login/" "Mozilla/5.0 (Windows NT 6.1; Win64; x64) AppleWebKit/537.36 (KHTML, like Gecko) Chrome/103.0.5060.114 Safari/537.36"
45.156.158.249 - - [25/May/2026:14:39:35 -0400] "GET /customer/account/login/ HTTP/1.0" 302 - "http://isabellascookies.com/customer/account/login/" "Mozilla/5.0 (Windows NT 6.1; Win64; x64) AppleWebKit/537.36 (KHTML, like Gecko) Chrome/103.0.0.0 Safari/537.36"
47.128.42.85 - - [25/May/2026:14:39:58 -0400] "GET /skin/frontend/default/drjacob/css/jquery-ui.css HTTP/1.1" 200 5228 "http://staging.isabellascookies.com/" "Mozilla/5.0 (compatible; Bytespider; spider-feedback@bytedance.com) AppleWebKit/537.36 (KHTML, like Gecko) Chrome/70.0.0.0 Safari/537.36"
172.58.208.175 - - [25/May/2026:14:40:57 -0400] "GET /skin/frontend/default/drjacob/js/jquery1.7.js HTTP/1.1" 200 33133 "-" "Mozilla/5.0 (Linux; Android 10; K) AppleWebKit/537.36 (KHTML, like Gecko) Chrome/148.0.0.0 Mobile Safari/537.36"
172.58.208.175 - - [25/May/2026:14:40:57 -0400] "GET /skin/frontend/default/drjacob/css/jquery-ui.css HTTP/1.1" 200 5228 "-" "Mozilla/5.0 (Linux; Android 10; K) AppleWebKit/537.36 (KHTML, like Gecko) Chrome/148.0.0.0 Mobile Safari/537.36"
35.85.34.22 - - [25/May/2026:14:41:35 -0400] "GET /blog1/feed HTTP/1.1" 200 2614 "-" "Java/1.7.0_80"
91.211.90.186 - - [25/May/2026:14:43:05 -0400] "GET /blog/?p=4 HTTP/1.0" 200 33706 "http://isabellascookies.com/blog/?p=4#comment-1373451" "Mozilla/5.0 (Windows NT 10.0; Win64; x64) AppleWebKit/537.36 (KHTML, like Gecko) Chrome/103.0.5060.66 Safari/537.36"
91.211.90.186 - - [25/May/2026:14:43:06 -0400] "GET /blog/?p=4 HTTP/1.0" 200 33706 "http://isabellascookies.com/blog/?p=4#comment-1373451" "Mozilla/5.0 (Windows NT 6.2; Win64; x64) AppleWebKit/537.36 (KHTML, like Gecko) Chrome/103.0.0.0 Safari/537.36"
91.211.90.186 - - [25/May/2026:14:43:06 -0400] "POST /blog/wp-comments-post.php HTTP/1.0" 500 2953 "http://isabellascookies.com/blog/?p=4#comment-1373451" "Mozilla/5.0 (Windows NT 10.0; Win64; x64) AppleWebKit/537.36 (KHTML, like Gecko) Chrome/103.0.5060.66 Safari/537.36"
91.211.90.186 - - [25/May/2026:14:43:06 -0400] "POST /blog/wp-comments-post.php HTTP/1.0" 500 2953 "http://isabellascookies.com/blog/?p=4#comment-1373451" "Mozilla/5.0 (Windows NT 6.2; Win64; x64) AppleWebKit/537.36 (KHTML, like Gecko) Chrome/103.0.0.0 Safari/537.36"
91.211.90.186 - - [25/May/2026:14:43:06 -0400] "GET /customer/account/login/ HTTP/1.0" 302 - "http://isabellascookies.com/customer/account/login/" "Mozilla/5.0 (Windows NT 10.0; Win64; x64) AppleWebKit/537.36 (KHTML, like Gecko) Chrome/103.0.5060.66 Safari/537.36"
91.211.90.186 - - [25/May/2026:14:43:06 -0400] "GET /customer/account/login/ HTTP/1.0" 302 - "http://isabellascookies.com/customer/account/login/" "Mozilla/5.0 (Windows NT 6.2; Win64; x64) AppleWebKit/537.36 (KHTML, like Gecko) Chrome/103.0.0.0 Safari/537.36"
128.241.246.237 - - [25/May/2026:14:43:22 -0400] "GET /media/catalog/product/cache/1/thumbnail/210x140/9df78eab33525d08d6e5fb8d27136e95/e/i/eiffeltower.png HTTP/1.1" 404 40689 "-" "Mozilla/5.0 (X11; Ubuntu; Linux x86_64; rv:72.0) Gecko/20100101 Firefox/72.0"
185.237.106.202 - - [25/May/2026:14:46:04 -0400] "GET /blog/?p=4 HTTP/1.0" 200 33706 "http://isabellascookies.com/blog/?p=4#comment-1373451" "Mozilla/5.0 (Windows NT 10.0; Win64; x64) AppleWebKit/537.36 (KHTML, like Gecko) Chrome/103.0.5042.0 Safari/537.36"
185.237.106.202 - - [25/May/2026:14:46:04 -0400] "POST /blog/wp-comments-post.php HTTP/1.0" 500 2953 "http://isabellascookies.com/blog/?p=4#comment-1373451" "Mozilla/5.0 (Windows NT 10.0; Win64; x64) AppleWebKit/537.36 (KHTML, like Gecko) Chrome/103.0.5042.0 Safari/537.36"
185.237.106.202 - - [25/May/2026:14:46:05 -0400] "GET /customer/account/login/ HTTP/1.0" 302 - "http://isabellascookies.com/customer/account/login/" "Mozilla/5.0 (Windows NT 10.0; Win64; x64) AppleWebKit/537.36 (KHTML, like Gecko) Chrome/103.0.5042.0 Safari/537.36"
40.88.21.235 - - [25/May/2026:14:46:24 -0400] "GET / HTTP/1.1" 200 8405 "-" "DuckDuckBot/1.1; (+http://duckduckgo.com/duckduckbot.html)"
40.88.21.235 - - [25/May/2026:14:46:25 -0400] "GET /media/favicon/default/favicon.ico HTTP/1.1" 200 1871 "-" "DuckDuckBot/1.1; (+http://duckduckgo.com/duckduckbot.html)"
171.22.133.68 - - [25/May/2026:14:50:08 -0400] "GET /v-oat-vegan-oatmeal-cookie.html HTTP/1.0" 200 52840 "http://isabellascookies.com/v-oat-vegan-oatmeal-cookie.html" "Mozilla/5.0 (Windows NT 10.0; Win64; x64) AppleWebKit/537.36 (KHTML, like Gecko) Chrome/130.0.0.0 Safari/537.36"
171.22.133.68 - - [25/May/2026:14:50:09 -0400] "POST / HTTP/1.0" 200 39009 "http://isabellascookies.com/v-oat-vegan-oatmeal-cookie.html" "Mozilla/5.0 (Windows NT 10.0; Win64; x64) AppleWebKit/537.36 (KHTML, like Gecko) Chrome/130.0.0.0 Safari/537.36"
51.222.168.168 - - [25/May/2026:14:50:30 -0400] "GET /isabellas-fab-five-cookie-gift-box.html HTTP/1.1" 200 11835 "-" "Mozilla/5.0 (compatible; AhrefsBot/7.0; +http://ahrefs.com/robot/)"
74.7.241.165 - - [25/May/2026:14:50:53 -0400] "GET /robots.txt HTTP/1.1" 200 67 "-" "Mozilla/5.0 (Macintosh; Intel Mac OS X 10_15_7) AppleWebKit/537.36 (KHTML, like Gecko) Chrome/131.0.0.0 Safari/537.36; compatible; OAI-SearchBot/1.4; robots.txt; +https://openai.com/searchbot"
91.211.90.170 - - [25/May/2026:14:51:15 -0400] "GET /blog/?p=4 HTTP/1.0" 200 33706 "http://isabellascookies.com/blog/?p=4#comment-1373451" "Mozilla/5.0 (Windows NT 6.2; Win64; x64) AppleWebKit/537.36 (KHTML, like Gecko) Chrome/103.0.0.0 Safari/537.36"
91.211.90.170 - - [25/May/2026:14:51:15 -0400] "GET /blog/?p=4 HTTP/1.0" 200 33706 "http://isabellascookies.com/blog/?p=4#comment-1373451" "Mozilla/5.0 (Windows NT 6.1; Win64; x64) AppleWebKit/537.36 (KHTML, like Gecko) Chrome/103.0.0.0 Safari/537.36"
91.211.90.170 - - [25/May/2026:14:51:15 -0400] "POST /blog/wp-comments-post.php HTTP/1.0" 500 2953 "http://isabellascookies.com/blog/?p=4#comment-1373451" "Mozilla/5.0 (Windows NT 6.2; Win64; x64) AppleWebKit/537.36 (KHTML, like Gecko) Chrome/103.0.0.0 Safari/537.36"
91.211.90.170 - - [25/May/2026:14:51:15 -0400] "POST /blog/wp-comments-post.php HTTP/1.0" 500 2953 "http://isabellascookies.com/blog/?p=4#comment-1373451" "Mozilla/5.0 (Windows NT 6.1; Win64; x64) AppleWebKit/537.36 (KHTML, like Gecko) Chrome/103.0.0.0 Safari/537.36"
91.211.90.170 - - [25/May/2026:14:51:15 -0400] "GET /customer/account/login/ HTTP/1.0" 302 - "http://isabellascookies.com/customer/account/login/" "Mozilla/5.0 (Windows NT 6.2; Win64; x64) AppleWebKit/537.36 (KHTML, like Gecko) Chrome/103.0.0.0 Safari/537.36"
91.211.90.170 - - [25/May/2026:14:51:16 -0400] "GET /customer/account/login/ HTTP/1.0" 302 - "http://isabellascookies.com/customer/account/login/" "Mozilla/5.0 (Windows NT 6.1; Win64; x64) AppleWebKit/537.36 (KHTML, like Gecko) Chrome/103.0.0.0 Safari/537.36"
185.92.139.178 - - [25/May/2026:14:51:43 -0400] "GET /blog/?p=4 HTTP/1.0" 200 33706 "http://isabellascookies.com/blog/?p=4#comment-1389032" "Mozilla/5.0 (Windows NT 10.0; Win64; x64) AppleWebKit/537.36 (KHTML, like Gecko) Chrome/131.0.0.0 Safari/537.36"
185.92.139.178 - - [25/May/2026:14:51:43 -0400] "POST /blog/wp-comments-post.php HTTP/1.0" 302 - "http://isabellascookies.com/blog/?p=4#comment-1389032" "Mozilla/5.0 (Windows NT 10.0; Win64; x64) AppleWebKit/537.36 (KHTML, like Gecko) Chrome/131.0.0.0 Safari/537.36"
91.211.90.117 - - [25/May/2026:14:51:45 -0400] "GET /blog/?p=4 HTTP/1.0" 200 33706 "http://isabellascookies.com/blog/?p=4#comment-1373451" "Mozilla/5.0 (Windows NT 6.1; Win64; x64) AppleWebKit/537.36 (KHTML, like Gecko) Chrome/103.0.5060.114 Safari/537.36"
185.92.139.178 - - [25/May/2026:14:51:46 -0400] "GET /blog/?p=4 HTTP/1.0" 200 33803 "http://isabellascookies.com/blog/?p=4#comment-1399104" "Mozilla/5.0 (Windows NT 10.0; Win64; x64) AppleWebKit/537.36 (KHTML, like Gecko) Chrome/131.0.0.0 Safari/537.36"
91.211.90.117 - - [25/May/2026:14:51:46 -0400] "POST /blog/wp-comments-post.php HTTP/1.0" 500 2953 "http://isabellascookies.com/blog/?p=4#comment-1373451" "Mozilla/5.0 (Windows NT 6.1; Win64; x64) AppleWebKit/537.36 (KHTML, like Gecko) Chrome/103.0.5060.114 Safari/537.36"
91.211.90.117 - - [25/May/2026:14:51:47 -0400] "GET /customer/account/login/ HTTP/1.0" 302 - "http://isabellascookies.com/customer/account/login/" "Mozilla/5.0 (Windows NT 6.1; Win64; x64) AppleWebKit/537.36 (KHTML, like Gecko) Chrome/103.0.5060.114 Safari/537.36"
91.211.90.225 - - [25/May/2026:14:52:22 -0400] "GET /blog/?p=4 HTTP/1.0" 200 33706 "http://isabellascookies.com/blog/?p=4#comment-1373451" "Mozilla/5.0 (Windows NT 10.0; Win64; x64) AppleWebKit/537.36 (KHTML, like Gecko) Chrome/103.0.5060.53 Safari/537.36"
91.211.90.225 - - [25/May/2026:14:52:22 -0400] "POST /blog/wp-comments-post.php HTTP/1.0" 500 2953 "http://isabellascookies.com/blog/?p=4#comment-1373451" "Mozilla/5.0 (Windows NT 10.0; Win64; x64) AppleWebKit/537.36 (KHTML, like Gecko) Chrome/103.0.5060.53 Safari/537.36"
91.211.90.225 - - [25/May/2026:14:52:23 -0400] "GET /customer/account/login/ HTTP/1.0" 302 - "http://isabellascookies.com/customer/account/login/" "Mozilla/5.0 (Windows NT 10.0; Win64; x64) AppleWebKit/537.36 (KHTML, like Gecko) Chrome/103.0.5060.53 Safari/537.36"
51.15.215.40 - - [25/May/2026:14:53:16 -0400] "GET /media/catalog/product/cache/1/image/9df78eab33525d08d6e5fb8d27136e95/v/-/v-chip_vector_.jpg HTTP/1.1" 404 40689 "-" "Mozilla/5.0 (X11; Ubuntu; Linux x86_64; rv:72.0) Gecko/20100101 Firefox/72.0"
91.211.90.99 - - [25/May/2026:14:55:14 -0400] "GET /blog/?p=4 HTTP/1.0" 200 33706 "http://isabellascookies.com/blog/?p=4#comment-1373451" "Mozilla/5.0 (Windows NT 6.1; Win64; x64) AppleWebKit/537.36 (KHTML, like Gecko) Chrome/103.0.5060.114 Safari/537.36"
91.211.90.99 - - [25/May/2026:14:55:14 -0400] "GET /blog/?p=4 HTTP/1.0" 200 33706 "http://isabellascookies.com/blog/?p=4#comment-1373451" "Mozilla/5.0 (Windows NT 6.3; Win64; x64) AppleWebKit/537.36 (KHTML, like Gecko) Chrome/103.0.5060.53 Safari/537.36"
91.211.90.99 - - [25/May/2026:14:55:15 -0400] "POST /blog/wp-comments-post.php HTTP/1.0" 500 2953 "http://isabellascookies.com/blog/?p=4#comment-1373451" "Mozilla/5.0 (Windows NT 6.1; Win64; x64) AppleWebKit/537.36 (KHTML, like Gecko) Chrome/103.0.5060.114 Safari/537.36"
91.211.90.99 - - [25/May/2026:14:55:15 -0400] "POST /blog/wp-comments-post.php HTTP/1.0" 500 2953 "http://isabellascookies.com/blog/?p=4#comment-1373451" "Mozilla/5.0 (Windows NT 6.3; Win64; x64) AppleWebKit/537.36 (KHTML, like Gecko) Chrome/103.0.5060.53 Safari/537.36"
91.211.90.99 - - [25/May/2026:14:55:15 -0400] "GET /customer/account/login/ HTTP/1.0" 302 - "http://isabellascookies.com/customer/account/login/" "Mozilla/5.0 (Windows NT 6.1; Win64; x64) AppleWebKit/537.36 (KHTML, like Gecko) Chrome/103.0.5060.114 Safari/537.36"
91.211.90.99 - - [25/May/2026:14:55:15 -0400] "GET /customer/account/login/ HTTP/1.0" 302 - "http://isabellascookies.com/customer/account/login/" "Mozilla/5.0 (Windows NT 6.3; Win64; x64) AppleWebKit/537.36 (KHTML, like Gecko) Chrome/103.0.5060.53 Safari/537.36"
95.143.190.169 - - [25/May/2026:14:55:45 -0400] "GET /blog/?p=4 HTTP/1.0" 200 33706 "http://isabellascookies.com/blog/?p=4#comment-1389750" "Mozilla/5.0 (Windows NT 10.0; Win64; x64) AppleWebKit/537.36 (KHTML, like Gecko) Chrome/129.0.0.0 Safari/537.36"
217.147.172.82 - - [25/May/2026:14:55:45 -0400] "GET /blog/?p=4 HTTP/1.0" 200 33706 "http://isabellascookies.com/blog/?p=4#comment-1373451" "Mozilla/5.0 (Windows NT 6.3; Win64; x64) AppleWebKit/537.36 (KHTML, like Gecko) Chrome/103.0.5060.66 Safari/537.36"
95.143.190.169 - - [25/May/2026:14:55:45 -0400] "POST /blog/wp-comments-post.php HTTP/1.0" 302 - "http://isabellascookies.com/blog/?p=4#comment-1389750" "Mozilla/5.0 (Windows NT 10.0; Win64; x64) AppleWebKit/537.36 (KHTML, like Gecko) Chrome/129.0.0.0 Safari/537.36"
95.143.190.169 - - [25/May/2026:14:55:46 -0400] "GET /blog/?p=4 HTTP/1.0" 200 33757 "http://isabellascookies.com/blog/?p=4#comment-1399105" "Mozilla/5.0 (Windows NT 10.0; Win64; x64) AppleWebKit/537.36 (KHTML, like Gecko) Chrome/129.0.0.0 Safari/537.36"
217.147.172.82 - - [25/May/2026:14:55:46 -0400] "GET /blog/?p=4 HTTP/1.0" 200 33706 "http://isabellascookies.com/blog/?p=4#comment-1373451" "Mozilla/5.0 (Windows NT 6.3; Win64; x64) AppleWebKit/537.36 (KHTML, like Gecko) Chrome/103.0.5060.114 Safari/537.36"
217.147.172.82 - - [25/May/2026:14:55:46 -0400] "POST /blog/wp-comments-post.php HTTP/1.0" 500 2953 "http://isabellascookies.com/blog/?p=4#comment-1373451" "Mozilla/5.0 (Windows NT 6.3; Win64; x64) AppleWebKit/537.36 (KHTML, like Gecko) Chrome/103.0.5060.66 Safari/537.36"
217.147.172.82 - - [25/May/2026:14:55:46 -0400] "GET /customer/account/login/ HTTP/1.0" 302 - "http://isabellascookies.com/customer/account/login/" "Mozilla/5.0 (Windows NT 6.3; Win64; x64) AppleWebKit/537.36 (KHTML, like Gecko) Chrome/103.0.5060.66 Safari/537.36"
95.143.190.169 - - [25/May/2026:14:55:47 -0400] "GET /blog/?p=4 HTTP/1.0" 200 33757 "http://isabellascookies.com/blog/?p=4#comment-1399105" "Mozilla/5.0 (Windows NT 10.0; Win64; x64) AppleWebKit/537.36 (KHTML, like Gecko) Chrome/129.0.0.0 Safari/537.36"
217.147.172.82 - - [25/May/2026:14:55:47 -0400] "POST /blog/wp-comments-post.php HTTP/1.0" 500 2953 "http://isabellascookies.com/blog/?p=4#comment-1373451" "Mozilla/5.0 (Windows NT 6.3; Win64; x64) AppleWebKit/537.36 (KHTML, like Gecko) Chrome/103.0.5060.114 Safari/537.36"
95.143.190.169 - - [25/May/2026:14:55:47 -0400] "GET /blog/ HTTP/1.0" 200 29843 "http://isabellascookies.com/blog/" "Mozilla/5.0 (Windows NT 10.0; Win64; x64) AppleWebKit/537.36 (KHTML, like Gecko) Chrome/129.0.0.0 Safari/537.36"
217.147.172.82 - - [25/May/2026:14:55:47 -0400] "GET /customer/account/login/ HTTP/1.0" 302 - "http://isabellascookies.com/customer/account/login/" "Mozilla/5.0 (Windows NT 6.3; Win64; x64) AppleWebKit/537.36 (KHTML, like Gecko) Chrome/103.0.5060.114 Safari/537.36"
95.143.190.169 - - [25/May/2026:14:55:48 -0400] "GET /blog/?p=4 HTTP/1.0" 200 33757 "http://isabellascookies.com/blog/?p=4" "Mozilla/5.0 (Windows NT 10.0; Win64; x64) AppleWebKit/537.36 (KHTML, like Gecko) Chrome/129.0.0.0 Safari/537.36"
185.237.106.205 - - [25/May/2026:14:57:35 -0400] "GET /blog/?p=4 HTTP/1.0" 200 33706 "http://isabellascookies.com/blog/?p=4#comment-1373451" "Mozilla/5.0 (Windows NT 6.3) AppleWebKit/537.36 (KHTML, like Gecko) Chrome/103.0.0.0 Safari/537.36"
185.237.106.205 - - [25/May/2026:14:57:36 -0400] "POST /blog/wp-comments-post.php HTTP/1.0" 500 2953 "http://isabellascookies.com/blog/?p=4#comment-1373451" "Mozilla/5.0 (Windows NT 6.3) AppleWebKit/537.36 (KHTML, like Gecko) Chrome/103.0.0.0 Safari/537.36"
185.237.106.205 - - [25/May/2026:14:57:36 -0400] "GET /blog/?p=4 HTTP/1.0" 200 33706 "http://isabellascookies.com/blog/?p=4#comment-1373451" "Mozilla/5.0 (Windows NT 6.3; Win64; x64) AppleWebKit/537.36 (KHTML, like Gecko) Chrome/103.0.0.0 Safari/537.36"
185.237.106.205 - - [25/May/2026:14:57:36 -0400] "GET /customer/account/login/ HTTP/1.0" 302 - "http://isabellascookies.com/customer/account/login/" "Mozilla/5.0 (Windows NT 6.3) AppleWebKit/537.36 (KHTML, like Gecko) Chrome/103.0.0.0 Safari/537.36"
185.237.106.205 - - [25/May/2026:14:57:37 -0400] "POST /blog/wp-comments-post.php HTTP/1.0" 500 2953 "http://isabellascookies.com/blog/?p=4#comment-1373451" "Mozilla/5.0 (Windows NT 6.3; Win64; x64) AppleWebKit/537.36 (KHTML, like Gecko) Chrome/103.0.0.0 Safari/537.36"
185.237.106.205 - - [25/May/2026:14:57:37 -0400] "GET /customer/account/login/ HTTP/1.0" 302 - "http://isabellascookies.com/customer/account/login/" "Mozilla/5.0 (Windows NT 6.3; Win64; x64) AppleWebKit/537.36 (KHTML, like Gecko) Chrome/103.0.0.0 Safari/537.36"
2.59.221.46 - - [25/May/2026:15:00:01 -0400] "GET /blog/?p=4 HTTP/1.0" 200 33706 "http://isabellascookies.com/blog/?p=4#comment-1373451" "Mozilla/5.0 (Windows NT 10.0; Win64; x64) AppleWebKit/537.36 (KHTML, like Gecko) Chrome/103.0.5060.53 Safari/537.36"
2.59.221.46 - - [25/May/2026:15:00:01 -0400] "POST /blog/wp-comments-post.php HTTP/1.0" 500 2953 "http://isabellascookies.com/blog/?p=4#comment-1373451" "Mozilla/5.0 (Windows NT 10.0; Win64; x64) AppleWebKit/537.36 (KHTML, like Gecko) Chrome/103.0.5060.53 Safari/537.36"
2.59.221.46 - - [25/May/2026:15:00:01 -0400] "GET /blog/?p=4 HTTP/1.0" 200 33706 "http://isabellascookies.com/blog/?p=4#comment-1373451" "Mozilla/5.0 (Windows NT 6.3) AppleWebKit/537.36 (KHTML, like Gecko) Chrome/103.0.0.0 Safari/537.36"
2.59.221.46 - - [25/May/2026:15:00:01 -0400] "GET /customer/account/login/ HTTP/1.0" 302 - "http://isabellascookies.com/customer/account/login/" "Mozilla/5.0 (Windows NT 10.0; Win64; x64) AppleWebKit/537.36 (KHTML, like Gecko) Chrome/103.0.5060.53 Safari/537.36"
2.59.221.46 - - [25/May/2026:15:00:02 -0400] "POST /blog/wp-comments-post.php HTTP/1.0" 500 2953 "http://isabellascookies.com/blog/?p=4#comment-1373451" "Mozilla/5.0 (Windows NT 6.3) AppleWebKit/537.36 (KHTML, like Gecko) Chrome/103.0.0.0 Safari/537.36"
2.59.221.46 - - [25/May/2026:15:00:02 -0400] "GET /customer/account/login/ HTTP/1.0" 302 - "http://isabellascookies.com/customer/account/login/" "Mozilla/5.0 (Windows NT 6.3) AppleWebKit/537.36 (KHTML, like Gecko) Chrome/103.0.0.0 Safari/537.36"
91.211.90.233 - - [25/May/2026:15:00:21 -0400] "GET /blog/?p=4 HTTP/1.0" 200 33706 "http://isabellascookies.com/blog/?p=4#comment-1373451" "Mozilla/5.0 (Windows NT 10.0; Win64; x64) AppleWebKit/537.36 (KHTML, like Gecko) Chrome/103.0.5042.0 Safari/537.36"
91.211.90.233 - - [25/May/2026:15:00:21 -0400] "GET /blog/?p=4 HTTP/1.0" 200 33706 "http://isabellascookies.com/blog/?p=4#comment-1373451" "Mozilla/5.0 (Windows NT 10.0; Win64; x64) AppleWebKit/537.36 (KHTML, like Gecko) Chrome/103.0.5060.53 Safari/537.36"
91.211.90.169 - - [25/May/2026:15:00:21 -0400] "GET /blog/?p=4 HTTP/1.0" 200 33706 "http://isabellascookies.com/blog/?p=4#comment-1373451" "Mozilla/5.0 (Windows NT 6.2; Win64; x64) AppleWebKit/537.36 (KHTML, like Gecko) Chrome/103.0.0.0 Safari/537.36"
91.211.90.233 - - [25/May/2026:15:00:21 -0400] "POST /blog/wp-comments-post.php HTTP/1.0" 500 2953 "http://isabellascookies.com/blog/?p=4#comment-1373451" "Mozilla/5.0 (Windows NT 10.0; Win64; x64) AppleWebKit/537.36 (KHTML, like Gecko) Chrome/103.0.5042.0 Safari/537.36"
91.211.90.169 - - [25/May/2026:15:00:21 -0400] "GET /blog/?p=4 HTTP/1.0" 200 33706 "http://isabellascookies.com/blog/?p=4#comment-1373451" "Mozilla/5.0 (Windows NT 10.0; Win64; x64) AppleWebKit/537.36 (KHTML, like Gecko) Chrome/103.0.5060.66 Safari/537.36"
91.211.90.233 - - [25/May/2026:15:00:22 -0400] "POST /blog/wp-comments-post.php HTTP/1.0" 500 2953 "http://isabellascookies.com/blog/?p=4#comment-1373451" "Mozilla/5.0 (Windows NT 10.0; Win64; x64) AppleWebKit/537.36 (KHTML, like Gecko) Chrome/103.0.5060.53 Safari/537.36"
91.211.90.169 - - [25/May/2026:15:00:22 -0400] "POST /blog/wp-comments-post.php HTTP/1.0" 500 2953 "http://isabellascookies.com/blog/?p=4#comment-1373451" "Mozilla/5.0 (Windows NT 6.2; Win64; x64) AppleWebKit/537.36 (KHTML, like Gecko) Chrome/103.0.0.0 Safari/537.36"
91.211.90.233 - - [25/May/2026:15:00:22 -0400] "GET /customer/account/login/ HTTP/1.0" 302 - "http://isabellascookies.com/customer/account/login/" "Mozilla/5.0 (Windows NT 10.0; Win64; x64) AppleWebKit/537.36 (KHTML, like Gecko) Chrome/103.0.5042.0 Safari/537.36"
91.211.90.169 - - [25/May/2026:15:00:22 -0400] "POST /blog/wp-comments-post.php HTTP/1.0" 500 2953 "http://isabellascookies.com/blog/?p=4#comment-1373451" "Mozilla/5.0 (Windows NT 10.0; Win64; x64) AppleWebKit/537.36 (KHTML, like Gecko) Chrome/103.0.5060.66 Safari/537.36"
91.211.90.233 - - [25/May/2026:15:00:22 -0400] "GET /customer/account/login/ HTTP/1.0" 302 - "http://isabellascookies.com/customer/account/login/" "Mozilla/5.0 (Windows NT 10.0; Win64; x64) AppleWebKit/537.36 (KHTML, like Gecko) Chrome/103.0.5060.53 Safari/537.36"
91.211.90.169 - - [25/May/2026:15:00:22 -0400] "GET /customer/account/login/ HTTP/1.0" 302 - "http://isabellascookies.com/customer/account/login/" "Mozilla/5.0 (Windows NT 6.2; Win64; x64) AppleWebKit/537.36 (KHTML, like Gecko) Chrome/103.0.0.0 Safari/537.36"
91.211.90.169 - - [25/May/2026:15:00:22 -0400] "GET /customer/account/login/ HTTP/1.0" 302 - "http://isabellascookies.com/customer/account/login/" "Mozilla/5.0 (Windows NT 10.0; Win64; x64) AppleWebKit/537.36 (KHTML, like Gecko) Chrome/103.0.5060.66 Safari/537.36"
189.1.235.46 - - [25/May/2026:15:03:23 -0400] "GET /ip HTTP/1.1" 404 40689 "-" "Mozilla/5.0 (Macintosh; Intel Mac OS X 10_15_7) AppleWebKit/537.36 (KHTML, like Gecko) Chrome/114.0.0.0 Safari/537.36"
46.250.172.161 - - [25/May/2026:15:03:23 -0400] "GET /ip HTTP/1.1" 404 40689 "-" "Mozilla/5.0 (Macintosh; Intel Mac OS X 10_15_7) AppleWebKit/537.36 (KHTML, like Gecko) Chrome/114.0.0.0 Safari/537.36"
124.243.191.29 - - [25/May/2026:15:03:23 -0400] "GET /ip HTTP/1.1" 404 40689 "-" "Mozilla/5.0 (Macintosh; Intel Mac OS X 10_15_7) AppleWebKit/537.36 (KHTML, like Gecko) Chrome/114.0.0.0 Safari/537.36"
185.237.106.243 - - [25/May/2026:15:03:52 -0400] "GET /blog/?p=4 HTTP/1.0" 200 33706 "http://isabellascookies.com/blog/?p=4#comment-1373451" "Mozilla/5.0 (Windows NT 6.3; Win64; x64) AppleWebKit/537.36 (KHTML, like Gecko) Chrome/103.0.5060.66 Safari/537.36"
185.237.106.243 - - [25/May/2026:15:03:52 -0400] "GET /blog/?p=4 HTTP/1.0" 200 33706 "http://isabellascookies.com/blog/?p=4#comment-1373451" "Mozilla/5.0 (Windows NT 10.0; Win64; x64) AppleWebKit/537.36 (KHTML, like Gecko) Chrome/103.0.5060.53 Safari/537.36"
185.237.106.243 - - [25/May/2026:15:03:52 -0400] "POST /blog/wp-comments-post.php HTTP/1.0" 500 2953 "http://isabellascookies.com/blog/?p=4#comment-1373451" "Mozilla/5.0 (Windows NT 6.3; Win64; x64) AppleWebKit/537.36 (KHTML, like Gecko) Chrome/103.0.5060.66 Safari/537.36"
185.237.106.243 - - [25/May/2026:15:03:52 -0400] "POST /blog/wp-comments-post.php HTTP/1.0" 500 2953 "http://isabellascookies.com/blog/?p=4#comment-1373451" "Mozilla/5.0 (Windows NT 10.0; Win64; x64) AppleWebKit/537.36 (KHTML, like Gecko) Chrome/103.0.5060.53 Safari/537.36"
185.237.106.243 - - [25/May/2026:15:03:53 -0400] "GET /customer/account/login/ HTTP/1.0" 302 - "http://isabellascookies.com/customer/account/login/" "Mozilla/5.0 (Windows NT 10.0; Win64; x64) AppleWebKit/537.36 (KHTML, like Gecko) Chrome/103.0.5060.53 Safari/537.36"
185.237.106.243 - - [25/May/2026:15:03:53 -0400] "GET /customer/account/login/ HTTP/1.0" 302 - "http://isabellascookies.com/customer/account/login/" "Mozilla/5.0 (Windows NT 6.3; Win64; x64) AppleWebKit/537.36 (KHTML, like Gecko) Chrome/103.0.5060.66 Safari/537.36"
185.237.106.216 - - [25/May/2026:15:03:55 -0400] "GET /blog/?p=4 HTTP/1.0" 200 33706 "http://isabellascookies.com/blog/?p=4#comment-1373451" "Mozilla/5.0 (Windows NT 6.3; Win64; x64) AppleWebKit/537.36 (KHTML, like Gecko) Chrome/103.0.5060.53 Safari/537.36"
185.237.106.216 - - [25/May/2026:15:03:55 -0400] "GET /blog/?p=4 HTTP/1.0" 200 33706 "http://isabellascookies.com/blog/?p=4#comment-1373451" "Mozilla/5.0 (Windows NT 10.0; Win64; x64) AppleWebKit/537.36 (KHTML, like Gecko) Chrome/103.0.5060.53 Safari/537.36"
185.237.106.216 - - [25/May/2026:15:03:55 -0400] "POST /blog/wp-comments-post.php HTTP/1.0" 500 2953 "http://isabellascookies.com/blog/?p=4#comment-1373451" "Mozilla/5.0 (Windows NT 6.3; Win64; x64) AppleWebKit/537.36 (KHTML, like Gecko) Chrome/103.0.5060.53 Safari/537.36"
185.237.106.216 - - [25/May/2026:15:03:55 -0400] "POST /blog/wp-comments-post.php HTTP/1.0" 500 2953 "http://isabellascookies.com/blog/?p=4#comment-1373451" "Mozilla/5.0 (Windows NT 10.0; Win64; x64) AppleWebKit/537.36 (KHTML, like Gecko) Chrome/103.0.5060.53 Safari/537.36"
185.237.106.216 - - [25/May/2026:15:03:55 -0400] "GET /customer/account/login/ HTTP/1.0" 302 - "http://isabellascookies.com/customer/account/login/" "Mozilla/5.0 (Windows NT 6.3; Win64; x64) AppleWebKit/537.36 (KHTML, like Gecko) Chrome/103.0.5060.53 Safari/537.36"
185.237.106.216 - - [25/May/2026:15:03:55 -0400] "GET /customer/account/login/ HTTP/1.0" 302 - "http://isabellascookies.com/customer/account/login/" "Mozilla/5.0 (Windows NT 10.0; Win64; x64) AppleWebKit/537.36 (KHTML, like Gecko) Chrome/103.0.5060.53 Safari/537.36"
185.237.106.202 - - [25/May/2026:15:05:22 -0400] "GET /blog/?p=4 HTTP/1.0" 200 33706 "http://isabellascookies.com/blog/?p=4#comment-1373451" "Mozilla/5.0 (Windows NT 10.0; WOW64) AppleWebKit/537.36 (KHTML, like Gecko) Chrome/103.0.5060.114 Safari/537.36"
185.237.106.202 - - [25/May/2026:15:05:23 -0400] "POST /blog/wp-comments-post.php HTTP/1.0" 500 2953 "http://isabellascookies.com/blog/?p=4#comment-1373451" "Mozilla/5.0 (Windows NT 10.0; WOW64) AppleWebKit/537.36 (KHTML, like Gecko) Chrome/103.0.5060.114 Safari/537.36"
185.237.106.202 - - [25/May/2026:15:05:23 -0400] "GET /customer/account/login/ HTTP/1.0" 302 - "http://isabellascookies.com/customer/account/login/" "Mozilla/5.0 (Windows NT 10.0; WOW64) AppleWebKit/537.36 (KHTML, like Gecko) Chrome/103.0.5060.114 Safari/537.36"
217.147.172.96 - - [25/May/2026:15:05:41 -0400] "GET /blog/?p=4 HTTP/1.0" 200 33706 "http://isabellascookies.com/blog/?p=4#comment-1373451" "Mozilla/5.0 (Windows NT 6.1) AppleWebKit/537.36 (KHTML, like Gecko) Chrome/103.0.0.0 Safari/537.36"
217.147.172.96 - - [25/May/2026:15:05:41 -0400] "GET /blog/?p=4 HTTP/1.0" 200 33706 "http://isabellascookies.com/blog/?p=4#comment-1373451" "Mozilla/5.0 (Windows NT 6.1) AppleWebKit/537.36 (KHTML, like Gecko) Chrome/103.0.0.0 Safari/537.36"
217.147.172.96 - - [25/May/2026:15:05:41 -0400] "POST /blog/wp-comments-post.php HTTP/1.0" 500 2953 "http://isabellascookies.com/blog/?p=4#comment-1373451" "Mozilla/5.0 (Windows NT 6.1) AppleWebKit/537.36 (KHTML, like Gecko) Chrome/103.0.0.0 Safari/537.36"
217.147.172.96 - - [25/May/2026:15:05:42 -0400] "POST /blog/wp-comments-post.php HTTP/1.0" 500 2953 "http://isabellascookies.com/blog/?p=4#comment-1373451" "Mozilla/5.0 (Windows NT 6.1) AppleWebKit/537.36 (KHTML, like Gecko) Chrome/103.0.0.0 Safari/537.36"
217.147.172.96 - - [25/May/2026:15:05:42 -0400] "GET /customer/account/login/ HTTP/1.0" 302 - "http://isabellascookies.com/customer/account/login/" "Mozilla/5.0 (Windows NT 6.1) AppleWebKit/537.36 (KHTML, like Gecko) Chrome/103.0.0.0 Safari/537.36"
217.147.172.96 - - [25/May/2026:15:05:42 -0400] "GET /customer/account/login/ HTTP/1.0" 302 - "http://isabellascookies.com/customer/account/login/" "Mozilla/5.0 (Windows NT 6.1) AppleWebKit/537.36 (KHTML, like Gecko) Chrome/103.0.0.0 Safari/537.36"
216.244.66.249 - - [25/May/2026:15:06:28 -0400] "GET /robots.txt HTTP/1.1" 200 67 "-" "Mozilla/5.0 (compatible; DotBot/1.2; +https://opensiteexplorer.org/dotbot; help@moz.com)"
189.104.218.41 - - [25/May/2026:15:08:26 -0400] "GET /press/wp-content/uploads/2013/11/Her-Campus1-150x150.jpg HTTP/1.1" 200 7400 "-" "Mozilla/5.0 (compatible; crawler)"
54.222.220.147 - - [25/May/2026:15:08:37 -0400] "GET /press/toofab/ HTTP/1.1" 200 6740 "-" "Mozilla/5.0 (Linux; Android 8.0; Pixel 2 Build/OPD3.170816.012) AppleWebKit/537.36 (KHTML, like Gecko) Chrome/58.0.2318.1950 Mobile Safari/537.36"
54.222.220.147 - - [25/May/2026:15:08:38 -0400] "GET /js/prototype/prototype.js HTTP/1.1" 200 37405 "http://isabellascookies.com/press/toofab/" "Mozilla/5.0 (Linux; Android 8.0; Pixel 2 Build/OPD3.170816.012) AppleWebKit/537.36 (KHTML, like Gecko) Chrome/58.0.2318.1950 Mobile Safari/537.36"
52.81.9.175 - - [25/May/2026:15:08:38 -0400] "GET /js/prototype/validation.js HTTP/1.1" 200 8479 "http://isabellascookies.com/press/toofab/" "Mozilla/5.0 (Linux; Android 8.0; Pixel 2 Build/OPD3.170816.012) AppleWebKit/537.36 (KHTML, like Gecko) Chrome/58.0.2318.1950 Mobile Safari/537.36"
54.223.58.246 - - [25/May/2026:15:08:38 -0400] "GET /js/scriptaculous/builder.js HTTP/1.1" 200 1842 "http://isabellascookies.com/press/toofab/" "Mozilla/5.0 (Linux; Android 8.0; Pixel 2 Build/OPD3.170816.012) AppleWebKit/537.36 (KHTML, like Gecko) Chrome/58.0.2318.1950 Mobile Safari/537.36"
54.223.199.238 - - [25/May/2026:15:08:38 -0400] "GET /js/scriptaculous/dragdrop.js HTTP/1.1" 200 7601 "http://isabellascookies.com/press/toofab/" "Mozilla/5.0 (Linux; Android 8.0; Pixel 2 Build/OPD3.170816.012) AppleWebKit/537.36 (KHTML, like Gecko) Chrome/58.0.2318.1950 Mobile Safari/537.36"
54.223.103.149 - - [25/May/2026:15:08:38 -0400] "GET /js/scriptaculous/controls.js HTTP/1.1" 200 9049 "http://isabellascookies.com/press/toofab/" "Mozilla/5.0 (Linux; Android 8.0; Pixel 2 Build/OPD3.170816.012) AppleWebKit/537.36 (KHTML, like Gecko) Chrome/58.0.2318.1950 Mobile Safari/537.36"
54.223.103.149 - - [25/May/2026:15:08:38 -0400] "GET /js/mage/cookies.js HTTP/1.1" 200 1055 "http://isabellascookies.com/press/toofab/" "Mozilla/5.0 (Linux; Android 8.0; Pixel 2 Build/OPD3.170816.012) AppleWebKit/537.36 (KHTML, like Gecko) Chrome/58.0.2318.1950 Mobile Safari/537.36"
54.223.58.246 - - [25/May/2026:15:08:38 -0400] "GET /press/wp-content/plugins/juiz-social-post-sharer/css/juiz-social-post-sharer-1.min.css?ver=1.3.2 HTTP/1.1" 200 1197 "http://isabellascookies.com/press/toofab/" "Mozilla/5.0 (Linux; Android 8.0; Pixel 2 Build/OPD3.170816.012) AppleWebKit/537.36 (KHTML, like Gecko) Chrome/58.0.2318.1950 Mobile Safari/537.36"
54.223.199.238 - - [25/May/2026:15:08:38 -0400] "GET /js/calendar/calendar.js HTTP/1.1" 200 14342 "http://isabellascookies.com/press/toofab/" "Mozilla/5.0 (Linux; Android 8.0; Pixel 2 Build/OPD3.170816.012) AppleWebKit/537.36 (KHTML, like Gecko) Chrome/58.0.2318.1950 Mobile Safari/537.36"
52.81.9.175 - - [25/May/2026:15:08:38 -0400] "GET /js/calendar/calendar-setup.js HTTP/1.1" 200 1720 "http://isabellascookies.com/press/toofab/" "Mozilla/5.0 (Linux; Android 8.0; Pixel 2 Build/OPD3.170816.012) AppleWebKit/537.36 (KHTML, like Gecko) Chrome/58.0.2318.1950 Mobile Safari/537.36"
54.223.103.149 - - [25/May/2026:15:08:38 -0400] "GET /skin/frontend/default/drjacob/js/jquery-1.6.3.min.js HTTP/1.1" 200 32049 "http://isabellascookies.com/press/toofab/" "Mozilla/5.0 (Linux; Android 8.0; Pixel 2 Build/OPD3.170816.012) AppleWebKit/537.36 (KHTML, like Gecko) Chrome/58.0.2318.1950 Mobile Safari/537.36"
54.223.103.149 - - [25/May/2026:15:08:38 -0400] "GET /skin/frontend/default/drjacob/js/jquery-ui.js HTTP/1.1" 200 46298 "http://isabellascookies.com/press/toofab/" "Mozilla/5.0 (Linux; Android 8.0; Pixel 2 Build/OPD3.170816.012) AppleWebKit/537.36 (KHTML, like Gecko) Chrome/58.0.2318.1950 Mobile Safari/537.36"
54.223.58.246 - - [25/May/2026:15:08:38 -0400] "GET /press/wp-includes/js/jquery/jquery.js?ver=1.7.1 HTTP/1.1" 200 33146 "http://isabellascookies.com/press/toofab/" "Mozilla/5.0 (Linux; Android 8.0; Pixel 2 Build/OPD3.170816.012) AppleWebKit/537.36 (KHTML, like Gecko) Chrome/58.0.2318.1950 Mobile Safari/537.36"
54.222.220.147 - - [25/May/2026:15:08:38 -0400] "GET /press/wp-content/themes/mygrid2/js/superfish.js?ver=3.3.1 HTTP/1.1" 200 1564 "http://isabellascookies.com/press/toofab/" "Mozilla/5.0 (Linux; Android 8.0; Pixel 2 Build/OPD3.170816.012) AppleWebKit/537.36 (KHTML, like Gecko) Chrome/58.0.2318.1950 Mobile Safari/537.36"
52.81.9.175 - - [25/May/2026:15:08:39 -0400] "GET /press/wp-includes/js/comment-reply.js?ver=20090102 HTTP/1.1" 200 412 "http://isabellascookies.com/press/toofab/" "Mozilla/5.0 (Linux; Android 8.0; Pixel 2 Build/OPD3.170816.012) AppleWebKit/537.36 (KHTML, like Gecko) Chrome/58.0.2318.1950 Mobile Safari/537.36"
52.81.9.175 - - [25/May/2026:15:08:39 -0400] "GET /press/wp-content/plugins/magento-wordpress-integration/js/mwi_scripts.js?ver=3.3.1 HTTP/1.1" 200 118 "http://isabellascookies.com/press/toofab/" "Mozilla/5.0 (Linux; Android 8.0; Pixel 2 Build/OPD3.170816.012) AppleWebKit/537.36 (KHTML, like Gecko) Chrome/58.0.2318.1950 Mobile Safari/537.36"
54.223.58.246 - - [25/May/2026:15:08:39 -0400] "GET /skin/frontend/default/drjacob/images/YELP_header.png HTTP/1.1" 206 500 "http://isabellascookies.com/press/toofab/" "Mozilla/5.0 (Linux; Android 8.0; Pixel 2 Build/OPD3.170816.012) AppleWebKit/537.36 (KHTML, like Gecko) Chrome/58.0.2318.1950 Mobile Safari/537.36"
54.223.103.149 - - [25/May/2026:15:08:39 -0400] "GET /media/menu_cookie_b.png HTTP/1.1" 206 500 "http://isabellascookies.com/press/toofab/" "Mozilla/5.0 (Linux; Android 8.0; Pixel 2 Build/OPD3.170816.012) AppleWebKit/537.36 (KHTML, like Gecko) Chrome/58.0.2318.1950 Mobile Safari/537.36"
54.223.103.149 - - [25/May/2026:15:08:39 -0400] "GET /media/menu_gifts.png HTTP/1.1" 206 500 "http://isabellascookies.com/press/toofab/" "Mozilla/5.0 (Linux; Android 8.0; Pixel 2 Build/OPD3.170816.012) AppleWebKit/537.36 (KHTML, like Gecko) Chrome/58.0.2318.1950 Mobile Safari/537.36"
54.222.220.147 - - [25/May/2026:15:08:39 -0400] "GET /media/menu_vegan_b.png HTTP/1.1" 206 500 "http://isabellascookies.com/press/toofab/" "Mozilla/5.0 (Linux; Android 8.0; Pixel 2 Build/OPD3.170816.012) AppleWebKit/537.36 (KHTML, like Gecko) Chrome/58.0.2318.1950 Mobile Safari/537.36"
52.81.9.175 - - [25/May/2026:15:08:40 -0400] "GET /press/wp-content/uploads/2013/11/TooFab-718x1024.jpg HTTP/1.1" 206 500 "http://isabellascookies.com/press/toofab/" "Mozilla/5.0 (Linux; Android 8.0; Pixel 2 Build/OPD3.170816.012) AppleWebKit/537.36 (KHTML, like Gecko) Chrome/58.0.2318.1950 Mobile Safari/537.36"
54.223.199.238 - - [25/May/2026:15:08:40 -0400] "GET /skin/frontend/default/drjacob/images/icon_pin_footer.png HTTP/1.1" 206 500 "http://isabellascookies.com/press/toofab/" "Mozilla/5.0 (Linux; Android 8.0; Pixel 2 Build/OPD3.170816.012) AppleWebKit/537.36 (KHTML, like Gecko) Chrome/58.0.2318.1950 Mobile Safari/537.36"
54.223.58.246 - - [25/May/2026:15:08:40 -0400] "GET /skin/frontend/default/drjacob/images/icon_gmas_footer.png HTTP/1.1" 206 500 "http://isabellascookies.com/press/toofab/" "Mozilla/5.0 (Linux; Android 8.0; Pixel 2 Build/OPD3.170816.012) AppleWebKit/537.36 (KHTML, like Gecko) Chrome/58.0.2318.1950 Mobile Safari/537.36"
54.223.103.149 - - [25/May/2026:15:08:40 -0400] "GET /skin/frontend/default/drjacob/images/search_bg.png HTTP/1.1" 206 377 "http://isabellascookies.com/skin/frontend/default/drjacob/css/all.css" "Mozilla/5.0 (Linux; Android 8.0; Pixel 2 Build/OPD3.170816.012) AppleWebKit/537.36 (KHTML, like Gecko) Chrome/58.0.2318.1950 Mobile Safari/537.36"
54.223.103.149 - - [25/May/2026:15:08:40 -0400] "GET /press/wp-content/plugins/juiz-social-post-sharer/img/sps_sprites.png HTTP/1.1" 206 500 "http://isabellascookies.com/press/wp-content/plugins/juiz-social-post-sharer/css/juiz-social-post-sharer-1.min.css?ver=1.3.2" "Mozilla/5.0 (Linux; Android 8.0; Pixel 2 Build/OPD3.170816.012) AppleWebKit/537.36 (KHTML, like Gecko) Chrome/58.0.2318.1950 Mobile Safari/537.36"
54.222.220.147 - - [25/May/2026:15:08:40 -0400] "GET /press/wp-content/themes/mygrid2/images/line-h.png HTTP/1.1" 206 115 "http://isabellascookies.com/press/wp-content/themes/mygrid2/style.css" "Mozilla/5.0 (Linux; Android 8.0; Pixel 2 Build/OPD3.170816.012) AppleWebKit/537.36 (KHTML, like Gecko) Chrome/58.0.2318.1950 Mobile Safari/537.36"
54.223.103.149 - - [25/May/2026:15:08:40 -0400] "GET /skin/frontend/default/drjacob/images/menu_bg.png HTTP/1.1" 206 184 "http://isabellascookies.com/skin/frontend/default/drjacob/css/styles.css" "Mozilla/5.0 (Linux; Android 8.0; Pixel 2 Build/OPD3.170816.012) AppleWebKit/537.36 (KHTML, like Gecko) Chrome/58.0.2318.1950 Mobile Safari/537.36"
91.211.90.208 - - [25/May/2026:15:10:21 -0400] "GET /blog/?p=4 HTTP/1.0" 200 33706 "http://isabellascookies.com/blog/?p=4#comment-1373451" "Mozilla/5.0 (Windows NT 6.3; Win64; x64) AppleWebKit/537.36 (KHTML, like Gecko) Chrome/103.0.0.0 Safari/537.36"
91.211.90.208 - - [25/May/2026:15:10:22 -0400] "POST /blog/wp-comments-post.php HTTP/1.0" 500 2953 "http://isabellascookies.com/blog/?p=4#comment-1373451" "Mozilla/5.0 (Windows NT 6.3; Win64; x64) AppleWebKit/537.36 (KHTML, like Gecko) Chrome/103.0.0.0 Safari/537.36"
91.211.90.208 - - [25/May/2026:15:10:22 -0400] "GET /blog/?p=4 HTTP/1.0" 200 33706 "http://isabellascookies.com/blog/?p=4#comment-1373451" "Mozilla/5.0 (Windows NT 6.3; Win64; x64) AppleWebKit/537.36 (KHTML, like Gecko) Chrome/103.0.5060.53 Safari/537.36"
91.211.90.208 - - [25/May/2026:15:10:22 -0400] "GET /customer/account/login/ HTTP/1.0" 302 - "http://isabellascookies.com/customer/account/login/" "Mozilla/5.0 (Windows NT 6.3; Win64; x64) AppleWebKit/537.36 (KHTML, like Gecko) Chrome/103.0.0.0 Safari/537.36"
91.211.90.208 - - [25/May/2026:15:10:23 -0400] "POST /blog/wp-comments-post.php HTTP/1.0" 500 2953 "http://isabellascookies.com/blog/?p=4#comment-1373451" "Mozilla/5.0 (Windows NT 6.3; Win64; x64) AppleWebKit/537.36 (KHTML, like Gecko) Chrome/103.0.5060.53 Safari/537.36"
91.211.90.208 - - [25/May/2026:15:10:23 -0400] "GET /customer/account/login/ HTTP/1.0" 302 - "http://isabellascookies.com/customer/account/login/" "Mozilla/5.0 (Windows NT 6.3; Win64; x64) AppleWebKit/537.36 (KHTML, like Gecko) Chrome/103.0.5060.53 Safari/537.36"
45.156.158.163 - - [25/May/2026:15:11:00 -0400] "GET /blog/?p=4 HTTP/1.0" 200 33706 "http://isabellascookies.com/blog/?p=4#comment-1373451" "Mozilla/5.0 (Windows NT 6.1; Win64; x64) AppleWebKit/537.36 (KHTML, like Gecko) Chrome/103.0.0.0 Safari/537.36"
45.156.158.163 - - [25/May/2026:15:11:01 -0400] "POST /blog/wp-comments-post.php HTTP/1.0" 500 2953 "http://isabellascookies.com/blog/?p=4#comment-1373451" "Mozilla/5.0 (Windows NT 6.1; Win64; x64) AppleWebKit/537.36 (KHTML, like Gecko) Chrome/103.0.0.0 Safari/537.36"
45.156.158.163 - - [25/May/2026:15:11:01 -0400] "GET /customer/account/login/ HTTP/1.0" 302 - "http://isabellascookies.com/customer/account/login/" "Mozilla/5.0 (Windows NT 6.1; Win64; x64) AppleWebKit/537.36 (KHTML, like Gecko) Chrome/103.0.0.0 Safari/537.36"
45.156.158.223 - - [25/May/2026:15:11:02 -0400] "GET /blog/?p=4 HTTP/1.0" 200 33706 "http://isabellascookies.com/blog/?p=4#comment-1373451" "Mozilla/5.0 (Windows NT 6.1; Win64; x64) AppleWebKit/537.36 (KHTML, like Gecko) Chrome/103.0.5060.66 Safari/537.36"
45.156.158.163 - - [25/May/2026:15:11:02 -0400] "GET /blog/?p=4 HTTP/1.0" 200 33706 "http://isabellascookies.com/blog/?p=4#comment-1373451" "Mozilla/5.0 (Windows NT 6.1; Win64; x64) AppleWebKit/537.36 (KHTML, like Gecko) Chrome/103.0.0.0 Safari/537.36"
45.156.158.223 - - [25/May/2026:15:11:02 -0400] "POST /blog/wp-comments-post.php HTTP/1.0" 500 2953 "http://isabellascookies.com/blog/?p=4#comment-1373451" "Mozilla/5.0 (Windows NT 6.1; Win64; x64) AppleWebKit/537.36 (KHTML, like Gecko) Chrome/103.0.5060.66 Safari/537.36"
45.156.158.163 - - [25/May/2026:15:11:02 -0400] "POST /blog/wp-comments-post.php HTTP/1.0" 500 2953 "http://isabellascookies.com/blog/?p=4#comment-1373451" "Mozilla/5.0 (Windows NT 6.1; Win64; x64) AppleWebKit/537.36 (KHTML, like Gecko) Chrome/103.0.0.0 Safari/537.36"
45.156.158.223 - - [25/May/2026:15:11:03 -0400] "GET /customer/account/login/ HTTP/1.0" 302 - "http://isabellascookies.com/customer/account/login/" "Mozilla/5.0 (Windows NT 6.1; Win64; x64) AppleWebKit/537.36 (KHTML, like Gecko) Chrome/103.0.5060.66 Safari/537.36"
45.156.158.163 - - [25/May/2026:15:11:03 -0400] "GET /customer/account/login/ HTTP/1.0" 302 - "http://isabellascookies.com/customer/account/login/" "Mozilla/5.0 (Windows NT 6.1; Win64; x64) AppleWebKit/537.36 (KHTML, like Gecko) Chrome/103.0.0.0 Safari/537.36"
45.156.158.223 - - [25/May/2026:15:11:04 -0400] "GET /blog/?p=4 HTTP/1.0" 200 33706 "http://isabellascookies.com/blog/?p=4#comment-1373451" "Mozilla/5.0 (Windows NT 10.0; Win64; x64) AppleWebKit/537.36 (KHTML, like Gecko) Chrome/103.0.0.0 Safari/537.36 Herring/95.1.8810.11"
45.156.158.223 - - [25/May/2026:15:11:04 -0400] "POST /blog/wp-comments-post.php HTTP/1.0" 500 2953 "http://isabellascookies.com/blog/?p=4#comment-1373451" "Mozilla/5.0 (Windows NT 10.0; Win64; x64) AppleWebKit/537.36 (KHTML, like Gecko) Chrome/103.0.0.0 Safari/537.36 Herring/95.1.8810.11"
45.156.158.83 - - [25/May/2026:15:11:04 -0400] "GET /blog/?p=4 HTTP/1.0" 200 33706 "http://isabellascookies.com/blog/?p=4#comment-1373451" "Mozilla/5.0 (Windows NT 10.0; Win64; x64) AppleWebKit/537.36 (KHTML, like Gecko) Chrome/103.0.5042.0 Safari/537.36"
45.156.158.83 - - [25/May/2026:15:11:05 -0400] "GET /blog/?p=4 HTTP/1.0" 200 33706 "http://isabellascookies.com/blog/?p=4#comment-1373451" "Mozilla/5.0 (Windows NT 6.3; Win64; x64) AppleWebKit/537.36 (KHTML, like Gecko) Chrome/103.0.5060.53 Safari/537.36"
45.156.158.223 - - [25/May/2026:15:11:04 -0400] "GET /customer/account/login/ HTTP/1.0" 302 - "http://isabellascookies.com/customer/account/login/" "Mozilla/5.0 (Windows NT 10.0; Win64; x64) AppleWebKit/537.36 (KHTML, like Gecko) Chrome/103.0.0.0 Safari/537.36 Herring/95.1.8810.11"
45.156.158.83 - - [25/May/2026:15:11:05 -0400] "POST /blog/wp-comments-post.php HTTP/1.0" 500 2953 "http://isabellascookies.com/blog/?p=4#comment-1373451" "Mozilla/5.0 (Windows NT 10.0; Win64; x64) AppleWebKit/537.36 (KHTML, like Gecko) Chrome/103.0.5042.0 Safari/537.36"
45.156.158.83 - - [25/May/2026:15:11:05 -0400] "POST /blog/wp-comments-post.php HTTP/1.0" 500 2953 "http://isabellascookies.com/blog/?p=4#comment-1373451" "Mozilla/5.0 (Windows NT 6.3; Win64; x64) AppleWebKit/537.36 (KHTML, like Gecko) Chrome/103.0.5060.53 Safari/537.36"
45.156.158.83 - - [25/May/2026:15:11:05 -0400] "GET /customer/account/login/ HTTP/1.0" 302 - "http://isabellascookies.com/customer/account/login/" "Mozilla/5.0 (Windows NT 10.0; Win64; x64) AppleWebKit/537.36 (KHTML, like Gecko) Chrome/103.0.5042.0 Safari/537.36"
45.156.158.83 - - [25/May/2026:15:11:05 -0400] "GET /customer/account/login/ HTTP/1.0" 302 - "http://isabellascookies.com/customer/account/login/" "Mozilla/5.0 (Windows NT 6.3; Win64; x64) AppleWebKit/537.36 (KHTML, like Gecko) Chrome/103.0.5060.53 Safari/537.36"
171.41.151.2 - - [25/May/2026:15:11:39 -0400] "GET /blog/wp-includes/Text/Diff/Renderer/?C=D%3BO=A HTTP/1.1" 200 396 "-" "Mozilla/5.0 (Linux; Android 5.0; SM-G900P Build/LRX21T) AppleWebKit/537.36 (KHTML, like Gecko) Chrome/50.0.2886.1831 Mobile Safari/537.36"
60.167.113.140 - - [25/May/2026:15:13:05 -0400] "GET /skin/frontend/default/drjacob/css/images/ui-icons_ffffff_256x240.png HTTP/1.1" 404 40689 "http://isabellascookies.com/skin/frontend/default/drjacob/css/jquery-ui.css" "Mozilla/5.0 (Linux; Android 6.0; Nexus 5 Build/MRA58N) AppleWebKit/537.36 (KHTML, like Gecko) Chrome/54.0.7980.1591 Mobile Safari/537.36"
117.90.146.125 - - [25/May/2026:15:13:04 -0400] "GET /skin/frontend/default/drjacob/css/images/ui-bg_diagonals-thick_20_666666_40x40.png HTTP/1.1" 404 40689 "http://isabellascookies.com/skin/frontend/default/drjacob/css/jquery-ui.css" "Mozilla/5.0 (Linux; Android 6.0; Nexus 5 Build/MRA58N) AppleWebKit/537.36 (KHTML, like Gecko) Chrome/54.0.7980.1591 Mobile Safari/537.36"
54.222.147.98 - - [25/May/2026:15:13:22 -0400] "GET /blog/wp-includes/css/?C=M%3BO=A HTTP/1.1" 200 548 "-" "Mozilla/5.0 (Linux; Android 5.0; SM-G900P Build/LRX21T) AppleWebKit/537.36 (KHTML, like Gecko) Chrome/54.0.6525.1773 Mobile Safari/537.36"
95.27.40.229 - - [25/May/2026:15:14:39 -0400] "GET /blog/ HTTP/1.0" 200 29843 "http://isabellascookies.com/blog/" "Mozilla/5.0 (Windows NT 6.2; Win64; x64) AppleWebKit/537.36 (KHTML, like Gecko) Chrome/103.0.0.0 Safari/537.36"
223.215.149.34 - - [25/May/2026:15:14:39 -0400] "GET / HTTP/1.1" 200 8405 "-" "Mozilla/5.0 (Macintosh; Intel Mac OS X 10_15_7) AppleWebKit/537.36 (KHTML, like Gecko) Chrome/138.0.0.0 Safari/537.36"
47.128.42.90 - - [25/May/2026:15:14:43 -0400] "GET /skin/frontend/default/drjacob/css/jquery-ui.css HTTP/1.1" 200 5228 "http://staging.isabellascookies.com/" "Mozilla/5.0 (compatible; Bytespider; spider-feedback@bytedance.com) AppleWebKit/537.36 (KHTML, like Gecko) Chrome/70.0.0.0 Safari/537.36"
95.27.40.229 - - [25/May/2026:15:14:49 -0400] "GET /blog/ HTTP/1.0" 200 29843 "http://isabellascookies.com/blog/" "Mozilla/5.0 (Windows NT 6.2; Win64; x64) AppleWebKit/537.36 (KHTML, like Gecko) Chrome/103.0.0.0 Safari/537.36"
216.73.216.61 - - [25/May/2026:15:15:26 -0400] "GET /robots.txt HTTP/1.1" 200 67 "-" "Mozilla/5.0 AppleWebKit/537.36 (KHTML, like Gecko; compatible; ClaudeBot/1.0; +claudebot@anthropic.com)"
216.73.216.61 - - [25/May/2026:15:15:27 -0400] "GET /blog/wp-includes/js/wp-pointer.dev.js HTTP/1.1" 200 2045 "-" "Mozilla/5.0 AppleWebKit/537.36 (KHTML, like Gecko; compatible; ClaudeBot/1.0; +claudebot@anthropic.com)"
216.73.216.61 - - [25/May/2026:15:15:27 -0400] "GET /blog/wp-includes/Text/Diff.php HTTP/1.1" 200 - "-" "Mozilla/5.0 AppleWebKit/537.36 (KHTML, like Gecko; compatible; ClaudeBot/1.0; +claudebot@anthropic.com)"
216.73.216.61 - - [25/May/2026:15:15:28 -0400] "GET /blog/wp-includes/css/admin-bar.dev.css HTTP/1.1" 200 2516 "-" "Mozilla/5.0 AppleWebKit/537.36 (KHTML, like Gecko; compatible; ClaudeBot/1.0; +claudebot@anthropic.com)"
216.73.216.61 - - [25/May/2026:15:15:28 -0400] "GET /blog/wp-includes/css/wp-pointer.css HTTP/1.1" 200 784 "-" "Mozilla/5.0 AppleWebKit/537.36 (KHTML, like Gecko; compatible; ClaudeBot/1.0; +claudebot@anthropic.com)"
216.73.216.61 - - [25/May/2026:15:15:29 -0400] "GET /blog/wp-includes/css/wp-pointer.dev.css HTTP/1.1" 200 1045 "-" "Mozilla/5.0 AppleWebKit/537.36 (KHTML, like Gecko; compatible; ClaudeBot/1.0; +claudebot@anthropic.com)"
216.73.216.61 - - [25/May/2026:15:16:17 -0400] "GET /blog/wp-includes/css/jquery-ui-dialog.dev.css HTTP/1.1" 200 1432 "-" "Mozilla/5.0 AppleWebKit/537.36 (KHTML, like Gecko; compatible; ClaudeBot/1.0; +claudebot@anthropic.com)"
216.73.216.61 - - [25/May/2026:15:16:17 -0400] "GET /blog/wp-includes/css/editor-buttons.dev.css HTTP/1.1" 200 7036 "-" "Mozilla/5.0 AppleWebKit/537.36 (KHTML, like Gecko; compatible; ClaudeBot/1.0; +claudebot@anthropic.com)"
216.73.216.61 - - [25/May/2026:15:16:18 -0400] "GET /blog/wp-includes/css/admin-bar-rtl.dev.css HTTP/1.1" 200 878 "-" "Mozilla/5.0 AppleWebKit/537.36 (KHTML, like Gecko; compatible; ClaudeBot/1.0; +claudebot@anthropic.com)"
216.73.216.61 - - [25/May/2026:15:16:18 -0400] "GET /blog/wp-includes/js/hoverIntent.dev.js HTTP/1.1" 200 1911 "-" "Mozilla/5.0 AppleWebKit/537.36 (KHTML, like Gecko; compatible; ClaudeBot/1.0; +claudebot@anthropic.com)"
