110.249.202.53 - - [25/May/2026:11:58:38 -0400] "GET /media/catalog/product/cache/1/image/100x100/9df78eab33525d08d6e5fb8d27136e95/s/c/scottie_vector__1.jpg HTTP/1.1" 404 40785 "http://isabellascookies.com/scottie.html" "Mozilla/5.0 (Linux; Android 5.0) AppleWebKit/537.36 (KHTML, like Gecko) Mobile Safari/537.36 (compatible; Bytespider; https://zhanzhang.toutiao.com/)"
110.249.202.110 - - [25/May/2026:11:58:39 -0400] "GET /skin/frontend/default/drjacob/images/header_bg.png HTTP/1.1" 206 500 "http://isabellascookies.com/skin/frontend/default/drjacob/css/all.css" "Mozilla/5.0 (Linux; Android 5.0) AppleWebKit/537.36 (KHTML, like Gecko) Mobile Safari/537.36 (compatible; Bytespider; https://zhanzhang.toutiao.com/)"
110.249.202.49 - - [25/May/2026:11:58:40 -0400] "GET /skin/frontend/default/drjacob/images/logo_isabella.png HTTP/1.1" 206 500 "http://isabellascookies.com/skin/frontend/default/drjacob/css/all.css" "Mozilla/5.0 (Linux; Android 5.0) AppleWebKit/537.36 (KHTML, like Gecko) Mobile Safari/537.36 (compatible; Bytespider; https://zhanzhang.toutiao.com/)"
110.249.202.175 - - [25/May/2026:11:58:40 -0400] "GET /skin/frontend/default/drjacob/images/insta_footer.png HTTP/1.1" 206 500 "http://isabellascookies.com/scottie.html" "Mozilla/5.0 (Linux; Android 5.0) AppleWebKit/537.36 (KHTML, like Gecko) Mobile Safari/537.36 (compatible; Bytespider; https://zhanzhang.toutiao.com/)"
110.249.202.47 - - [25/May/2026:11:58:40 -0400] "GET /skin/frontend/default/drjacob/images/main/body_back.png HTTP/1.1" 206 500 "http://isabellascookies.com/skin/frontend/default/drjacob/css/all.css" "Mozilla/5.0 (Linux; Android 5.0) AppleWebKit/537.36 (KHTML, like Gecko) Mobile Safari/537.36 (compatible; Bytespider; https://zhanzhang.toutiao.com/)"
110.249.202.38 - - [25/May/2026:11:58:38 -0400] "GET /media/catalog/product/cache/1/image/100x100/9df78eab33525d08d6e5fb8d27136e95/s/c/scottiesingle_1.jpg HTTP/1.1" 404 40785 "http://isabellascookies.com/scottie.html" "Mozilla/5.0 (Linux; Android 5.0) AppleWebKit/537.36 (KHTML, like Gecko) Mobile Safari/537.36 (compatible; Bytespider; https://zhanzhang.toutiao.com/)"
110.249.202.53 - - [25/May/2026:11:58:40 -0400] "GET /skin/frontend/default/drjacob/images/border_toolbar1.png HTTP/1.1" 206 500 "http://isabellascookies.com/skin/frontend/default/drjacob/css/all.css" "Mozilla/5.0 (Linux; Android 5.0) AppleWebKit/537.36 (KHTML, like Gecko) Mobile Safari/537.36 (compatible; Bytespider; https://zhanzhang.toutiao.com/)"
110.249.202.47 - - [25/May/2026:11:58:40 -0400] "GET /skin/frontend/default/drjacob/images/main/bottom_bg.png HTTP/1.1" 206 500 "http://isabellascookies.com/skin/frontend/default/drjacob/css/all.css" "Mozilla/5.0 (Linux; Android 5.0) AppleWebKit/537.36 (KHTML, like Gecko) Mobile Safari/537.36 (compatible; Bytespider; https://zhanzhang.toutiao.com/)"
110.249.202.110 - - [25/May/2026:11:58:40 -0400] "GET /skin/frontend/default/drjacob/images/cookies_sizes_bg.png HTTP/1.1" 206 500 "http://isabellascookies.com/skin/frontend/default/drjacob/css/all.css" "Mozilla/5.0 (Linux; Android 5.0) AppleWebKit/537.36 (KHTML, like Gecko) Mobile Safari/537.36 (compatible; Bytespider; https://zhanzhang.toutiao.com/)"
110.249.202.175 - - [25/May/2026:11:58:40 -0400] "GET /skin/frontend/default/drjacob/images/productInfoBack.png HTTP/1.1" 206 500 "http://isabellascookies.com/skin/frontend/default/drjacob/css/all.css" "Mozilla/5.0 (Linux; Android 5.0) AppleWebKit/537.36 (KHTML, like Gecko) Mobile Safari/537.36 (compatible; Bytespider; https://zhanzhang.toutiao.com/)"
110.249.202.49 - - [25/May/2026:11:58:40 -0400] "GET /skin/frontend/default/drjacob/images/footer_bg.png HTTP/1.1" 206 500 "http://isabellascookies.com/skin/frontend/default/drjacob/css/all.css" "Mozilla/5.0 (Linux; Android 5.0) AppleWebKit/537.36 (KHTML, like Gecko) Mobile Safari/537.36 (compatible; Bytespider; https://zhanzhang.toutiao.com/)"
110.249.202.53 - - [25/May/2026:11:58:41 -0400] "GET /skin/frontend/default/drjacob/images/border_more_views.png HTTP/1.1" 206 500 "http://isabellascookies.com/skin/frontend/default/drjacob/css/all.css" "Mozilla/5.0 (Linux; Android 5.0) AppleWebKit/537.36 (KHTML, like Gecko) Mobile Safari/537.36 (compatible; Bytespider; https://zhanzhang.toutiao.com/)"
110.249.202.47 - - [25/May/2026:11:58:41 -0400] "GET /skin/frontend/default/drjacob/images/tabs_shipping_i.png HTTP/1.1" 206 500 "http://isabellascookies.com/skin/frontend/default/drjacob/css/all.css" "Mozilla/5.0 (Linux; Android 5.0) AppleWebKit/537.36 (KHTML, like Gecko) Mobile Safari/537.36 (compatible; Bytespider; https://zhanzhang.toutiao.com/)"
110.249.202.110 - - [25/May/2026:11:58:41 -0400] "GET /skin/frontend/default/drjacob/images/ingredients_bg_i.png HTTP/1.1" 206 500 "http://isabellascookies.com/skin/frontend/default/drjacob/css/all.css" "Mozilla/5.0 (Linux; Android 5.0) AppleWebKit/537.36 (KHTML, like Gecko) Mobile Safari/537.36 (compatible; Bytespider; https://zhanzhang.toutiao.com/)"
110.249.202.175 - - [25/May/2026:11:58:41 -0400] "GET /skin/frontend/default/drjacob/images/buttonProduct.png HTTP/1.1" 206 500 "http://isabellascookies.com/skin/frontend/default/drjacob/css/all.css" "Mozilla/5.0 (Linux; Android 5.0) AppleWebKit/537.36 (KHTML, like Gecko) Mobile Safari/537.36 (compatible; Bytespider; https://zhanzhang.toutiao.com/)"
110.249.202.53 - - [25/May/2026:11:58:41 -0400] "GET /skin/frontend/default/drjacob/images/isabella_sep2.png HTTP/1.1" 206 263 "http://isabellascookies.com/skin/frontend/default/drjacob/css/all.css" "Mozilla/5.0 (Linux; Android 5.0) AppleWebKit/537.36 (KHTML, like Gecko) Mobile Safari/537.36 (compatible; Bytespider; https://zhanzhang.toutiao.com/)"
110.249.202.38 - - [25/May/2026:11:58:41 -0400] "GET /skin/frontend/default/drjacob/images/add_to_bag_bg.png HTTP/1.1" 206 500 "http://isabellascookies.com/skin/frontend/default/drjacob/css/all.css" "Mozilla/5.0 (Linux; Android 5.0) AppleWebKit/537.36 (KHTML, like Gecko) Mobile Safari/537.36 (compatible; Bytespider; https://zhanzhang.toutiao.com/)"
110.249.202.49 - - [25/May/2026:11:58:41 -0400] "GET /skin/frontend/default/drjacob/images/tabs_allergy_i.png HTTP/1.1" 206 500 "http://isabellascookies.com/skin/frontend/default/drjacob/css/all.css" "Mozilla/5.0 (Linux; Android 5.0) AppleWebKit/537.36 (KHTML, like Gecko) Mobile Safari/537.36 (compatible; Bytespider; https://zhanzhang.toutiao.com/)"
110.249.202.47 - - [25/May/2026:11:58:41 -0400] "GET /skin/frontend/default/drjacob/images/ingredients_bg.png HTTP/1.1" 206 500 "http://isabellascookies.com/skin/frontend/default/drjacob/css/all.css" "Mozilla/5.0 (Linux; Android 5.0) AppleWebKit/537.36 (KHTML, like Gecko) Mobile Safari/537.36 (compatible; Bytespider; https://zhanzhang.toutiao.com/)"
110.249.202.175 - - [25/May/2026:11:58:41 -0400] "GET /media/menu_parties_b.png HTTP/1.1" 206 500 "http://isabellascookies.com/scottie.html" "Mozilla/5.0 (Linux; Android 5.0) AppleWebKit/537.36 (KHTML, like Gecko) Mobile Safari/537.36 (compatible; Bytespider; https://zhanzhang.toutiao.com/)"
110.249.202.110 - - [25/May/2026:11:58:41 -0400] "GET /media/menu_specialty_b.png HTTP/1.1" 206 500 "http://isabellascookies.com/scottie.html" "Mozilla/5.0 (Linux; Android 5.0) AppleWebKit/537.36 (KHTML, like Gecko) Mobile Safari/537.36 (compatible; Bytespider; https://zhanzhang.toutiao.com/)"
110.249.202.53 - - [25/May/2026:11:58:42 -0400] "GET /skin/frontend/default/drjacob/images/closeModal.png HTTP/1.1" 206 287 "http://isabellascookies.com/scottie.html" "Mozilla/5.0 (Linux; Android 5.0) AppleWebKit/537.36 (KHTML, like Gecko) Mobile Safari/537.36 (compatible; Bytespider; https://zhanzhang.toutiao.com/)"
110.249.202.38 - - [25/May/2026:11:58:42 -0400] "GET /skin/frontend/default/drjacob/images/bkg_nav1.png HTTP/1.1" 206 499 "http://isabellascookies.com/skin/frontend/default/drjacob/css/styles.css" "Mozilla/5.0 (Linux; Android 5.0) AppleWebKit/537.36 (KHTML, like Gecko) Mobile Safari/537.36 (compatible; Bytespider; https://zhanzhang.toutiao.com/)"
110.249.202.38 - - [25/May/2026:11:58:43 -0400] "GET /skin/frontend/default/drjacob/images/sep02.png HTTP/1.1" 206 205 "http://isabellascookies.com/skin/frontend/default/drjacob/css/all.css" "Mozilla/5.0 (Linux; Android 5.0) AppleWebKit/537.36 (KHTML, like Gecko) Mobile Safari/537.36 (compatible; Bytespider; https://zhanzhang.toutiao.com/)"
110.249.202.175 - - [25/May/2026:11:58:43 -0400] "GET /skin/frontend/default/drjacob/images/newsletter_bg.png HTTP/1.1" 206 500 "http://isabellascookies.com/skin/frontend/default/drjacob/css/widgets.css" "Mozilla/5.0 (Linux; Android 5.0) AppleWebKit/537.36 (KHTML, like Gecko) Mobile Safari/537.36 (compatible; Bytespider; https://zhanzhang.toutiao.com/)"
110.249.202.49 - - [25/May/2026:11:58:43 -0400] "GET /skin/frontend/default/drjacob/images/howInputWholeSaleForm.png HTTP/1.1" 206 427 "http://isabellascookies.com/skin/frontend/default/drjacob/css/all.css" "Mozilla/5.0 (Linux; Android 5.0) AppleWebKit/537.36 (KHTML, like Gecko) Mobile Safari/537.36 (compatible; Bytespider; https://zhanzhang.toutiao.com/)"
110.249.202.47 - - [25/May/2026:11:58:43 -0400] "GET /skin/frontend/default/drjacob/images/btn-sprite.png HTTP/1.1" 206 365 "http://isabellascookies.com/skin/frontend/default/drjacob/css/widgets.css" "Mozilla/5.0 (Linux; Android 5.0) AppleWebKit/537.36 (KHTML, like Gecko) Mobile Safari/537.36 (compatible; Bytespider; https://zhanzhang.toutiao.com/)"
110.249.202.53 - - [25/May/2026:11:58:43 -0400] "GET /media/catalog/product/cache/1/image/9df78eab33525d08d6e5fb8d27136e95/s/c/scottiesingle_1.jpg HTTP/1.1" 404 41026 "http://isabellascookies.com/scottie.html" "Mozilla/5.0 (Linux; Android 5.0) AppleWebKit/537.36 (KHTML, like Gecko) Mobile Safari/537.36 (compatible; Bytespider; https://zhanzhang.toutiao.com/)"
110.249.202.47 - - [25/May/2026:11:58:44 -0400] "GET /skin/frontend/default/drjacob/images/normalTextareaWholeSaleForm.png HTTP/1.1" 206 500 "http://isabellascookies.com/skin/frontend/default/drjacob/css/all.css" "Mozilla/5.0 (Linux; Android 5.0) AppleWebKit/537.36 (KHTML, like Gecko) Mobile Safari/537.36 (compatible; Bytespider; https://zhanzhang.toutiao.com/)"
110.249.202.49 - - [25/May/2026:11:58:44 -0400] "GET /skin/frontend/default/drjacob/images/popup.png HTTP/1.1" 206 500 "http://isabellascookies.com/skin/frontend/default/drjacob/css/all.css" "Mozilla/5.0 (Linux; Android 5.0) AppleWebKit/537.36 (KHTML, like Gecko) Mobile Safari/537.36 (compatible; Bytespider; https://zhanzhang.toutiao.com/)"
110.249.202.110 - - [25/May/2026:11:58:43 -0400] "GET /media/catalog/product/cache/1/image/9df78eab33525d08d6e5fb8d27136e95/s/c/scottie_vector__1.jpg HTTP/1.1" 404 41026 "http://isabellascookies.com/scottie.html" "Mozilla/5.0 (Linux; Android 5.0) AppleWebKit/537.36 (KHTML, like Gecko) Mobile Safari/537.36 (compatible; Bytespider; https://zhanzhang.toutiao.com/)"
110.249.202.240 - - [25/May/2026:11:58:50 -0400] "GET /blog/wp-includes/error_log HTTP/1.1" 200 26820 "-" "Mozilla/5.0 (Linux; Android 5.0) AppleWebKit/537.36 (KHTML, like Gecko) Mobile Safari/537.36 (compatible; Bytespider; https://zhanzhang.toutiao.com/)"
110.249.202.232 - - [25/May/2026:11:59:10 -0400] "GET /cookies/b-nana.html HTTP/1.1" 200 12119 "-" "Mozilla/5.0 (Linux; Android 5.0) AppleWebKit/537.36 (KHTML, like Gecko) Mobile Safari/537.36 (compatible; Bytespider; https://zhanzhang.toutiao.com/)"
110.249.202.232 - - [25/May/2026:11:59:12 -0400] "GET /skin/frontend/default/drjacob/css/styles.css HTTP/1.1" 200 17893 "http://isabellascookies.com/cookies/b-nana.html" "Mozilla/5.0 (Linux; Android 5.0) AppleWebKit/537.36 (KHTML, like Gecko) Mobile Safari/537.36 (compatible; Bytespider; https://zhanzhang.toutiao.com/)"
110.249.202.65 - - [25/May/2026:11:59:12 -0400] "GET /js/calendar/calendar-win2k-1.css HTTP/1.1" 200 1366 "http://isabellascookies.com/cookies/b-nana.html" "Mozilla/5.0 (Linux; Android 5.0) AppleWebKit/537.36 (KHTML, like Gecko) Mobile Safari/537.36 (compatible; Bytespider; https://zhanzhang.toutiao.com/)"
110.249.202.26 - - [25/May/2026:11:59:12 -0400] "GET /js/prototype/prototype.js HTTP/1.1" 200 37405 "http://isabellascookies.com/cookies/b-nana.html" "Mozilla/5.0 (Linux; Android 5.0) AppleWebKit/537.36 (KHTML, like Gecko) Mobile Safari/537.36 (compatible; Bytespider; https://zhanzhang.toutiao.com/)"
110.249.202.50 - - [25/May/2026:11:59:12 -0400] "GET /skin/frontend/default/drjacob/css/all.css HTTP/1.1" 200 16993 "http://isabellascookies.com/cookies/b-nana.html" "Mozilla/5.0 (Linux; Android 5.0) AppleWebKit/537.36 (KHTML, like Gecko) Mobile Safari/537.36 (compatible; Bytespider; https://zhanzhang.toutiao.com/)"
110.249.202.153 - - [25/May/2026:11:59:12 -0400] "GET /js/prototype/validation.js HTTP/1.1" 200 8479 "http://isabellascookies.com/cookies/b-nana.html" "Mozilla/5.0 (Linux; Android 5.0) AppleWebKit/537.36 (KHTML, like Gecko) Mobile Safari/537.36 (compatible; Bytespider; https://zhanzhang.toutiao.com/)"
110.249.202.14 - - [25/May/2026:11:59:12 -0400] "GET /skin/frontend/default/default/css/webtexgiftcards.css HTTP/1.1" 200 245 "http://isabellascookies.com/cookies/b-nana.html" "Mozilla/5.0 (Linux; Android 5.0) AppleWebKit/537.36 (KHTML, like Gecko) Mobile Safari/537.36 (compatible; Bytespider; https://zhanzhang.toutiao.com/)"
110.249.202.153 - - [25/May/2026:11:59:12 -0400] "GET /js/lib/ccard.js HTTP/1.1" 200 437 "http://isabellascookies.com/cookies/b-nana.html" "Mozilla/5.0 (Linux; Android 5.0) AppleWebKit/537.36 (KHTML, like Gecko) Mobile Safari/537.36 (compatible; Bytespider; https://zhanzhang.toutiao.com/)"
110.249.202.65 - - [25/May/2026:11:59:12 -0400] "GET /skin/frontend/default/drjacob/css/jquery-ui.css HTTP/1.1" 200 5228 "http://isabellascookies.com/cookies/b-nana.html" "Mozilla/5.0 (Linux; Android 5.0) AppleWebKit/537.36 (KHTML, like Gecko) Mobile Safari/537.36 (compatible; Bytespider; https://zhanzhang.toutiao.com/)"
110.249.202.14 - - [25/May/2026:11:59:13 -0400] "GET /js/scriptaculous/builder.js HTTP/1.1" 200 1842 "http://isabellascookies.com/cookies/b-nana.html" "Mozilla/5.0 (Linux; Android 5.0) AppleWebKit/537.36 (KHTML, like Gecko) Mobile Safari/537.36 (compatible; Bytespider; https://zhanzhang.toutiao.com/)"
110.249.202.232 - - [25/May/2026:11:59:13 -0400] "GET /js/scriptaculous/controls.js HTTP/1.1" 200 9049 "http://isabellascookies.com/cookies/b-nana.html" "Mozilla/5.0 (Linux; Android 5.0) AppleWebKit/537.36 (KHTML, like Gecko) Mobile Safari/537.36 (compatible; Bytespider; https://zhanzhang.toutiao.com/)"
110.249.202.26 - - [25/May/2026:11:59:13 -0400] "GET /js/scriptaculous/dragdrop.js HTTP/1.1" 200 7601 "http://isabellascookies.com/cookies/b-nana.html" "Mozilla/5.0 (Linux; Android 5.0) AppleWebKit/537.36 (KHTML, like Gecko) Mobile Safari/537.36 (compatible; Bytespider; https://zhanzhang.toutiao.com/)"
110.249.202.50 - - [25/May/2026:11:59:13 -0400] "GET /js/varien/js.js HTTP/1.1" 200 6131 "http://isabellascookies.com/cookies/b-nana.html" "Mozilla/5.0 (Linux; Android 5.0) AppleWebKit/537.36 (KHTML, like Gecko) Mobile Safari/537.36 (compatible; Bytespider; https://zhanzhang.toutiao.com/)"
110.249.202.153 - - [25/May/2026:11:59:13 -0400] "GET /js/varien/menu.js HTTP/1.1" 200 1450 "http://isabellascookies.com/cookies/b-nana.html" "Mozilla/5.0 (Linux; Android 5.0) AppleWebKit/537.36 (KHTML, like Gecko) Mobile Safari/537.36 (compatible; Bytespider; https://zhanzhang.toutiao.com/)"
110.249.202.65 - - [25/May/2026:11:59:13 -0400] "GET /js/varien/form.js HTTP/1.1" 200 2844 "http://isabellascookies.com/cookies/b-nana.html" "Mozilla/5.0 (Linux; Android 5.0) AppleWebKit/537.36 (KHTML, like Gecko) Mobile Safari/537.36 (compatible; Bytespider; https://zhanzhang.toutiao.com/)"
110.249.202.232 - - [25/May/2026:11:59:13 -0400] "GET /js/mage/cookies.js HTTP/1.1" 200 1055 "http://isabellascookies.com/cookies/b-nana.html" "Mozilla/5.0 (Linux; Android 5.0) AppleWebKit/537.36 (KHTML, like Gecko) Mobile Safari/537.36 (compatible; Bytespider; https://zhanzhang.toutiao.com/)"
110.249.202.14 - - [25/May/2026:11:59:13 -0400] "GET /js/mage/translate.js HTTP/1.1" 200 736 "http://isabellascookies.com/cookies/b-nana.html" "Mozilla/5.0 (Linux; Android 5.0) AppleWebKit/537.36 (KHTML, like Gecko) Mobile Safari/537.36 (compatible; Bytespider; https://zhanzhang.toutiao.com/)"
110.249.202.26 - - [25/May/2026:11:59:13 -0400] "GET /js/calendar/calendar.js HTTP/1.1" 200 14342 "http://isabellascookies.com/cookies/b-nana.html" "Mozilla/5.0 (Linux; Android 5.0) AppleWebKit/537.36 (KHTML, like Gecko) Mobile Safari/537.36 (compatible; Bytespider; https://zhanzhang.toutiao.com/)"
110.249.202.50 - - [25/May/2026:11:59:13 -0400] "GET /js/varien/configurable.js HTTP/1.1" 200 2700 "http://isabellascookies.com/cookies/b-nana.html" "Mozilla/5.0 (Linux; Android 5.0) AppleWebKit/537.36 (KHTML, like Gecko) Mobile Safari/537.36 (compatible; Bytespider; https://zhanzhang.toutiao.com/)"
110.249.202.153 - - [25/May/2026:11:59:13 -0400] "GET /skin/frontend/default/drjacob/js/jquery.main.js HTTP/1.1" 200 15867 "http://isabellascookies.com/cookies/b-nana.html" "Mozilla/5.0 (Linux; Android 5.0) AppleWebKit/537.36 (KHTML, like Gecko) Mobile Safari/537.36 (compatible; Bytespider; https://zhanzhang.toutiao.com/)"
110.249.202.65 - - [25/May/2026:11:59:13 -0400] "GET /skin/frontend/default/drjacob/js/jquery-1.6.3.min.js HTTP/1.1" 200 32049 "http://isabellascookies.com/cookies/b-nana.html" "Mozilla/5.0 (Linux; Android 5.0) AppleWebKit/537.36 (KHTML, like Gecko) Mobile Safari/537.36 (compatible; Bytespider; https://zhanzhang.toutiao.com/)"
110.249.202.232 - - [25/May/2026:11:59:14 -0400] "GET /skin/frontend/default/drjacob/js/cufon-yiu.js HTTP/1.1" 200 7476 "http://isabellascookies.com/cookies/b-nana.html" "Mozilla/5.0 (Linux; Android 5.0) AppleWebKit/537.36 (KHTML, like Gecko) Mobile Safari/537.36 (compatible; Bytespider; https://zhanzhang.toutiao.com/)"
110.249.202.14 - - [25/May/2026:11:59:14 -0400] "GET /skin/frontend/default/drjacob/js/jquery1.7.js HTTP/1.1" 200 33133 "http://isabellascookies.com/cookies/b-nana.html" "Mozilla/5.0 (Linux; Android 5.0) AppleWebKit/537.36 (KHTML, like Gecko) Mobile Safari/537.36 (compatible; Bytespider; https://zhanzhang.toutiao.com/)"
110.249.202.50 - - [25/May/2026:11:59:14 -0400] "GET /skin/frontend/default/drjacob/js/font.js HTTP/1.1" 200 32 "http://isabellascookies.com/cookies/b-nana.html" "Mozilla/5.0 (Linux; Android 5.0) AppleWebKit/537.36 (KHTML, like Gecko) Mobile Safari/537.36 (compatible; Bytespider; https://zhanzhang.toutiao.com/)"
110.249.202.26 - - [25/May/2026:11:59:14 -0400] "GET /skin/frontend/default/drjacob/js/jquery-ui.js HTTP/1.1" 200 46298 "http://isabellascookies.com/cookies/b-nana.html" "Mozilla/5.0 (Linux; Android 5.0) AppleWebKit/537.36 (KHTML, like Gecko) Mobile Safari/537.36 (compatible; Bytespider; https://zhanzhang.toutiao.com/)"
110.249.202.232 - - [25/May/2026:11:59:14 -0400] "GET /skin/frontend/default/drjacob/images/YELP_header.png HTTP/1.1" 206 500 "http://isabellascookies.com/cookies/b-nana.html" "Mozilla/5.0 (Linux; Android 5.0) AppleWebKit/537.36 (KHTML, like Gecko) Mobile Safari/537.36 (compatible; Bytespider; https://zhanzhang.toutiao.com/)"
110.249.202.153 - - [25/May/2026:11:59:14 -0400] "GET /skin/frontend/default/drjacob/images/face_icon.png HTTP/1.1" 206 500 "http://isabellascookies.com/cookies/b-nana.html" "Mozilla/5.0 (Linux; Android 5.0) AppleWebKit/537.36 (KHTML, like Gecko) Mobile Safari/537.36 (compatible; Bytespider; https://zhanzhang.toutiao.com/)"
110.249.202.50 - - [25/May/2026:11:59:14 -0400] "GET /skin/frontend/default/drjacob/images/insta_header.png HTTP/1.1" 206 500 "http://isabellascookies.com/cookies/b-nana.html" "Mozilla/5.0 (Linux; Android 5.0) AppleWebKit/537.36 (KHTML, like Gecko) Mobile Safari/537.36 (compatible; Bytespider; https://zhanzhang.toutiao.com/)"
110.249.202.65 - - [25/May/2026:11:59:14 -0400] "GET /media/wysiwyg/spring-nobite.png HTTP/1.1" 206 500 "http://isabellascookies.com/cookies/b-nana.html" "Mozilla/5.0 (Linux; Android 5.0) AppleWebKit/537.36 (KHTML, like Gecko) Mobile Safari/537.36 (compatible; Bytespider; https://zhanzhang.toutiao.com/)"
110.249.202.232 - - [25/May/2026:11:59:15 -0400] "GET /media/menu_cookie.png HTTP/1.1" 206 500 "http://isabellascookies.com/cookies/b-nana.html" "Mozilla/5.0 (Linux; Android 5.0) AppleWebKit/537.36 (KHTML, like Gecko) Mobile Safari/537.36 (compatible; Bytespider; https://zhanzhang.toutiao.com/)"
110.249.202.153 - - [25/May/2026:11:59:15 -0400] "GET /media/wysiwyg/spring-bite.png HTTP/1.1" 206 500 "http://isabellascookies.com/cookies/b-nana.html" "Mozilla/5.0 (Linux; Android 5.0) AppleWebKit/537.36 (KHTML, like Gecko) Mobile Safari/537.36 (compatible; Bytespider; https://zhanzhang.toutiao.com/)"
110.249.202.14 - - [25/May/2026:11:59:15 -0400] "GET /media/menu_cookie_b.png HTTP/1.1" 206 500 "http://isabellascookies.com/cookies/b-nana.html" "Mozilla/5.0 (Linux; Android 5.0) AppleWebKit/537.36 (KHTML, like Gecko) Mobile Safari/537.36 (compatible; Bytespider; https://zhanzhang.toutiao.com/)"
110.249.202.65 - - [25/May/2026:11:59:15 -0400] "GET /media/wysiwyg/sweetheart-nobite.png HTTP/1.1" 206 500 "http://isabellascookies.com/cookies/b-nana.html" "Mozilla/5.0 (Linux; Android 5.0) AppleWebKit/537.36 (KHTML, like Gecko) Mobile Safari/537.36 (compatible; Bytespider; https://zhanzhang.toutiao.com/)"
110.249.202.26 - - [25/May/2026:11:59:15 -0400] "GET /media/menu_parties_b.png HTTP/1.1" 206 500 "http://isabellascookies.com/cookies/b-nana.html" "Mozilla/5.0 (Linux; Android 5.0) AppleWebKit/537.36 (KHTML, like Gecko) Mobile Safari/537.36 (compatible; Bytespider; https://zhanzhang.toutiao.com/)"
110.249.202.50 - - [25/May/2026:11:59:15 -0400] "GET /media/menu_parties.png HTTP/1.1" 206 500 "http://isabellascookies.com/cookies/b-nana.html" "Mozilla/5.0 (Linux; Android 5.0) AppleWebKit/537.36 (KHTML, like Gecko) Mobile Safari/537.36 (compatible; Bytespider; https://zhanzhang.toutiao.com/)"
110.249.202.232 - - [25/May/2026:11:59:15 -0400] "GET /skin/frontend/default/drjacob/images/header_bg.png HTTP/1.1" 206 500 "http://isabellascookies.com/skin/frontend/default/drjacob/css/all.css" "Mozilla/5.0 (Linux; Android 5.0) AppleWebKit/537.36 (KHTML, like Gecko) Mobile Safari/537.36 (compatible; Bytespider; https://zhanzhang.toutiao.com/)"
110.249.202.26 - - [25/May/2026:11:59:15 -0400] "GET /skin/frontend/default/drjacob/images/PRESS_icon_isabellas.png HTTP/1.1" 206 500 "http://isabellascookies.com/cookies/b-nana.html" "Mozilla/5.0 (Linux; Android 5.0) AppleWebKit/537.36 (KHTML, like Gecko) Mobile Safari/537.36 (compatible; Bytespider; https://zhanzhang.toutiao.com/)"
110.249.202.50 - - [25/May/2026:11:59:16 -0400] "GET /media/side_bar_sep.png HTTP/1.1" 206 500 "http://isabellascookies.com/cookies/b-nana.html" "Mozilla/5.0 (Linux; Android 5.0) AppleWebKit/537.36 (KHTML, like Gecko) Mobile Safari/537.36 (compatible; Bytespider; https://zhanzhang.toutiao.com/)"
110.249.202.232 - - [25/May/2026:11:59:16 -0400] "GET /skin/frontend/default/drjacob/images/icon_pin_footer.png HTTP/1.1" 206 500 "http://isabellascookies.com/cookies/b-nana.html" "Mozilla/5.0 (Linux; Android 5.0) AppleWebKit/537.36 (KHTML, like Gecko) Mobile Safari/537.36 (compatible; Bytespider; https://zhanzhang.toutiao.com/)"
110.249.202.26 - - [25/May/2026:11:59:16 -0400] "GET /skin/frontend/default/drjacob/images/FEEDBACK.png HTTP/1.1" 206 500 "http://isabellascookies.com/cookies/b-nana.html" "Mozilla/5.0 (Linux; Android 5.0) AppleWebKit/537.36 (KHTML, like Gecko) Mobile Safari/537.36 (compatible; Bytespider; https://zhanzhang.toutiao.com/)"
110.249.202.232 - - [25/May/2026:11:59:16 -0400] "GET /skin/frontend/default/drjacob/images/insta_footer.png HTTP/1.1" 206 500 "http://isabellascookies.com/cookies/b-nana.html" "Mozilla/5.0 (Linux; Android 5.0) AppleWebKit/537.36 (KHTML, like Gecko) Mobile Safari/537.36 (compatible; Bytespider; https://zhanzhang.toutiao.com/)"
110.249.202.26 - - [25/May/2026:11:59:16 -0400] "GET /skin/frontend/default/drjacob/images/logo_isabella.png HTTP/1.1" 206 500 "http://isabellascookies.com/skin/frontend/default/drjacob/css/all.css" "Mozilla/5.0 (Linux; Android 5.0) AppleWebKit/537.36 (KHTML, like Gecko) Mobile Safari/537.36 (compatible; Bytespider; https://zhanzhang.toutiao.com/)"
110.249.202.153 - - [25/May/2026:11:59:15 -0400] "GET /media/catalog/product/cache/1/thumbnail/420x415/9df78eab33525d08d6e5fb8d27136e95/b/-/b-nanasingle.jpg HTTP/1.1" 404 41004 "http://isabellascookies.com/cookies/b-nana.html" "Mozilla/5.0 (Linux; Android 5.0) AppleWebKit/537.36 (KHTML, like Gecko) Mobile Safari/537.36 (compatible; Bytespider; https://zhanzhang.toutiao.com/)"
110.249.202.232 - - [25/May/2026:11:59:17 -0400] "GET /skin/frontend/base/default/images/Bites_image.png HTTP/1.1" 206 500 "http://isabellascookies.com/cookies/b-nana.html" "Mozilla/5.0 (Linux; Android 5.0) AppleWebKit/537.36 (KHTML, like Gecko) Mobile Safari/537.36 (compatible; Bytespider; https://zhanzhang.toutiao.com/)"
110.249.202.26 - - [25/May/2026:11:59:17 -0400] "GET /skin/frontend/default/drjacob/images/main/top_back.png HTTP/1.1" 206 500 "http://isabellascookies.com/skin/frontend/default/drjacob/css/all.css" "Mozilla/5.0 (Linux; Android 5.0) AppleWebKit/537.36 (KHTML, like Gecko) Mobile Safari/537.36 (compatible; Bytespider; https://zhanzhang.toutiao.com/)"
110.249.202.65 - - [25/May/2026:11:59:15 -0400] "GET /media/catalog/product/cache/1/image/100x100/9df78eab33525d08d6e5fb8d27136e95/b/-/b-nanasingle.jpg HTTP/1.1" 404 41004 "http://isabellascookies.com/cookies/b-nana.html" "Mozilla/5.0 (Linux; Android 5.0) AppleWebKit/537.36 (KHTML, like Gecko) Mobile Safari/537.36 (compatible; Bytespider; https://zhanzhang.toutiao.com/)"
110.249.202.232 - - [25/May/2026:11:59:17 -0400] "GET /skin/frontend/default/drjacob/images/border_toolbar1.png HTTP/1.1" 206 500 "http://isabellascookies.com/skin/frontend/default/drjacob/css/all.css" "Mozilla/5.0 (Linux; Android 5.0) AppleWebKit/537.36 (KHTML, like Gecko) Mobile Safari/537.36 (compatible; Bytespider; https://zhanzhang.toutiao.com/)"
110.249.202.26 - - [25/May/2026:11:59:17 -0400] "GET /skin/frontend/default/drjacob/images/add_to_bag_bg.png HTTP/1.1" 206 500 "http://isabellascookies.com/skin/frontend/default/drjacob/css/all.css" "Mozilla/5.0 (Linux; Android 5.0) AppleWebKit/537.36 (KHTML, like Gecko) Mobile Safari/537.36 (compatible; Bytespider; https://zhanzhang.toutiao.com/)"
110.249.202.153 - - [25/May/2026:11:59:17 -0400] "GET /skin/frontend/default/drjacob/images/cookies_sizes_bg.png HTTP/1.1" 206 500 "http://isabellascookies.com/skin/frontend/default/drjacob/css/all.css" "Mozilla/5.0 (Linux; Android 5.0) AppleWebKit/537.36 (KHTML, like Gecko) Mobile Safari/537.36 (compatible; Bytespider; https://zhanzhang.toutiao.com/)"
110.249.202.50 - - [25/May/2026:11:59:16 -0400] "GET /media/catalog/product/cache/1/thumbnail/420x415/9df78eab33525d08d6e5fb8d27136e95/b/-/b-nana_vector_.jpg HTTP/1.1" 404 41004 "http://isabellascookies.com/cookies/b-nana.html" "Mozilla/5.0 (Linux; Android 5.0) AppleWebKit/537.36 (KHTML, like Gecko) Mobile Safari/537.36 (compatible; Bytespider; https://zhanzhang.toutiao.com/)"
110.249.202.232 - - [25/May/2026:11:59:18 -0400] "GET /skin/frontend/default/drjacob/images/productInfoBack.png HTTP/1.1" 206 500 "http://isabellascookies.com/skin/frontend/default/drjacob/css/all.css" "Mozilla/5.0 (Linux; Android 5.0) AppleWebKit/537.36 (KHTML, like Gecko) Mobile Safari/537.36 (compatible; Bytespider; https://zhanzhang.toutiao.com/)"
110.249.202.65 - - [25/May/2026:11:59:18 -0400] "GET /skin/frontend/default/drjacob/images/buttonProduct.png HTTP/1.1" 206 500 "http://isabellascookies.com/skin/frontend/default/drjacob/css/all.css" "Mozilla/5.0 (Linux; Android 5.0) AppleWebKit/537.36 (KHTML, like Gecko) Mobile Safari/537.36 (compatible; Bytespider; https://zhanzhang.toutiao.com/)"
110.249.202.26 - - [25/May/2026:11:59:18 -0400] "GET /skin/frontend/default/drjacob/images/ingredients_bg_i.png HTTP/1.1" 206 500 "http://isabellascookies.com/skin/frontend/default/drjacob/css/all.css" "Mozilla/5.0 (Linux; Android 5.0) AppleWebKit/537.36 (KHTML, like Gecko) Mobile Safari/537.36 (compatible; Bytespider; https://zhanzhang.toutiao.com/)"
110.249.202.153 - - [25/May/2026:11:59:18 -0400] "GET /skin/frontend/default/drjacob/images/tabs_shipping_i.png HTTP/1.1" 206 500 "http://isabellascookies.com/skin/frontend/default/drjacob/css/all.css" "Mozilla/5.0 (Linux; Android 5.0) AppleWebKit/537.36 (KHTML, like Gecko) Mobile Safari/537.36 (compatible; Bytespider; https://zhanzhang.toutiao.com/)"
110.249.202.232 - - [25/May/2026:11:59:18 -0400] "GET /skin/frontend/default/drjacob/images/isabella_sep2.png HTTP/1.1" 206 263 "http://isabellascookies.com/skin/frontend/default/drjacob/css/all.css" "Mozilla/5.0 (Linux; Android 5.0) AppleWebKit/537.36 (KHTML, like Gecko) Mobile Safari/537.36 (compatible; Bytespider; https://zhanzhang.toutiao.com/)"
110.249.202.65 - - [25/May/2026:11:59:18 -0400] "GET /skin/frontend/default/drjacob/images/ingredients_bg.png HTTP/1.1" 206 500 "http://isabellascookies.com/skin/frontend/default/drjacob/css/all.css" "Mozilla/5.0 (Linux; Android 5.0) AppleWebKit/537.36 (KHTML, like Gecko) Mobile Safari/537.36 (compatible; Bytespider; https://zhanzhang.toutiao.com/)"
110.249.202.14 - - [25/May/2026:11:59:15 -0400] "GET /media/catalog/product/cache/1/image/100x100/9df78eab33525d08d6e5fb8d27136e95/b/-/b-nana_vector_.jpg HTTP/1.1" 404 41004 "http://isabellascookies.com/cookies/b-nana.html" "Mozilla/5.0 (Linux; Android 5.0) AppleWebKit/537.36 (KHTML, like Gecko) Mobile Safari/537.36 (compatible; Bytespider; https://zhanzhang.toutiao.com/)"
110.249.202.65 - - [25/May/2026:11:59:19 -0400] "GET /skin/frontend/default/drjacob/images/newsletter_bg.png HTTP/1.1" 206 500 "http://isabellascookies.com/skin/frontend/default/drjacob/css/widgets.css" "Mozilla/5.0 (Linux; Android 5.0) AppleWebKit/537.36 (KHTML, like Gecko) Mobile Safari/537.36 (compatible; Bytespider; https://zhanzhang.toutiao.com/)"
110.249.202.50 - - [25/May/2026:11:59:19 -0400] "GET /skin/frontend/default/drjacob/images/sep02.png HTTP/1.1" 206 205 "http://isabellascookies.com/skin/frontend/default/drjacob/css/all.css" "Mozilla/5.0 (Linux; Android 5.0) AppleWebKit/537.36 (KHTML, like Gecko) Mobile Safari/537.36 (compatible; Bytespider; https://zhanzhang.toutiao.com/)"
110.249.202.26 - - [25/May/2026:11:59:19 -0400] "GET /skin/frontend/default/drjacob/images/popup.png HTTP/1.1" 206 500 "http://isabellascookies.com/skin/frontend/default/drjacob/css/all.css" "Mozilla/5.0 (Linux; Android 5.0) AppleWebKit/537.36 (KHTML, like Gecko) Mobile Safari/537.36 (compatible; Bytespider; https://zhanzhang.toutiao.com/)"
110.249.202.65 - - [25/May/2026:11:59:19 -0400] "GET /skin/frontend/default/drjacob/images/btn-sprite.png HTTP/1.1" 206 365 "http://isabellascookies.com/skin/frontend/default/drjacob/css/widgets.css" "Mozilla/5.0 (Linux; Android 5.0) AppleWebKit/537.36 (KHTML, like Gecko) Mobile Safari/537.36 (compatible; Bytespider; https://zhanzhang.toutiao.com/)"
110.249.202.26 - - [25/May/2026:11:59:19 -0400] "GET /skin/frontend/default/drjacob/images/howInputWholeSaleForm.png HTTP/1.1" 206 427 "http://isabellascookies.com/skin/frontend/default/drjacob/css/all.css" "Mozilla/5.0 (Linux; Android 5.0) AppleWebKit/537.36 (KHTML, like Gecko) Mobile Safari/537.36 (compatible; Bytespider; https://zhanzhang.toutiao.com/)"
110.249.202.50 - - [25/May/2026:11:59:19 -0400] "GET /skin/frontend/default/drjacob/images/normalTextareaWholeSaleForm.png HTTP/1.1" 206 500 "http://isabellascookies.com/skin/frontend/default/drjacob/css/all.css" "Mozilla/5.0 (Linux; Android 5.0) AppleWebKit/537.36 (KHTML, like Gecko) Mobile Safari/537.36 (compatible; Bytespider; https://zhanzhang.toutiao.com/)"
110.249.202.232 - - [25/May/2026:11:59:19 -0400] "GET /media/catalog/product/cache/1/image/9df78eab33525d08d6e5fb8d27136e95/b/-/b-nanasingle.jpg HTTP/1.1" 404 41004 "http://isabellascookies.com/cookies/b-nana.html" "Mozilla/5.0 (Linux; Android 5.0) AppleWebKit/537.36 (KHTML, like Gecko) Mobile Safari/537.36 (compatible; Bytespider; https://zhanzhang.toutiao.com/)"
110.249.202.153 - - [25/May/2026:11:59:19 -0400] "GET /media/catalog/product/cache/1/image/9df78eab33525d08d6e5fb8d27136e95/b/-/b-nana_vector_.jpg HTTP/1.1" 404 41004 "http://isabellascookies.com/cookies/b-nana.html" "Mozilla/5.0 (Linux; Android 5.0) AppleWebKit/537.36 (KHTML, like Gecko) Mobile Safari/537.36 (compatible; Bytespider; https://zhanzhang.toutiao.com/)"
45.134.225.250 - - [25/May/2026:11:59:31 -0400] "GET /wp-login.php HTTP/1.1" 404 40689 "-" "Mozilla/5.0 (compatible; MSIE 9.0; Windows NT 6.1; Trident/5.0)"
110.249.201.188 - - [25/May/2026:11:59:33 -0400] "GET /skin/frontend/default/drjacob/js/jquery-ui.js HTTP/1.1" 200 46298 "http://staging.isabellascookies.com/" "Mozilla/5.0 (Linux; Android 5.0) AppleWebKit/537.36 (KHTML, like Gecko) Mobile Safari/537.36 (compatible; Bytespider; https://zhanzhang.toutiao.com/)"
110.249.201.220 - - [25/May/2026:11:59:33 -0400] "GET /skin/frontend/default/drjacob/js/jquery1.7.js HTTP/1.1" 200 33133 "http://staging.isabellascookies.com/" "Mozilla/5.0 (Linux; Android 5.0) AppleWebKit/537.36 (KHTML, like Gecko) Mobile Safari/537.36 (compatible; Bytespider; https://zhanzhang.toutiao.com/)"
110.249.201.196 - - [25/May/2026:11:59:33 -0400] "GET /skin/frontend/default/drjacob/css/jquery-ui.css HTTP/1.1" 200 5228 "http://staging.isabellascookies.com/" "Mozilla/5.0 (Linux; Android 5.0) AppleWebKit/537.36 (KHTML, like Gecko) Mobile Safari/537.36 (compatible; Bytespider; https://zhanzhang.toutiao.com/)"
110.249.201.98 - - [25/May/2026:11:59:51 -0400] "GET /isabella-s-original-1.html HTTP/1.1" 200 11846 "-" "Mozilla/5.0 (Linux; Android 5.0) AppleWebKit/537.36 (KHTML, like Gecko) Mobile Safari/537.36 (compatible; Bytespider; https://zhanzhang.toutiao.com/)"
110.249.201.98 - - [25/May/2026:11:59:53 -0400] "GET /skin/frontend/default/drjacob/css/all.css HTTP/1.1" 200 16993 "http://isabellascookies.com/isabella-s-original-1.html" "Mozilla/5.0 (Linux; Android 5.0) AppleWebKit/537.36 (KHTML, like Gecko) Mobile Safari/537.36 (compatible; Bytespider; https://zhanzhang.toutiao.com/)"
110.249.201.85 - - [25/May/2026:11:59:53 -0400] "GET /skin/frontend/default/default/css/webtexgiftcards.css HTTP/1.1" 200 245 "http://isabellascookies.com/isabella-s-original-1.html" "Mozilla/5.0 (Linux; Android 5.0) AppleWebKit/537.36 (KHTML, like Gecko) Mobile Safari/537.36 (compatible; Bytespider; https://zhanzhang.toutiao.com/)"
110.249.201.223 - - [25/May/2026:11:59:53 -0400] "GET /skin/frontend/default/drjacob/css/widgets.css HTTP/1.1" 200 1699 "http://isabellascookies.com/isabella-s-original-1.html" "Mozilla/5.0 (Linux; Android 5.0) AppleWebKit/537.36 (KHTML, like Gecko) Mobile Safari/537.36 (compatible; Bytespider; https://zhanzhang.toutiao.com/)"
110.249.201.205 - - [25/May/2026:11:59:53 -0400] "GET /js/lib/ccard.js HTTP/1.1" 200 437 "http://isabellascookies.com/isabella-s-original-1.html" "Mozilla/5.0 (Linux; Android 5.0) AppleWebKit/537.36 (KHTML, like Gecko) Mobile Safari/537.36 (compatible; Bytespider; https://zhanzhang.toutiao.com/)"
110.249.201.106 - - [25/May/2026:11:59:53 -0400] "GET /js/prototype/prototype.js HTTP/1.1" 200 37405 "http://isabellascookies.com/isabella-s-original-1.html" "Mozilla/5.0 (Linux; Android 5.0) AppleWebKit/537.36 (KHTML, like Gecko) Mobile Safari/537.36 (compatible; Bytespider; https://zhanzhang.toutiao.com/)"
110.249.201.56 - - [25/May/2026:11:59:53 -0400] "GET /js/prototype/validation.js HTTP/1.1" 200 8479 "http://isabellascookies.com/isabella-s-original-1.html" "Mozilla/5.0 (Linux; Android 5.0) AppleWebKit/537.36 (KHTML, like Gecko) Mobile Safari/537.36 (compatible; Bytespider; https://zhanzhang.toutiao.com/)"
110.249.201.85 - - [25/May/2026:11:59:53 -0400] "GET /js/scriptaculous/builder.js HTTP/1.1" 200 1842 "http://isabellascookies.com/isabella-s-original-1.html" "Mozilla/5.0 (Linux; Android 5.0) AppleWebKit/537.36 (KHTML, like Gecko) Mobile Safari/537.36 (compatible; Bytespider; https://zhanzhang.toutiao.com/)"
110.249.201.223 - - [25/May/2026:11:59:53 -0400] "GET /js/scriptaculous/controls.js HTTP/1.1" 200 9049 "http://isabellascookies.com/isabella-s-original-1.html" "Mozilla/5.0 (Linux; Android 5.0) AppleWebKit/537.36 (KHTML, like Gecko) Mobile Safari/537.36 (compatible; Bytespider; https://zhanzhang.toutiao.com/)"
110.249.201.205 - - [25/May/2026:11:59:53 -0400] "GET /js/scriptaculous/dragdrop.js HTTP/1.1" 200 7601 "http://isabellascookies.com/isabella-s-original-1.html" "Mozilla/5.0 (Linux; Android 5.0) AppleWebKit/537.36 (KHTML, like Gecko) Mobile Safari/537.36 (compatible; Bytespider; https://zhanzhang.toutiao.com/)"
110.249.201.56 - - [25/May/2026:11:59:53 -0400] "GET /js/varien/js.js HTTP/1.1" 200 6131 "http://isabellascookies.com/isabella-s-original-1.html" "Mozilla/5.0 (Linux; Android 5.0) AppleWebKit/537.36 (KHTML, like Gecko) Mobile Safari/537.36 (compatible; Bytespider; https://zhanzhang.toutiao.com/)"
110.249.201.106 - - [25/May/2026:11:59:53 -0400] "GET /js/mage/cookies.js HTTP/1.1" 200 1055 "http://isabellascookies.com/isabella-s-original-1.html" "Mozilla/5.0 (Linux; Android 5.0) AppleWebKit/537.36 (KHTML, like Gecko) Mobile Safari/537.36 (compatible; Bytespider; https://zhanzhang.toutiao.com/)"
110.249.201.98 - - [25/May/2026:11:59:53 -0400] "GET /js/varien/form.js HTTP/1.1" 200 2844 "http://isabellascookies.com/isabella-s-original-1.html" "Mozilla/5.0 (Linux; Android 5.0) AppleWebKit/537.36 (KHTML, like Gecko) Mobile Safari/537.36 (compatible; Bytespider; https://zhanzhang.toutiao.com/)"
110.249.201.85 - - [25/May/2026:11:59:54 -0400] "GET /js/mage/translate.js HTTP/1.1" 200 736 "http://isabellascookies.com/isabella-s-original-1.html" "Mozilla/5.0 (Linux; Android 5.0) AppleWebKit/537.36 (KHTML, like Gecko) Mobile Safari/537.36 (compatible; Bytespider; https://zhanzhang.toutiao.com/)"
110.249.201.223 - - [25/May/2026:11:59:54 -0400] "GET /js/calendar/calendar.js HTTP/1.1" 200 14342 "http://isabellascookies.com/isabella-s-original-1.html" "Mozilla/5.0 (Linux; Android 5.0) AppleWebKit/537.36 (KHTML, like Gecko) Mobile Safari/537.36 (compatible; Bytespider; https://zhanzhang.toutiao.com/)"
110.249.201.205 - - [25/May/2026:11:59:54 -0400] "GET /js/varien/configurable.js HTTP/1.1" 200 2700 "http://isabellascookies.com/isabella-s-original-1.html" "Mozilla/5.0 (Linux; Android 5.0) AppleWebKit/537.36 (KHTML, like Gecko) Mobile Safari/537.36 (compatible; Bytespider; https://zhanzhang.toutiao.com/)"
110.249.201.56 - - [25/May/2026:11:59:54 -0400] "GET /js/varien/product.js HTTP/1.1" 200 5456 "http://isabellascookies.com/isabella-s-original-1.html" "Mozilla/5.0 (Linux; Android 5.0) AppleWebKit/537.36 (KHTML, like Gecko) Mobile Safari/537.36 (compatible; Bytespider; https://zhanzhang.toutiao.com/)"
110.249.201.106 - - [25/May/2026:11:59:54 -0400] "GET /skin/frontend/default/drjacob/js/jquery.main.js HTTP/1.1" 200 15867 "http://isabellascookies.com/isabella-s-original-1.html" "Mozilla/5.0 (Linux; Android 5.0) AppleWebKit/537.36 (KHTML, like Gecko) Mobile Safari/537.36 (compatible; Bytespider; https://zhanzhang.toutiao.com/)"
110.249.201.98 - - [25/May/2026:11:59:54 -0400] "GET /skin/frontend/default/drjacob/js/jquery-1.6.3.min.js HTTP/1.1" 200 32049 "http://isabellascookies.com/isabella-s-original-1.html" "Mozilla/5.0 (Linux; Android 5.0) AppleWebKit/537.36 (KHTML, like Gecko) Mobile Safari/537.36 (compatible; Bytespider; https://zhanzhang.toutiao.com/)"
110.249.201.85 - - [25/May/2026:11:59:54 -0400] "GET /skin/frontend/default/drjacob/js/font.js HTTP/1.1" 200 32 "http://isabellascookies.com/isabella-s-original-1.html" "Mozilla/5.0 (Linux; Android 5.0) AppleWebKit/537.36 (KHTML, like Gecko) Mobile Safari/537.36 (compatible; Bytespider; https://zhanzhang.toutiao.com/)"
110.249.201.205 - - [25/May/2026:11:59:54 -0400] "GET /skin/frontend/default/drjacob/js/jquery1.7.js HTTP/1.1" 200 33133 "http://isabellascookies.com/isabella-s-original-1.html" "Mozilla/5.0 (Linux; Android 5.0) AppleWebKit/537.36 (KHTML, like Gecko) Mobile Safari/537.36 (compatible; Bytespider; https://zhanzhang.toutiao.com/)"
110.249.201.98 - - [25/May/2026:11:59:55 -0400] "GET /media/wysiwyg/spring-nobite.png HTTP/1.1" 206 500 "http://isabellascookies.com/isabella-s-original-1.html" "Mozilla/5.0 (Linux; Android 5.0) AppleWebKit/537.36 (KHTML, like Gecko) Mobile Safari/537.36 (compatible; Bytespider; https://zhanzhang.toutiao.com/)"
110.249.201.85 - - [25/May/2026:11:59:55 -0400] "GET /media/menu_cookie_b.png HTTP/1.1" 206 500 "http://isabellascookies.com/isabella-s-original-1.html" "Mozilla/5.0 (Linux; Android 5.0) AppleWebKit/537.36 (KHTML, like Gecko) Mobile Safari/537.36 (compatible; Bytespider; https://zhanzhang.toutiao.com/)"
110.249.201.56 - - [25/May/2026:11:59:55 -0400] "GET /media/menu_vegan_b.png HTTP/1.1" 206 500 "http://isabellascookies.com/isabella-s-original-1.html" "Mozilla/5.0 (Linux; Android 5.0) AppleWebKit/537.36 (KHTML, like Gecko) Mobile Safari/537.36 (compatible; Bytespider; https://zhanzhang.toutiao.com/)"
110.249.201.106 - - [25/May/2026:11:59:55 -0400] "GET /media/menu_vegan.png HTTP/1.1" 206 500 "http://isabellascookies.com/isabella-s-original-1.html" "Mozilla/5.0 (Linux; Android 5.0) AppleWebKit/537.36 (KHTML, like Gecko) Mobile Safari/537.36 (compatible; Bytespider; https://zhanzhang.toutiao.com/)"
110.249.201.223 - - [25/May/2026:11:59:55 -0400] "GET /media/wysiwyg/sweetheart-nobite.png HTTP/1.1" 206 500 "http://isabellascookies.com/isabella-s-original-1.html" "Mozilla/5.0 (Linux; Android 5.0) AppleWebKit/537.36 (KHTML, like Gecko) Mobile Safari/537.36 (compatible; Bytespider; https://zhanzhang.toutiao.com/)"
110.249.201.205 - - [25/May/2026:11:59:55 -0400] "GET /media/menu_parties.png HTTP/1.1" 206 500 "http://isabellascookies.com/isabella-s-original-1.html" "Mozilla/5.0 (Linux; Android 5.0) AppleWebKit/537.36 (KHTML, like Gecko) Mobile Safari/537.36 (compatible; Bytespider; https://zhanzhang.toutiao.com/)"
110.249.201.56 - - [25/May/2026:11:59:55 -0400] "GET /skin/frontend/default/drjacob/images/FEEDBACK.png HTTP/1.1" 206 500 "http://isabellascookies.com/isabella-s-original-1.html" "Mozilla/5.0 (Linux; Android 5.0) AppleWebKit/537.36 (KHTML, like Gecko) Mobile Safari/537.36 (compatible; Bytespider; https://zhanzhang.toutiao.com/)"
110.249.201.85 - - [25/May/2026:11:59:55 -0400] "GET /skin/frontend/default/drjacob/images/PRESS_icon_isabellas.png HTTP/1.1" 206 500 "http://isabellascookies.com/isabella-s-original-1.html" "Mozilla/5.0 (Linux; Android 5.0) AppleWebKit/537.36 (KHTML, like Gecko) Mobile Safari/537.36 (compatible; Bytespider; https://zhanzhang.toutiao.com/)"
110.249.201.98 - - [25/May/2026:11:59:55 -0400] "GET /media/side_bar_sep.png HTTP/1.1" 206 500 "http://isabellascookies.com/isabella-s-original-1.html" "Mozilla/5.0 (Linux; Android 5.0) AppleWebKit/537.36 (KHTML, like Gecko) Mobile Safari/537.36 (compatible; Bytespider; https://zhanzhang.toutiao.com/)"
110.249.201.106 - - [25/May/2026:11:59:55 -0400] "GET /skin/frontend/base/default/images/Bites_image.png HTTP/1.1" 206 500 "http://isabellascookies.com/isabella-s-original-1.html" "Mozilla/5.0 (Linux; Android 5.0) AppleWebKit/537.36 (KHTML, like Gecko) Mobile Safari/537.36 (compatible; Bytespider; https://zhanzhang.toutiao.com/)"
110.249.201.223 - - [25/May/2026:11:59:55 -0400] "GET /media/catalog/product/cache/1/thumbnail/420x415/9df78eab33525d08d6e5fb8d27136e95/i/s/isaoriginalsingle.jpg HTTP/1.1" 404 40785 "http://isabellascookies.com/isabella-s-original-1.html" "Mozilla/5.0 (Linux; Android 5.0) AppleWebKit/537.36 (KHTML, like Gecko) Mobile Safari/537.36 (compatible; Bytespider; https://zhanzhang.toutiao.com/)"
110.249.201.205 - - [25/May/2026:11:59:56 -0400] "GET /media/catalog/product/cache/1/image/100x100/9df78eab33525d08d6e5fb8d27136e95/i/s/isaoriginalsingle.jpg HTTP/1.1" 404 40785 "http://isabellascookies.com/isabella-s-original-1.html" "Mozilla/5.0 (Linux; Android 5.0) AppleWebKit/537.36 (KHTML, like Gecko) Mobile Safari/537.36 (compatible; Bytespider; https://zhanzhang.toutiao.com/)"
110.249.201.223 - - [25/May/2026:11:59:58 -0400] "GET /skin/frontend/default/drjacob/images/twit_icon_footer.png HTTP/1.1" 206 500 "http://isabellascookies.com/isabella-s-original-1.html" "Mozilla/5.0 (Linux; Android 5.0) AppleWebKit/537.36 (KHTML, like Gecko) Mobile Safari/537.36 (compatible; Bytespider; https://zhanzhang.toutiao.com/)"
110.249.201.56 - - [25/May/2026:11:59:56 -0400] "GET /media/catalog/product/cache/1/thumbnail/420x415/9df78eab33525d08d6e5fb8d27136e95/i/s/isaoriginal_vector_.jpg HTTP/1.1" 404 40785 "http://isabellascookies.com/isabella-s-original-1.html" "Mozilla/5.0 (Linux; Android 5.0) AppleWebKit/537.36 (KHTML, like Gecko) Mobile Safari/537.36 (compatible; Bytespider; https://zhanzhang.toutiao.com/)"
110.249.201.205 - - [25/May/2026:11:59:58 -0400] "GET /skin/frontend/default/drjacob/images/icon_gmas_footer.png HTTP/1.1" 206 500 "http://isabellascookies.com/isabella-s-original-1.html" "Mozilla/5.0 (Linux; Android 5.0) AppleWebKit/537.36 (KHTML, like Gecko) Mobile Safari/537.36 (compatible; Bytespider; https://zhanzhang.toutiao.com/)"
110.249.201.223 - - [25/May/2026:11:59:58 -0400] "GET /skin/frontend/default/drjacob/images/header_bg.png HTTP/1.1" 206 500 "http://isabellascookies.com/skin/frontend/default/drjacob/css/all.css" "Mozilla/5.0 (Linux; Android 5.0) AppleWebKit/537.36 (KHTML, like Gecko) Mobile Safari/537.36 (compatible; Bytespider; https://zhanzhang.toutiao.com/)"
110.249.201.223 - - [25/May/2026:11:59:58 -0400] "GET /skin/frontend/default/drjacob/images/cookies_sizes_bg.png HTTP/1.1" 206 500 "http://isabellascookies.com/skin/frontend/default/drjacob/css/all.css" "Mozilla/5.0 (Linux; Android 5.0) AppleWebKit/537.36 (KHTML, like Gecko) Mobile Safari/537.36 (compatible; Bytespider; https://zhanzhang.toutiao.com/)"
110.249.201.106 - - [25/May/2026:11:59:56 -0400] "GET /media/catalog/product/cache/1/image/100x100/9df78eab33525d08d6e5fb8d27136e95/i/s/isaoriginal_vector_.jpg HTTP/1.1" 404 40785 "http://isabellascookies.com/isabella-s-original-1.html" "Mozilla/5.0 (Linux; Android 5.0) AppleWebKit/537.36 (KHTML, like Gecko) Mobile Safari/537.36 (compatible; Bytespider; https://zhanzhang.toutiao.com/)"
110.249.201.205 - - [25/May/2026:11:59:59 -0400] "GET /skin/frontend/default/drjacob/images/main/top_back.png HTTP/1.1" 206 500 "http://isabellascookies.com/skin/frontend/default/drjacob/css/all.css" "Mozilla/5.0 (Linux; Android 5.0) AppleWebKit/537.36 (KHTML, like Gecko) Mobile Safari/537.36 (compatible; Bytespider; https://zhanzhang.toutiao.com/)"
110.249.201.56 - - [25/May/2026:11:59:59 -0400] "GET /skin/frontend/default/drjacob/images/buttonProduct.png HTTP/1.1" 206 500 "http://isabellascookies.com/skin/frontend/default/drjacob/css/all.css" "Mozilla/5.0 (Linux; Android 5.0) AppleWebKit/537.36 (KHTML, like Gecko) Mobile Safari/537.36 (compatible; Bytespider; https://zhanzhang.toutiao.com/)"
110.249.201.223 - - [25/May/2026:11:59:59 -0400] "GET /skin/frontend/default/drjacob/images/add_to_bag_bg.png HTTP/1.1" 206 500 "http://isabellascookies.com/skin/frontend/default/drjacob/css/all.css" "Mozilla/5.0 (Linux; Android 5.0) AppleWebKit/537.36 (KHTML, like Gecko) Mobile Safari/537.36 (compatible; Bytespider; https://zhanzhang.toutiao.com/)"
110.249.201.98 - - [25/May/2026:11:59:56 -0400] "GET /media/catalog/product/cache/1/image/100x100/9df78eab33525d08d6e5fb8d27136e95/o/r/original_bag_.jpg HTTP/1.1" 404 40785 "http://isabellascookies.com/isabella-s-original-1.html" "Mozilla/5.0 (Linux; Android 5.0) AppleWebKit/537.36 (KHTML, like Gecko) Mobile Safari/537.36 (compatible; Bytespider; https://zhanzhang.toutiao.com/)"
110.249.201.205 - - [25/May/2026:11:59:59 -0400] "GET /skin/frontend/default/drjacob/images/ingredients_bg_i.png HTTP/1.1" 206 500 "http://isabellascookies.com/skin/frontend/default/drjacob/css/all.css" "Mozilla/5.0 (Linux; Android 5.0) AppleWebKit/537.36 (KHTML, like Gecko) Mobile Safari/537.36 (compatible; Bytespider; https://zhanzhang.toutiao.com/)"
110.249.201.56 - - [25/May/2026:11:59:59 -0400] "GET /skin/frontend/default/drjacob/images/productInfoBack.png HTTP/1.1" 206 500 "http://isabellascookies.com/skin/frontend/default/drjacob/css/all.css" "Mozilla/5.0 (Linux; Android 5.0) AppleWebKit/537.36 (KHTML, like Gecko) Mobile Safari/537.36 (compatible; Bytespider; https://zhanzhang.toutiao.com/)"
110.249.201.106 - - [25/May/2026:11:59:59 -0400] "GET /skin/frontend/default/drjacob/images/tabs_shipping_i.png HTTP/1.1" 206 500 "http://isabellascookies.com/skin/frontend/default/drjacob/css/all.css" "Mozilla/5.0 (Linux; Android 5.0) AppleWebKit/537.36 (KHTML, like Gecko) Mobile Safari/537.36 (compatible; Bytespider; https://zhanzhang.toutiao.com/)"
110.249.201.223 - - [25/May/2026:11:59:59 -0400] "GET /skin/frontend/default/drjacob/images/footer_bg.png HTTP/1.1" 206 500 "http://isabellascookies.com/skin/frontend/default/drjacob/css/all.css" "Mozilla/5.0 (Linux; Android 5.0) AppleWebKit/537.36 (KHTML, like Gecko) Mobile Safari/537.36 (compatible; Bytespider; https://zhanzhang.toutiao.com/)"
110.249.201.85 - - [25/May/2026:11:59:56 -0400] "GET /media/catalog/product/cache/1/thumbnail/420x415/9df78eab33525d08d6e5fb8d27136e95/o/r/original_bag_.jpg HTTP/1.1" 404 40785 "http://isabellascookies.com/isabella-s-original-1.html" "Mozilla/5.0 (Linux; Android 5.0) AppleWebKit/537.36 (KHTML, like Gecko) Mobile Safari/537.36 (compatible; Bytespider; https://zhanzhang.toutiao.com/)"
110.249.201.205 - - [25/May/2026:12:00:00 -0400] "GET /skin/frontend/default/drjacob/images/isabella_sep2.png HTTP/1.1" 206 263 "http://isabellascookies.com/skin/frontend/default/drjacob/css/all.css" "Mozilla/5.0 (Linux; Android 5.0) AppleWebKit/537.36 (KHTML, like Gecko) Mobile Safari/537.36 (compatible; Bytespider; https://zhanzhang.toutiao.com/)"
