216.73.216.61 - - [25/May/2026:15:16:19 -0400] "GET /blog/wp-includes/function.require HTTP/1.1" 404 8563 "-" "Mozilla/5.0 AppleWebKit/537.36 (KHTML, like Gecko; compatible; ClaudeBot/1.0; +claudebot@anthropic.com)"
216.73.216.61 - - [25/May/2026:15:16:21 -0400] "GET /blog/wp-includes/js/comment-reply.dev.js HTTP/1.1" 200 506 "-" "Mozilla/5.0 AppleWebKit/537.36 (KHTML, like Gecko; compatible; ClaudeBot/1.0; +claudebot@anthropic.com)"
216.73.216.61 - - [25/May/2026:15:16:21 -0400] "GET /blog/wp-includes/theme-compat/header.php HTTP/1.1" 500 - "-" "Mozilla/5.0 AppleWebKit/537.36 (KHTML, like Gecko; compatible; ClaudeBot/1.0; +claudebot@anthropic.com)"
216.73.216.61 - - [25/May/2026:15:16:22 -0400] "GET /blog/wp-includes/css/admin-bar.css HTTP/1.1" 200 2152 "-" "Mozilla/5.0 AppleWebKit/537.36 (KHTML, like Gecko; compatible; ClaudeBot/1.0; +claudebot@anthropic.com)"
216.73.216.61 - - [25/May/2026:15:16:22 -0400] "GET /blog/wp-includes/function.require-once HTTP/1.1" 404 8563 "-" "Mozilla/5.0 AppleWebKit/537.36 (KHTML, like Gecko; compatible; ClaudeBot/1.0; +claudebot@anthropic.com)"
216.73.216.61 - - [25/May/2026:15:16:23 -0400] "GET /blog/wp-includes/theme-compat/comments.php HTTP/1.1" 500 - "-" "Mozilla/5.0 AppleWebKit/537.36 (KHTML, like Gecko; compatible; ClaudeBot/1.0; +claudebot@anthropic.com)"
45.156.158.75 - - [25/May/2026:15:16:28 -0400] "GET /blog/?p=4 HTTP/1.0" 200 33706 "http://isabellascookies.com/blog/?p=4#comment-1373451" "Mozilla/5.0 (Windows NT 6.3) AppleWebKit/537.36 (KHTML, like Gecko) Chrome/103.0.0.0 Safari/537.36"
45.156.158.75 - - [25/May/2026:15:16:28 -0400] "POST /blog/wp-comments-post.php HTTP/1.0" 500 2953 "http://isabellascookies.com/blog/?p=4#comment-1373451" "Mozilla/5.0 (Windows NT 6.3) AppleWebKit/537.36 (KHTML, like Gecko) Chrome/103.0.0.0 Safari/537.36"
45.156.158.75 - - [25/May/2026:15:16:28 -0400] "GET /blog/?p=4 HTTP/1.0" 200 33706 "http://isabellascookies.com/blog/?p=4#comment-1373451" "Mozilla/5.0 (Windows NT 6.3; WOW64) AppleWebKit/537.36 (KHTML, like Gecko) Chrome/103.0.0.0 Safari/537.36"
45.156.158.75 - - [25/May/2026:15:16:28 -0400] "GET /customer/account/login/ HTTP/1.0" 302 - "http://isabellascookies.com/customer/account/login/" "Mozilla/5.0 (Windows NT 6.3) AppleWebKit/537.36 (KHTML, like Gecko) Chrome/103.0.0.0 Safari/537.36"
45.156.158.75 - - [25/May/2026:15:16:29 -0400] "POST /blog/wp-comments-post.php HTTP/1.0" 500 2953 "http://isabellascookies.com/blog/?p=4#comment-1373451" "Mozilla/5.0 (Windows NT 6.3; WOW64) AppleWebKit/537.36 (KHTML, like Gecko) Chrome/103.0.0.0 Safari/537.36"
45.156.158.75 - - [25/May/2026:15:16:29 -0400] "GET /customer/account/login/ HTTP/1.0" 302 - "http://isabellascookies.com/customer/account/login/" "Mozilla/5.0 (Windows NT 6.3; WOW64) AppleWebKit/537.36 (KHTML, like Gecko) Chrome/103.0.0.0 Safari/537.36"
91.211.90.164 - - [25/May/2026:15:16:34 -0400] "GET /blog/?p=4 HTTP/1.0" 200 33706 "http://isabellascookies.com/blog/?p=4#comment-1373451" "Mozilla/5.0 (Windows NT 6.3; Win64; x64) AppleWebKit/537.36 (KHTML, like Gecko) Chrome/103.0.5060.66 Safari/537.36"
91.211.90.164 - - [25/May/2026:15:16:34 -0400] "GET /blog/?p=4 HTTP/1.0" 200 33706 "http://isabellascookies.com/blog/?p=4#comment-1373451" "Mozilla/5.0 (Windows NT 10.0; WOW64) AppleWebKit/537.36 (KHTML, like Gecko) Chrome/103.0.0.0 Safari/537.36"
91.211.90.69 - - [25/May/2026:15:16:34 -0400] "GET /blog/?p=4 HTTP/1.0" 200 33706 "http://isabellascookies.com/blog/?p=4#comment-1373451" "Mozilla/5.0 (Windows NT 6.1; Win64; x64) AppleWebKit/537.36 (KHTML, like Gecko) Chrome/103.0.0.0 Safari/537.36"
91.211.90.164 - - [25/May/2026:15:16:34 -0400] "POST /blog/wp-comments-post.php HTTP/1.0" 500 2953 "http://isabellascookies.com/blog/?p=4#comment-1373451" "Mozilla/5.0 (Windows NT 6.3; Win64; x64) AppleWebKit/537.36 (KHTML, like Gecko) Chrome/103.0.5060.66 Safari/537.36"
91.211.90.164 - - [25/May/2026:15:16:34 -0400] "POST /blog/wp-comments-post.php HTTP/1.0" 500 2953 "http://isabellascookies.com/blog/?p=4#comment-1373451" "Mozilla/5.0 (Windows NT 10.0; WOW64) AppleWebKit/537.36 (KHTML, like Gecko) Chrome/103.0.0.0 Safari/537.36"
91.211.90.69 - - [25/May/2026:15:16:34 -0400] "GET /blog/?p=4 HTTP/1.0" 200 33706 "http://isabellascookies.com/blog/?p=4#comment-1373451" "Mozilla/5.0 (Windows NT 10.0; Win64; x64) AppleWebKit/537.36 (KHTML, like Gecko) Chrome/103.0.5060.114 Safari/537.36"
91.211.90.69 - - [25/May/2026:15:16:35 -0400] "POST /blog/wp-comments-post.php HTTP/1.0" 500 2953 "http://isabellascookies.com/blog/?p=4#comment-1373451" "Mozilla/5.0 (Windows NT 6.1; Win64; x64) AppleWebKit/537.36 (KHTML, like Gecko) Chrome/103.0.0.0 Safari/537.36"
91.211.90.164 - - [25/May/2026:15:16:35 -0400] "GET /customer/account/login/ HTTP/1.0" 302 - "http://isabellascookies.com/customer/account/login/" "Mozilla/5.0 (Windows NT 6.3; Win64; x64) AppleWebKit/537.36 (KHTML, like Gecko) Chrome/103.0.5060.66 Safari/537.36"
91.211.90.69 - - [25/May/2026:15:16:35 -0400] "POST /blog/wp-comments-post.php HTTP/1.0" 500 2953 "http://isabellascookies.com/blog/?p=4#comment-1373451" "Mozilla/5.0 (Windows NT 10.0; Win64; x64) AppleWebKit/537.36 (KHTML, like Gecko) Chrome/103.0.5060.114 Safari/537.36"
91.211.90.164 - - [25/May/2026:15:16:35 -0400] "GET /customer/account/login/ HTTP/1.0" 302 - "http://isabellascookies.com/customer/account/login/" "Mozilla/5.0 (Windows NT 10.0; WOW64) AppleWebKit/537.36 (KHTML, like Gecko) Chrome/103.0.0.0 Safari/537.36"
91.211.90.69 - - [25/May/2026:15:16:35 -0400] "GET /customer/account/login/ HTTP/1.0" 302 - "http://isabellascookies.com/customer/account/login/" "Mozilla/5.0 (Windows NT 6.1; Win64; x64) AppleWebKit/537.36 (KHTML, like Gecko) Chrome/103.0.0.0 Safari/537.36"
91.211.90.69 - - [25/May/2026:15:16:35 -0400] "GET /customer/account/login/ HTTP/1.0" 302 - "http://isabellascookies.com/customer/account/login/" "Mozilla/5.0 (Windows NT 10.0; Win64; x64) AppleWebKit/537.36 (KHTML, like Gecko) Chrome/103.0.5060.114 Safari/537.36"
216.73.216.61 - - [25/May/2026:15:16:37 -0400] "GET /blog/wp-includes/js/admin-bar.dev.js HTTP/1.1" 200 2304 "-" "Mozilla/5.0 AppleWebKit/537.36 (KHTML, like Gecko; compatible; ClaudeBot/1.0; +claudebot@anthropic.com)"
216.73.216.61 - - [25/May/2026:15:16:37 -0400] "GET /blog/wp-includes/css/admin-bar-rtl.css HTTP/1.1" 200 778 "-" "Mozilla/5.0 AppleWebKit/537.36 (KHTML, like Gecko; compatible; ClaudeBot/1.0; +claudebot@anthropic.com)"
216.73.216.61 - - [25/May/2026:15:16:38 -0400] "GET /blog/wp-includes/js/quicktags.dev.js HTTP/1.1" 200 5421 "-" "Mozilla/5.0 AppleWebKit/537.36 (KHTML, like Gecko; compatible; ClaudeBot/1.0; +claudebot@anthropic.com)"
216.73.216.61 - - [25/May/2026:15:16:38 -0400] "GET /blog/wp-includes/js/json2.dev.js HTTP/1.1" 200 5405 "-" "Mozilla/5.0 AppleWebKit/537.36 (KHTML, like Gecko; compatible; ClaudeBot/1.0; +claudebot@anthropic.com)"
216.73.216.61 - - [25/May/2026:15:16:39 -0400] "GET /blog/wp-includes/js/wp-pointer.js HTTP/1.1" 200 1387 "-" "Mozilla/5.0 AppleWebKit/537.36 (KHTML, like Gecko; compatible; ClaudeBot/1.0; +claudebot@anthropic.com)"
216.73.216.61 - - [25/May/2026:15:16:43 -0400] "GET /blog/wp-includes/js/wp-lists.dev.js HTTP/1.1" 200 2996 "-" "Mozilla/5.0 AppleWebKit/537.36 (KHTML, like Gecko; compatible; ClaudeBot/1.0; +claudebot@anthropic.com)"
216.73.216.61 - - [25/May/2026:15:16:44 -0400] "GET /blog/wp-includes/Text/Diff/ HTTP/1.1" 200 419 "-" "Mozilla/5.0 AppleWebKit/537.36 (KHTML, like Gecko; compatible; ClaudeBot/1.0; +claudebot@anthropic.com)"
216.73.216.61 - - [25/May/2026:15:16:44 -0400] "GET /blog/wp-includes/css/editor-buttons.css HTTP/1.1" 200 6224 "-" "Mozilla/5.0 AppleWebKit/537.36 (KHTML, like Gecko; compatible; ClaudeBot/1.0; +claudebot@anthropic.com)"
216.73.216.61 - - [25/May/2026:15:16:45 -0400] "GET /blog/wp-includes/js/hoverIntent.js HTTP/1.1" 200 543 "-" "Mozilla/5.0 AppleWebKit/537.36 (KHTML, like Gecko; compatible; ClaudeBot/1.0; +claudebot@anthropic.com)"
91.211.90.247 - - [25/May/2026:15:16:45 -0400] "GET /blog/?p=4 HTTP/1.0" 200 33706 "http://isabellascookies.com/blog/?p=4#comment-1373451" "Mozilla/5.0 (Windows NT 10.0; Win64; x64) AppleWebKit/537.36 (KHTML, like Gecko) Chrome/103.0.5060.134 Safari/537.36"
216.73.216.61 - - [25/May/2026:15:16:46 -0400] "GET /blog/wp-includes/theme-compat/sidebar.php HTTP/1.1" 500 - "-" "Mozilla/5.0 AppleWebKit/537.36 (KHTML, like Gecko; compatible; ClaudeBot/1.0; +claudebot@anthropic.com)"
91.211.90.247 - - [25/May/2026:15:16:46 -0400] "POST /blog/wp-comments-post.php HTTP/1.0" 500 2953 "http://isabellascookies.com/blog/?p=4#comment-1373451" "Mozilla/5.0 (Windows NT 10.0; Win64; x64) AppleWebKit/537.36 (KHTML, like Gecko) Chrome/103.0.5060.134 Safari/537.36"
91.211.90.247 - - [25/May/2026:15:16:46 -0400] "GET /customer/account/login/ HTTP/1.0" 302 - "http://isabellascookies.com/customer/account/login/" "Mozilla/5.0 (Windows NT 10.0; Win64; x64) AppleWebKit/537.36 (KHTML, like Gecko) Chrome/103.0.5060.134 Safari/537.36"
185.237.106.211 - - [25/May/2026:15:16:46 -0400] "GET /blog/?p=4 HTTP/1.0" 200 33706 "http://isabellascookies.com/blog/?p=4#comment-1373451" "Mozilla/5.0 (Windows NT 6.3; Win64; x64) AppleWebKit/537.36 (KHTML, like Gecko) Chrome/103.0.0.0 Safari/537.36"
185.237.106.211 - - [25/May/2026:15:16:47 -0400] "POST /blog/wp-comments-post.php HTTP/1.0" 500 2953 "http://isabellascookies.com/blog/?p=4#comment-1373451" "Mozilla/5.0 (Windows NT 6.3; Win64; x64) AppleWebKit/537.36 (KHTML, like Gecko) Chrome/103.0.0.0 Safari/537.36"
185.237.106.211 - - [25/May/2026:15:16:47 -0400] "GET /customer/account/login/ HTTP/1.0" 302 - "http://isabellascookies.com/customer/account/login/" "Mozilla/5.0 (Windows NT 6.3; Win64; x64) AppleWebKit/537.36 (KHTML, like Gecko) Chrome/103.0.0.0 Safari/537.36"
217.147.172.235 - - [25/May/2026:15:16:50 -0400] "GET /blog/?p=4 HTTP/1.0" 200 33706 "http://isabellascookies.com/blog/?p=4#comment-1373451" "Mozilla/5.0 (Windows NT 6.1; WOW64) AppleWebKit/537.36 (KHTML, like Gecko) Chrome/103.0.0.0 Safari/537.36"
217.147.172.235 - - [25/May/2026:15:16:50 -0400] "GET /blog/?p=4 HTTP/1.0" 200 33706 "http://isabellascookies.com/blog/?p=4#comment-1373451" "Mozilla/5.0 (Windows NT 6.3; WOW64) AppleWebKit/537.36 (KHTML, like Gecko) Chrome/103.0.0.0 Safari/537.36"
217.147.172.235 - - [25/May/2026:15:16:51 -0400] "POST /blog/wp-comments-post.php HTTP/1.0" 500 2953 "http://isabellascookies.com/blog/?p=4#comment-1373451" "Mozilla/5.0 (Windows NT 6.1; WOW64) AppleWebKit/537.36 (KHTML, like Gecko) Chrome/103.0.0.0 Safari/537.36"
217.147.172.235 - - [25/May/2026:15:16:51 -0400] "POST /blog/wp-comments-post.php HTTP/1.0" 500 2953 "http://isabellascookies.com/blog/?p=4#comment-1373451" "Mozilla/5.0 (Windows NT 6.3; WOW64) AppleWebKit/537.36 (KHTML, like Gecko) Chrome/103.0.0.0 Safari/537.36"
217.147.172.235 - - [25/May/2026:15:16:51 -0400] "GET /customer/account/login/ HTTP/1.0" 302 - "http://isabellascookies.com/customer/account/login/" "Mozilla/5.0 (Windows NT 6.1; WOW64) AppleWebKit/537.36 (KHTML, like Gecko) Chrome/103.0.0.0 Safari/537.36"
217.147.172.235 - - [25/May/2026:15:16:51 -0400] "GET /customer/account/login/ HTTP/1.0" 302 - "http://isabellascookies.com/customer/account/login/" "Mozilla/5.0 (Windows NT 6.3; WOW64) AppleWebKit/537.36 (KHTML, like Gecko) Chrome/103.0.0.0 Safari/537.36"
216.73.216.61 - - [25/May/2026:15:16:54 -0400] "GET /blog/wp-includes/theme-compat/comments-popup.php HTTP/1.1" 500 - "-" "Mozilla/5.0 AppleWebKit/537.36 (KHTML, like Gecko; compatible; ClaudeBot/1.0; +claudebot@anthropic.com)"
216.73.216.61 - - [25/May/2026:15:16:55 -0400] "GET /blog/wp-includes/pomo/entry.php HTTP/1.1" 200 - "-" "Mozilla/5.0 AppleWebKit/537.36 (KHTML, like Gecko; compatible; ClaudeBot/1.0; +claudebot@anthropic.com)"
216.73.216.61 - - [25/May/2026:15:16:55 -0400] "GET /blog/wp-includes/css/jquery-ui-dialog.css HTTP/1.1" 200 1080 "-" "Mozilla/5.0 AppleWebKit/537.36 (KHTML, like Gecko; compatible; ClaudeBot/1.0; +claudebot@anthropic.com)"
216.73.216.61 - - [25/May/2026:15:16:56 -0400] "GET /blog/wp-includes/js/prototype.js HTTP/1.1" 200 31676 "-" "Mozilla/5.0 AppleWebKit/537.36 (KHTML, like Gecko; compatible; ClaudeBot/1.0; +claudebot@anthropic.com)"
216.73.216.61 - - [25/May/2026:15:16:56 -0400] "GET /blog/wp-includes/theme-compat/error_log HTTP/1.1" 200 267 "-" "Mozilla/5.0 AppleWebKit/537.36 (KHTML, like Gecko; compatible; ClaudeBot/1.0; +claudebot@anthropic.com)"
216.73.216.61 - - [25/May/2026:15:17:13 -0400] "GET /blog/wp-includes/theme-compat/footer.php HTTP/1.1" 500 - "-" "Mozilla/5.0 AppleWebKit/537.36 (KHTML, like Gecko; compatible; ClaudeBot/1.0; +claudebot@anthropic.com)"
216.73.216.61 - - [25/May/2026:15:17:13 -0400] "GET /blog/wp-includes/pomo/mo.php HTTP/1.1" 200 - "-" "Mozilla/5.0 AppleWebKit/537.36 (KHTML, like Gecko; compatible; ClaudeBot/1.0; +claudebot@anthropic.com)"
216.73.216.61 - - [25/May/2026:15:17:13 -0400] "GET /blog/wp-includes/js/autosave.dev.js HTTP/1.1" 200 3590 "-" "Mozilla/5.0 AppleWebKit/537.36 (KHTML, like Gecko; compatible; ClaudeBot/1.0; +claudebot@anthropic.com)"
216.73.216.61 - - [25/May/2026:15:17:14 -0400] "GET /blog/wp-includes/js/wplink.dev.js HTTP/1.1" 200 4763 "-" "Mozilla/5.0 AppleWebKit/537.36 (KHTML, like Gecko; compatible; ClaudeBot/1.0; +claudebot@anthropic.com)"
216.73.216.61 - - [25/May/2026:15:17:14 -0400] "GET /blog/wp-includes/js/tw-sack.dev.js HTTP/1.1" 200 1543 "-" "Mozilla/5.0 AppleWebKit/537.36 (KHTML, like Gecko; compatible; ClaudeBot/1.0; +claudebot@anthropic.com)"
217.147.172.206 - - [25/May/2026:15:17:28 -0400] "GET /blog/?p=4 HTTP/1.0" 200 33706 "http://isabellascookies.com/blog/?p=4#comment-1373451" "Mozilla/5.0 (Windows NT 10.0; Win64; x64) AppleWebKit/537.36 (KHTML, like Gecko) Chrome/103.0.5060.66 Safari/537.36"
217.147.172.206 - - [25/May/2026:15:17:28 -0400] "POST /blog/wp-comments-post.php HTTP/1.0" 500 2953 "http://isabellascookies.com/blog/?p=4#comment-1373451" "Mozilla/5.0 (Windows NT 10.0; Win64; x64) AppleWebKit/537.36 (KHTML, like Gecko) Chrome/103.0.5060.66 Safari/537.36"
217.147.172.206 - - [25/May/2026:15:17:29 -0400] "GET /customer/account/login/ HTTP/1.0" 302 - "http://isabellascookies.com/customer/account/login/" "Mozilla/5.0 (Windows NT 10.0; Win64; x64) AppleWebKit/537.36 (KHTML, like Gecko) Chrome/103.0.5060.66 Safari/537.36"
193.9.48.18 - - [25/May/2026:15:17:33 -0400] "GET /customer/account/login/ HTTP/1.0" 302 - "http://isabellascookies.com/customer/account/login/" "Mozilla/5.0 (Windows NT 10.0; WOW64) AppleWebKit/537.36 (KHTML, like Gecko) Chrome/103.0.5060.114 Safari/537.36"
216.73.216.61 - - [25/May/2026:15:17:43 -0400] "GET /blog/wp-includes/js/json2.js HTTP/1.1" 200 1333 "-" "Mozilla/5.0 AppleWebKit/537.36 (KHTML, like Gecko; compatible; ClaudeBot/1.0; +claudebot@anthropic.com)"
216.73.216.61 - - [25/May/2026:15:17:43 -0400] "GET /blog/wp-includes/js/tinymce/ HTTP/1.1" 200 574 "-" "Mozilla/5.0 AppleWebKit/537.36 (KHTML, like Gecko; compatible; ClaudeBot/1.0; +claudebot@anthropic.com)"
216.73.216.61 - - [25/May/2026:15:17:43 -0400] "GET /blog/wp-includes/js/colorpicker.dev.js HTTP/1.1" 200 8501 "-" "Mozilla/5.0 AppleWebKit/537.36 (KHTML, like Gecko; compatible; ClaudeBot/1.0; +claudebot@anthropic.com)"
216.73.216.61 - - [25/May/2026:15:17:44 -0400] "GET /blog/wp-includes/js/wp-list-revisions.dev.js HTTP/1.1" 200 424 "-" "Mozilla/5.0 AppleWebKit/537.36 (KHTML, like Gecko; compatible; ClaudeBot/1.0; +claudebot@anthropic.com)"
216.73.216.61 - - [25/May/2026:15:17:45 -0400] "GET /blog/wp-includes/pomo/streams.php HTTP/1.1" 200 - "-" "Mozilla/5.0 AppleWebKit/537.36 (KHTML, like Gecko; compatible; ClaudeBot/1.0; +claudebot@anthropic.com)"
216.73.216.61 - - [25/May/2026:15:18:02 -0400] "GET /blog/wp-includes/js/scriptaculous/ HTTP/1.1" 200 549 "-" "Mozilla/5.0 AppleWebKit/537.36 (KHTML, like Gecko; compatible; ClaudeBot/1.0; +claudebot@anthropic.com)"
216.73.216.61 - - [25/May/2026:15:18:03 -0400] "GET /blog/wp-includes/js/admin-bar.js HTTP/1.1" 200 1720 "-" "Mozilla/5.0 AppleWebKit/537.36 (KHTML, like Gecko; compatible; ClaudeBot/1.0; +claudebot@anthropic.com)"
216.73.216.61 - - [25/May/2026:15:18:03 -0400] "GET /blog/wp-includes/js/quicktags.js HTTP/1.1" 200 3155 "-" "Mozilla/5.0 AppleWebKit/537.36 (KHTML, like Gecko; compatible; ClaudeBot/1.0; +claudebot@anthropic.com)"
91.211.90.225 - - [25/May/2026:15:18:03 -0400] "GET /blog/?p=4 HTTP/1.0" 200 33706 "http://isabellascookies.com/blog/?p=4#comment-1373451" "Mozilla/5.0 (Windows NT 10.0; WOW64) AppleWebKit/537.36 (KHTML, like Gecko) Chrome/103.0.5060.114 Safari/537.36"
216.73.216.61 - - [25/May/2026:15:18:04 -0400] "GET /blog/wp-includes/js/wp-ajax-response.dev.js HTTP/1.1" 200 1237 "-" "Mozilla/5.0 AppleWebKit/537.36 (KHTML, like Gecko; compatible; ClaudeBot/1.0; +claudebot@anthropic.com)"
91.211.90.225 - - [25/May/2026:15:18:04 -0400] "POST /blog/wp-comments-post.php HTTP/1.0" 500 2953 "http://isabellascookies.com/blog/?p=4#comment-1373451" "Mozilla/5.0 (Windows NT 10.0; WOW64) AppleWebKit/537.36 (KHTML, like Gecko) Chrome/103.0.5060.114 Safari/537.36"
216.73.216.61 - - [25/May/2026:15:18:04 -0400] "GET /blog/wp-includes/js/swfobject.js HTTP/1.1" 200 3944 "-" "Mozilla/5.0 AppleWebKit/537.36 (KHTML, like Gecko; compatible; ClaudeBot/1.0; +claudebot@anthropic.com)"
91.211.90.225 - - [25/May/2026:15:18:04 -0400] "GET /customer/account/login/ HTTP/1.0" 302 - "http://isabellascookies.com/customer/account/login/" "Mozilla/5.0 (Windows NT 10.0; WOW64) AppleWebKit/537.36 (KHTML, like Gecko) Chrome/103.0.5060.114 Safari/537.36"
216.73.216.61 - - [25/May/2026:15:18:21 -0400] "GET /blog/wp-includes/js/tw-sack.js HTTP/1.1" 200 1195 "-" "Mozilla/5.0 AppleWebKit/537.36 (KHTML, like Gecko; compatible; ClaudeBot/1.0; +claudebot@anthropic.com)"
216.73.216.61 - - [25/May/2026:15:18:21 -0400] "GET /blog/wp-includes/pomo/po.php HTTP/1.1" 200 - "-" "Mozilla/5.0 AppleWebKit/537.36 (KHTML, like Gecko; compatible; ClaudeBot/1.0; +claudebot@anthropic.com)"
216.73.216.61 - - [25/May/2026:15:18:22 -0400] "GET /blog/wp-includes/js/wp-lists.js HTTP/1.1" 200 2672 "-" "Mozilla/5.0 AppleWebKit/537.36 (KHTML, like Gecko; compatible; ClaudeBot/1.0; +claudebot@anthropic.com)"
216.73.216.61 - - [25/May/2026:15:18:22 -0400] "GET /blog/wp-includes/js/thickbox/ HTTP/1.1" 200 479 "-" "Mozilla/5.0 AppleWebKit/537.36 (KHTML, like Gecko; compatible; ClaudeBot/1.0; +claudebot@anthropic.com)"
216.73.216.61 - - [25/May/2026:15:18:22 -0400] "GET /blog/wp-includes/js/jquery/ HTTP/1.1" 200 619 "-" "Mozilla/5.0 AppleWebKit/537.36 (KHTML, like Gecko; compatible; ClaudeBot/1.0; +claudebot@anthropic.com)"
216.73.216.61 - - [25/May/2026:15:18:29 -0400] "GET /blog/wp-includes/js/wp-ajax-response.js HTTP/1.1" 200 985 "-" "Mozilla/5.0 AppleWebKit/537.36 (KHTML, like Gecko; compatible; ClaudeBot/1.0; +claudebot@anthropic.com)"
216.73.216.61 - - [25/May/2026:15:18:30 -0400] "GET /blog/wp-includes/js/autosave.js HTTP/1.1" 200 2313 "-" "Mozilla/5.0 AppleWebKit/537.36 (KHTML, like Gecko; compatible; ClaudeBot/1.0; +claudebot@anthropic.com)"
216.73.216.61 - - [25/May/2026:15:18:30 -0400] "GET /blog/wp-includes/js/wplink.js HTTP/1.1" 200 3199 "-" "Mozilla/5.0 AppleWebKit/537.36 (KHTML, like Gecko; compatible; ClaudeBot/1.0; +claudebot@anthropic.com)"
216.73.216.61 - - [25/May/2026:15:18:31 -0400] "GET /blog/wp-includes/js/wp-list-revisions.js HTTP/1.1" 200 348 "-" "Mozilla/5.0 AppleWebKit/537.36 (KHTML, like Gecko; compatible; ClaudeBot/1.0; +claudebot@anthropic.com)"
216.73.216.61 - - [25/May/2026:15:18:31 -0400] "GET /blog/wp-includes/js/plupload/ HTTP/1.1" 200 546 "-" "Mozilla/5.0 AppleWebKit/537.36 (KHTML, like Gecko; compatible; ClaudeBot/1.0; +claudebot@anthropic.com)"
216.73.216.61 - - [25/May/2026:15:18:37 -0400] "GET /blog/wp-includes/js/jcrop/ HTTP/1.1" 200 449 "-" "Mozilla/5.0 AppleWebKit/537.36 (KHTML, like Gecko; compatible; ClaudeBot/1.0; +claudebot@anthropic.com)"
216.73.216.61 - - [25/May/2026:15:18:38 -0400] "GET /blog/wp-includes/pomo/translations.php HTTP/1.1" 200 - "-" "Mozilla/5.0 AppleWebKit/537.36 (KHTML, like Gecko; compatible; ClaudeBot/1.0; +claudebot@anthropic.com)"
216.73.216.61 - - [25/May/2026:15:18:38 -0400] "GET /blog/wp-includes/js/swfupload/ HTTP/1.1" 200 496 "-" "Mozilla/5.0 AppleWebKit/537.36 (KHTML, like Gecko; compatible; ClaudeBot/1.0; +claudebot@anthropic.com)"
216.73.216.61 - - [25/May/2026:15:18:38 -0400] "GET /blog/wp-includes/js/crop/ HTTP/1.1" 200 445 "-" "Mozilla/5.0 AppleWebKit/537.36 (KHTML, like Gecko; compatible; ClaudeBot/1.0; +claudebot@anthropic.com)"
216.73.216.61 - - [25/May/2026:15:18:39 -0400] "GET /blog/wp-includes/js/colorpicker.js HTTP/1.1" 200 4919 "-" "Mozilla/5.0 AppleWebKit/537.36 (KHTML, like Gecko; compatible; ClaudeBot/1.0; +claudebot@anthropic.com)"
216.73.216.61 - - [25/May/2026:15:18:53 -0400] "GET /blog/wp-includes/images/wlw/ HTTP/1.1" 200 433 "-" "Mozilla/5.0 AppleWebKit/537.36 (KHTML, like Gecko; compatible; ClaudeBot/1.0; +claudebot@anthropic.com)"
216.73.216.61 - - [25/May/2026:15:18:53 -0400] "GET /blog/wp-includes/Text/?C=N&O=D HTTP/1.1" 200 396 "-" "Mozilla/5.0 AppleWebKit/537.36 (KHTML, like Gecko; compatible; ClaudeBot/1.0; +claudebot@anthropic.com)"
216.73.216.61 - - [25/May/2026:15:18:54 -0400] "GET /blog/wp-includes/css/?C=D&O=A HTTP/1.1" 200 548 "-" "Mozilla/5.0 AppleWebKit/537.36 (KHTML, like Gecko; compatible; ClaudeBot/1.0; +claudebot@anthropic.com)"
216.73.216.61 - - [25/May/2026:15:18:54 -0400] "GET /blog/wp-includes/css/?C=S&O=A HTTP/1.1" 200 553 "-" "Mozilla/5.0 AppleWebKit/537.36 (KHTML, like Gecko; compatible; ClaudeBot/1.0; +claudebot@anthropic.com)"
216.73.216.61 - - [25/May/2026:15:18:55 -0400] "GET /blog/wp-includes/css/?C=M&O=A HTTP/1.1" 200 555 "-" "Mozilla/5.0 AppleWebKit/537.36 (KHTML, like Gecko; compatible; ClaudeBot/1.0; +claudebot@anthropic.com)"
216.73.216.61 - - [25/May/2026:15:19:10 -0400] "GET /blog/wp-includes/Text/?C=D&O=A HTTP/1.1" 200 404 "-" "Mozilla/5.0 AppleWebKit/537.36 (KHTML, like Gecko; compatible; ClaudeBot/1.0; +claudebot@anthropic.com)"
216.73.216.61 - - [25/May/2026:15:19:10 -0400] "GET /blog/wp-includes/Text/?C=M&O=A HTTP/1.1" 200 405 "-" "Mozilla/5.0 AppleWebKit/537.36 (KHTML, like Gecko; compatible; ClaudeBot/1.0; +claudebot@anthropic.com)"
216.73.216.61 - - [25/May/2026:15:19:10 -0400] "GET /blog/wp-includes/Text/?C=S&O=A HTTP/1.1" 200 399 "-" "Mozilla/5.0 AppleWebKit/537.36 (KHTML, like Gecko; compatible; ClaudeBot/1.0; +claudebot@anthropic.com)"
216.73.216.61 - - [25/May/2026:15:19:11 -0400] "GET /blog/wp-includes/images/rss.png HTTP/1.1" 200 3341 "-" "Mozilla/5.0 AppleWebKit/537.36 (KHTML, like Gecko; compatible; ClaudeBot/1.0; +claudebot@anthropic.com)"
216.73.216.61 - - [25/May/2026:15:19:11 -0400] "GET /blog/wp-includes/js/imgareaselect/ HTTP/1.1" 200 471 "-" "Mozilla/5.0 AppleWebKit/537.36 (KHTML, like Gecko; compatible; ClaudeBot/1.0; +claudebot@anthropic.com)"
216.73.216.61 - - [25/May/2026:15:19:41 -0400] "GET /blog/wp-includes/images/smilies/ HTTP/1.1" 200 689 "-" "Mozilla/5.0 AppleWebKit/537.36 (KHTML, like Gecko; compatible; ClaudeBot/1.0; +claudebot@anthropic.com)"
216.73.216.61 - - [25/May/2026:15:19:42 -0400] "GET /blog/wp-includes/images/arrow-pointer-blue.png HTTP/1.1" 200 959 "-" "Mozilla/5.0 AppleWebKit/537.36 (KHTML, like Gecko; compatible; ClaudeBot/1.0; +claudebot@anthropic.com)"
216.73.216.61 - - [25/May/2026:15:19:42 -0400] "GET /blog/wp-includes/css/?C=N&O=D HTTP/1.1" 200 542 "-" "Mozilla/5.0 AppleWebKit/537.36 (KHTML, like Gecko; compatible; ClaudeBot/1.0; +claudebot@anthropic.com)"
216.73.216.61 - - [25/May/2026:15:19:43 -0400] "GET /blog/wp-includes/images/crystal/ HTTP/1.1" 200 577 "-" "Mozilla/5.0 AppleWebKit/537.36 (KHTML, like Gecko; compatible; ClaudeBot/1.0; +claudebot@anthropic.com)"
216.73.216.61 - - [25/May/2026:15:19:43 -0400] "GET /blog/wp-includes/images/icon-pointer-flag.png HTTP/1.1" 200 783 "-" "Mozilla/5.0 AppleWebKit/537.36 (KHTML, like Gecko; compatible; ClaudeBot/1.0; +claudebot@anthropic.com)"
193.9.48.18 - - [25/May/2026:15:20:02 -0400] "GET /customer/account/login/ HTTP/1.0" 302 - "http://isabellascookies.com/customer/account/login/" "Mozilla/5.0 (Windows NT 6.1; WOW64) AppleWebKit/537.36 (KHTML, like Gecko) Chrome/103.0.0.0 Safari/537.36"
216.73.216.61 - - [25/May/2026:15:20:05 -0400] "GET /blog/wp-includes/images/wpmini-blue.png HTTP/1.1" 200 958 "-" "Mozilla/5.0 AppleWebKit/537.36 (KHTML, like Gecko; compatible; ClaudeBot/1.0; +claudebot@anthropic.com)"
216.73.216.61 - - [25/May/2026:15:20:05 -0400] "GET /blog/wp-includes/?C=N&O=A HTTP/1.1" 200 1986 "-" "Mozilla/5.0 AppleWebKit/537.36 (KHTML, like Gecko; compatible; ClaudeBot/1.0; +claudebot@anthropic.com)"
216.73.216.61 - - [25/May/2026:15:20:06 -0400] "GET /blog/wp-includes/images/upload.png HTTP/1.1" 200 814 "-" "Mozilla/5.0 AppleWebKit/537.36 (KHTML, like Gecko; compatible; ClaudeBot/1.0; +claudebot@anthropic.com)"
216.73.216.61 - - [25/May/2026:15:20:06 -0400] "GET /blog/wp-includes/js/?C=S&O=A HTTP/1.1" 200 957 "-" "Mozilla/5.0 AppleWebKit/537.36 (KHTML, like Gecko; compatible; ClaudeBot/1.0; +claudebot@anthropic.com)"
216.73.216.61 - - [25/May/2026:15:20:24 -0400] "GET /blog/wp-includes/theme-compat/?C=S&O=A HTTP/1.1" 200 495 "-" "Mozilla/5.0 AppleWebKit/537.36 (KHTML, like Gecko; compatible; ClaudeBot/1.0; +claudebot@anthropic.com)"
216.73.216.61 - - [25/May/2026:15:20:24 -0400] "GET /blog/wp-includes/images/xit.gif HTTP/1.1" 200 182 "-" "Mozilla/5.0 AppleWebKit/537.36 (KHTML, like Gecko; compatible; ClaudeBot/1.0; +claudebot@anthropic.com)"
216.73.216.61 - - [25/May/2026:15:20:25 -0400] "GET /blog/wp-includes/js/?C=D&O=A HTTP/1.1" 200 950 "-" "Mozilla/5.0 AppleWebKit/537.36 (KHTML, like Gecko; compatible; ClaudeBot/1.0; +claudebot@anthropic.com)"
216.73.216.61 - - [25/May/2026:15:20:25 -0400] "GET /blog/wp-includes/js/?C=M&O=A HTTP/1.1" 200 960 "-" "Mozilla/5.0 AppleWebKit/537.36 (KHTML, like Gecko; compatible; ClaudeBot/1.0; +claudebot@anthropic.com)"
91.211.90.117 - - [25/May/2026:15:20:36 -0400] "GET /blog/?p=4 HTTP/1.0" 200 33706 "http://isabellascookies.com/blog/?p=4#comment-1373451" "Mozilla/5.0 (Windows NT 10.0; Win64; x64) AppleWebKit/537.36 (KHTML, like Gecko) Chrome/103.0.5060.53 Safari/537.36"
216.73.216.61 - - [25/May/2026:15:20:36 -0400] "GET /blog/wp-includes/images/blank.gif HTTP/1.1" 200 43 "-" "Mozilla/5.0 AppleWebKit/537.36 (KHTML, like Gecko; compatible; ClaudeBot/1.0; +claudebot@anthropic.com)"
91.211.90.117 - - [25/May/2026:15:20:36 -0400] "POST /blog/wp-comments-post.php HTTP/1.0" 500 2953 "http://isabellascookies.com/blog/?p=4#comment-1373451" "Mozilla/5.0 (Windows NT 10.0; Win64; x64) AppleWebKit/537.36 (KHTML, like Gecko) Chrome/103.0.5060.53 Safari/537.36"
216.73.216.61 - - [25/May/2026:15:20:36 -0400] "GET /blog/wp-includes/?C=D&O=D HTTP/1.1" 200 2018 "-" "Mozilla/5.0 AppleWebKit/537.36 (KHTML, like Gecko; compatible; ClaudeBot/1.0; +claudebot@anthropic.com)"
216.73.216.61 - - [25/May/2026:15:20:37 -0400] "GET /blog/wp-includes/?C=M&O=D HTTP/1.1" 200 2017 "-" "Mozilla/5.0 AppleWebKit/537.36 (KHTML, like Gecko; compatible; ClaudeBot/1.0; +claudebot@anthropic.com)"
91.211.90.117 - - [25/May/2026:15:20:37 -0400] "GET /customer/account/login/ HTTP/1.0" 302 - "http://isabellascookies.com/customer/account/login/" "Mozilla/5.0 (Windows NT 10.0; Win64; x64) AppleWebKit/537.36 (KHTML, like Gecko) Chrome/103.0.5060.53 Safari/537.36"
216.73.216.61 - - [25/May/2026:15:20:37 -0400] "GET /blog/wp-includes/?C=S&O=D HTTP/1.1" 200 2040 "-" "Mozilla/5.0 AppleWebKit/537.36 (KHTML, like Gecko; compatible; ClaudeBot/1.0; +claudebot@anthropic.com)"
216.73.216.61 - - [25/May/2026:15:20:45 -0400] "GET /blog/wp-includes/theme-compat/?C=N&O=D HTTP/1.1" 200 495 "-" "Mozilla/5.0 AppleWebKit/537.36 (KHTML, like Gecko; compatible; ClaudeBot/1.0; +claudebot@anthropic.com)"
216.73.216.61 - - [25/May/2026:15:20:45 -0400] "GET /blog/wp-includes/theme-compat/?C=D&O=A HTTP/1.1" 200 494 "-" "Mozilla/5.0 AppleWebKit/537.36 (KHTML, like Gecko; compatible; ClaudeBot/1.0; +claudebot@anthropic.com)"
216.73.216.61 - - [25/May/2026:15:20:46 -0400] "GET /blog/wp-includes/theme-compat/?C=M&O=A HTTP/1.1" 200 498 "-" "Mozilla/5.0 AppleWebKit/537.36 (KHTML, like Gecko; compatible; ClaudeBot/1.0; +claudebot@anthropic.com)"
216.73.216.61 - - [25/May/2026:15:20:47 -0400] "GET /blog/wp-includes/js/?C=N&O=D HTTP/1.1" 200 965 "-" "Mozilla/5.0 AppleWebKit/537.36 (KHTML, like Gecko; compatible; ClaudeBot/1.0; +claudebot@anthropic.com)"
216.73.216.61 - - [25/May/2026:15:20:51 -0400] "GET /blog/wp-includes/pomo/?C=S&O=A HTTP/1.1" 200 455 "-" "Mozilla/5.0 AppleWebKit/537.36 (KHTML, like Gecko; compatible; ClaudeBot/1.0; +claudebot@anthropic.com)"
216.73.216.61 - - [25/May/2026:15:20:52 -0400] "GET /blog/wp-includes/images/admin-bar-sprite.png HTTP/1.1" 200 3999 "-" "Mozilla/5.0 AppleWebKit/537.36 (KHTML, like Gecko; compatible; ClaudeBot/1.0; +claudebot@anthropic.com)"
216.73.216.61 - - [25/May/2026:15:20:52 -0400] "GET /blog/wp-includes/images/down_arrow.gif HTTP/1.1" 200 60 "-" "Mozilla/5.0 AppleWebKit/537.36 (KHTML, like Gecko; compatible; ClaudeBot/1.0; +claudebot@anthropic.com)"
216.73.216.61 - - [25/May/2026:15:20:53 -0400] "GET /blog/wp-includes/images/toggle-arrow.png HTTP/1.1" 200 3226 "-" "Mozilla/5.0 AppleWebKit/537.36 (KHTML, like Gecko; compatible; ClaudeBot/1.0; +claudebot@anthropic.com)"
51.68.111.238 - - [25/May/2026:15:21:02 -0400] "GET /robots.txt HTTP/1.1" 200 67 "-" "Mozilla/5.0 (compatible; MJ12bot/v2.0.5; http://mj12bot.com/)"
51.68.111.238 - - [25/May/2026:15:21:02 -0400] "GET / HTTP/1.1" 200 8405 "-" "Mozilla/5.0 (compatible; MJ12bot/v2.0.5; http://mj12bot.com/)"
216.73.216.61 - - [25/May/2026:15:21:14 -0400] "GET /blog/wp-includes/images/wpicons.png HTTP/1.1" 200 21059 "-" "Mozilla/5.0 AppleWebKit/537.36 (KHTML, like Gecko; compatible; ClaudeBot/1.0; +claudebot@anthropic.com)"
216.73.216.61 - - [25/May/2026:15:21:14 -0400] "GET /blog/wp-includes/pomo/?C=N&O=D HTTP/1.1" 200 448 "-" "Mozilla/5.0 AppleWebKit/537.36 (KHTML, like Gecko; compatible; ClaudeBot/1.0; +claudebot@anthropic.com)"
216.73.216.61 - - [25/May/2026:15:21:15 -0400] "GET /blog/wp-includes/pomo/?C=D&O=A HTTP/1.1" 200 452 "-" "Mozilla/5.0 AppleWebKit/537.36 (KHTML, like Gecko; compatible; ClaudeBot/1.0; +claudebot@anthropic.com)"
216.73.216.61 - - [25/May/2026:15:21:15 -0400] "GET /blog/wp-includes/pomo/?C=M&O=A HTTP/1.1" 200 453 "-" "Mozilla/5.0 AppleWebKit/537.36 (KHTML, like Gecko; compatible; ClaudeBot/1.0; +claudebot@anthropic.com)"
216.73.216.61 - - [25/May/2026:15:21:23 -0400] "GET /blog/wp-includes/images/?C=N&O=D HTTP/1.1" 200 650 "-" "Mozilla/5.0 AppleWebKit/537.36 (KHTML, like Gecko; compatible; ClaudeBot/1.0; +claudebot@anthropic.com)"
216.73.216.61 - - [25/May/2026:15:21:23 -0400] "GET /blog/wp-includes/images/?C=M&O=A HTTP/1.1" 200 649 "-" "Mozilla/5.0 AppleWebKit/537.36 (KHTML, like Gecko; compatible; ClaudeBot/1.0; +claudebot@anthropic.com)"
216.73.216.61 - - [25/May/2026:15:21:24 -0400] "GET /blog/wp-includes/images/?C=S&O=A HTTP/1.1" 200 646 "-" "Mozilla/5.0 AppleWebKit/537.36 (KHTML, like Gecko; compatible; ClaudeBot/1.0; +claudebot@anthropic.com)"
216.73.216.61 - - [25/May/2026:15:21:24 -0400] "GET /blog/wp-includes/images/?C=D&O=A HTTP/1.1" 200 656 "-" "Mozilla/5.0 AppleWebKit/537.36 (KHTML, like Gecko; compatible; ClaudeBot/1.0; +claudebot@anthropic.com)"
192.111.129.145 - - [25/May/2026:15:22:30 -0400] "GET / HTTP/1.1" 200 8405 "-" "Mozilla/5.0 (Macintosh; Intel Mac OS X 10_15_7) AppleWebKit/537.36 (KHTML, like Gecko) Chrome/132.0.0.0 Safari/537.36; Manus-User/1.0"
192.111.129.145 - - [25/May/2026:15:22:34 -0400] "GET /custom-cookies/letters-numbers-and-messages.html HTTP/1.1" 200 9553 "http://isabellascookies.com/" "Mozilla/5.0 (Macintosh; Intel Mac OS X 10_15_7) AppleWebKit/537.36 (KHTML, like Gecko) Chrome/132.0.0.0 Safari/537.36; Manus-User/1.0"
192.111.129.145 - - [25/May/2026:15:22:39 -0400] "GET /js/calendar/calendar-win2k-1.css HTTP/1.1" 200 1366 "http://isabellascookies.com/custom-cookies/letters-numbers-and-messages.html" "Mozilla/5.0 (Windows NT 10.0; Win64; x64) AppleWebKit/537.36 (KHTML, like Gecko) Chrome/145.0.0.0 Safari/537.36"
192.111.129.145 - - [25/May/2026:15:22:40 -0400] "GET /skin/frontend/default/drjacob/css/styles.css HTTP/1.1" 200 17893 "http://isabellascookies.com/custom-cookies/letters-numbers-and-messages.html" "Mozilla/5.0 (Windows NT 10.0; Win64; x64) AppleWebKit/537.36 (KHTML, like Gecko) Chrome/145.0.0.0 Safari/537.36"
192.111.129.145 - - [25/May/2026:15:22:41 -0400] "GET /skin/frontend/default/drjacob/css/widgets.css HTTP/1.1" 200 1699 "http://isabellascookies.com/custom-cookies/letters-numbers-and-messages.html" "Mozilla/5.0 (Windows NT 10.0; Win64; x64) AppleWebKit/537.36 (KHTML, like Gecko) Chrome/145.0.0.0 Safari/537.36"
192.111.129.145 - - [25/May/2026:15:22:42 -0400] "GET /skin/frontend/default/drjacob/css/all.css HTTP/1.1" 200 16993 "http://isabellascookies.com/custom-cookies/letters-numbers-and-messages.html" "Mozilla/5.0 (Windows NT 10.0; Win64; x64) AppleWebKit/537.36 (KHTML, like Gecko) Chrome/145.0.0.0 Safari/537.36"
192.111.129.145 - - [25/May/2026:15:22:43 -0400] "GET /skin/frontend/default/drjacob/css/belvg/checkoutfields.css HTTP/1.1" 200 699 "http://isabellascookies.com/custom-cookies/letters-numbers-and-messages.html" "Mozilla/5.0 (Windows NT 10.0; Win64; x64) AppleWebKit/537.36 (KHTML, like Gecko) Chrome/145.0.0.0 Safari/537.36"
192.111.129.145 - - [25/May/2026:15:22:44 -0400] "GET /skin/frontend/default/default/css/webtexgiftcards.css HTTP/1.1" 200 245 "http://isabellascookies.com/custom-cookies/letters-numbers-and-messages.html" "Mozilla/5.0 (Windows NT 10.0; Win64; x64) AppleWebKit/537.36 (KHTML, like Gecko) Chrome/145.0.0.0 Safari/537.36"
192.111.129.145 - - [25/May/2026:15:22:46 -0400] "GET /skin/frontend/default/drjacob/css/print.css HTTP/1.1" 200 736 "http://isabellascookies.com/custom-cookies/letters-numbers-and-messages.html" "Mozilla/5.0 (Windows NT 10.0; Win64; x64) AppleWebKit/537.36 (KHTML, like Gecko) Chrome/145.0.0.0 Safari/537.36"
192.111.129.145 - - [25/May/2026:15:22:47 -0400] "GET /skin/frontend/default/drjacob/css/jquery-ui.css HTTP/1.1" 200 5228 "http://isabellascookies.com/custom-cookies/letters-numbers-and-messages.html" "Mozilla/5.0 (Windows NT 10.0; Win64; x64) AppleWebKit/537.36 (KHTML, like Gecko) Chrome/145.0.0.0 Safari/537.36"
91.211.90.206 - - [25/May/2026:15:23:11 -0400] "GET /blog/?p=4 HTTP/1.0" 200 33706 "http://isabellascookies.com/blog/?p=4#comment-1373451" "Mozilla/5.0 (Windows NT 6.1; Win64; x64) AppleWebKit/537.36 (KHTML, like Gecko) Chrome/103.0.5060.66 Safari/537.36"
91.211.90.206 - - [25/May/2026:15:23:11 -0400] "GET /blog/?p=4 HTTP/1.0" 200 33706 "http://isabellascookies.com/blog/?p=4#comment-1373451" "Mozilla/5.0 (Windows NT 10.0; WOW64) AppleWebKit/537.36 (KHTML, like Gecko) Chrome/103.0.0.0 Safari/537.36"
91.211.90.206 - - [25/May/2026:15:23:12 -0400] "POST /blog/wp-comments-post.php HTTP/1.0" 500 2953 "http://isabellascookies.com/blog/?p=4#comment-1373451" "Mozilla/5.0 (Windows NT 10.0; WOW64) AppleWebKit/537.36 (KHTML, like Gecko) Chrome/103.0.0.0 Safari/537.36"
91.211.90.206 - - [25/May/2026:15:23:12 -0400] "POST /blog/wp-comments-post.php HTTP/1.0" 500 2953 "http://isabellascookies.com/blog/?p=4#comment-1373451" "Mozilla/5.0 (Windows NT 6.1; Win64; x64) AppleWebKit/537.36 (KHTML, like Gecko) Chrome/103.0.5060.66 Safari/537.36"
91.211.90.206 - - [25/May/2026:15:23:12 -0400] "GET /customer/account/login/ HTTP/1.0" 302 - "http://isabellascookies.com/customer/account/login/" "Mozilla/5.0 (Windows NT 6.1; Win64; x64) AppleWebKit/537.36 (KHTML, like Gecko) Chrome/103.0.5060.66 Safari/537.36"
91.211.90.206 - - [25/May/2026:15:23:12 -0400] "GET /customer/account/login/ HTTP/1.0" 302 - "http://isabellascookies.com/customer/account/login/" "Mozilla/5.0 (Windows NT 10.0; WOW64) AppleWebKit/537.36 (KHTML, like Gecko) Chrome/103.0.0.0 Safari/537.36"
40.77.167.28 - - [25/May/2026:15:24:41 -0400] "GET /thismonths.html HTTP/1.1" 200 9559 "-" "Mozilla/5.0 AppleWebKit/537.36 (KHTML, like Gecko; compatible; bingbot/2.0; +http://www.bing.com/bingbot.htm) Chrome/116.0.1938.76 Safari/537.36"
185.2.101.6 - - [25/May/2026:15:24:57 -0400] "GET /media/catalog/product/cache/1/thumbnail/210x140/9df78eab33525d08d6e5fb8d27136e95/f/r/frog.png HTTP/1.1" 404 8563 "-" "Mozilla/5.0 (Macintosh; Intel Mac OS X 10_15_7) AppleWebKit/537.36 (KHTML, like Gecko) Chrome/120.0.0.0 Safari/537.36"
119.249.100.49 - - [25/May/2026:15:25:06 -0400] "GET /robots.txt HTTP/1.1" 200 67 "-" "Mozilla/5.0 (Windows NT 10.0; WOW64) AppleWebKit/537.36 (KHTML, like Gecko) Chrome/48.0.2564.116 Safari/537.36"
216.244.66.249 - - [25/May/2026:15:25:54 -0400] "GET /custom-cookies.html?dir=asc&limit=45&order=entity_id&p=4 HTTP/1.1" 200 44648 "-" "Mozilla/5.0 (compatible; DotBot/1.2; +https://opensiteexplorer.org/dotbot; help@moz.com)"
112.144.35.182 - - [25/May/2026:15:27:46 -0400] "GET /media/catalog/product/cache/1/thumbnail/210x140/9df78eab33525d08d6e5fb8d27136e95/h/a/happyemoticon_1.png HTTP/1.1" 404 40689 "-" "Mozilla/5.0 (X11; Ubuntu; Linux x86_64; rv:72.0) Gecko/20100101 Firefox/72.0"
104.219.54.216 - - [25/May/2026:15:29:22 -0400] "GET / HTTP/1.1" 302 - "-" "Mozilla/5.0 (Macintosh; Intel Mac OS X 10_14_6) AppleWebKit/537.36 (KHTML, like Gecko) Chrome/87.0.4280.88 Safari/537.36"
69.87.219.190 - - [25/May/2026:15:29:22 -0400] "GET / HTTP/1.1" 200 8405 "-" "Mozilla/5.0 (Macintosh; Intel Mac OS X 10_14_6) AppleWebKit/537.36 (KHTML, like Gecko) Chrome/87.0.4280.88 Safari/537.36"
91.211.90.113 - - [25/May/2026:15:29:46 -0400] "GET /blog/?p=4 HTTP/1.0" 200 33706 "http://isabellascookies.com/blog/?p=4#comment-1373451" "Mozilla/5.0 (Windows NT 6.3; Win64; x64) AppleWebKit/537.36 (KHTML, like Gecko) Chrome/103.0.5060.66 Safari/537.36"
91.211.90.113 - - [25/May/2026:15:29:46 -0400] "GET /blog/?p=4 HTTP/1.0" 200 33706 "http://isabellascookies.com/blog/?p=4#comment-1373451" "Mozilla/5.0 (Windows NT 6.1; WOW64) AppleWebKit/537.36 (KHTML, like Gecko) Chrome/103.0.0.0 Safari/537.36"
91.211.90.113 - - [25/May/2026:15:29:47 -0400] "POST /blog/wp-comments-post.php HTTP/1.0" 500 2953 "http://isabellascookies.com/blog/?p=4#comment-1373451" "Mozilla/5.0 (Windows NT 6.3; Win64; x64) AppleWebKit/537.36 (KHTML, like Gecko) Chrome/103.0.5060.66 Safari/537.36"
91.211.90.113 - - [25/May/2026:15:29:47 -0400] "POST /blog/wp-comments-post.php HTTP/1.0" 500 2953 "http://isabellascookies.com/blog/?p=4#comment-1373451" "Mozilla/5.0 (Windows NT 6.1; WOW64) AppleWebKit/537.36 (KHTML, like Gecko) Chrome/103.0.0.0 Safari/537.36"
91.211.90.113 - - [25/May/2026:15:29:47 -0400] "GET /customer/account/login/ HTTP/1.0" 302 - "http://isabellascookies.com/customer/account/login/" "Mozilla/5.0 (Windows NT 6.3; Win64; x64) AppleWebKit/537.36 (KHTML, like Gecko) Chrome/103.0.5060.66 Safari/537.36"
91.211.90.113 - - [25/May/2026:15:29:47 -0400] "GET /customer/account/login/ HTTP/1.0" 302 - "http://isabellascookies.com/customer/account/login/" "Mozilla/5.0 (Windows NT 6.1; WOW64) AppleWebKit/537.36 (KHTML, like Gecko) Chrome/103.0.0.0 Safari/537.36"
91.211.90.228 - - [25/May/2026:15:29:49 -0400] "GET /blog/?p=4 HTTP/1.0" 200 33706 "http://isabellascookies.com/blog/?p=4#comment-1373451" "Mozilla/5.0 (Windows NT 10.0; Win64; x64) AppleWebKit/537.36 (KHTML, like Gecko) Chrome/103.0.5060.134 Safari/537.36"
91.211.90.228 - - [25/May/2026:15:29:49 -0400] "GET /blog/?p=4 HTTP/1.0" 200 33706 "http://isabellascookies.com/blog/?p=4#comment-1373451" "Mozilla/5.0 (Windows NT 6.3; Win64; x64) AppleWebKit/537.36 (KHTML, like Gecko) Chrome/103.0.5060.53 Safari/537.36"
91.211.90.228 - - [25/May/2026:15:29:49 -0400] "POST /blog/wp-comments-post.php HTTP/1.0" 500 2953 "http://isabellascookies.com/blog/?p=4#comment-1373451" "Mozilla/5.0 (Windows NT 10.0; Win64; x64) AppleWebKit/537.36 (KHTML, like Gecko) Chrome/103.0.5060.134 Safari/537.36"
91.211.90.228 - - [25/May/2026:15:29:50 -0400] "POST /blog/wp-comments-post.php HTTP/1.0" 500 2953 "http://isabellascookies.com/blog/?p=4#comment-1373451" "Mozilla/5.0 (Windows NT 6.3; Win64; x64) AppleWebKit/537.36 (KHTML, like Gecko) Chrome/103.0.5060.53 Safari/537.36"
91.211.90.228 - - [25/May/2026:15:29:50 -0400] "GET /customer/account/login/ HTTP/1.0" 302 - "http://isabellascookies.com/customer/account/login/" "Mozilla/5.0 (Windows NT 10.0; Win64; x64) AppleWebKit/537.36 (KHTML, like Gecko) Chrome/103.0.5060.134 Safari/537.36"
91.211.90.228 - - [25/May/2026:15:29:50 -0400] "GET /customer/account/login/ HTTP/1.0" 302 - "http://isabellascookies.com/customer/account/login/" "Mozilla/5.0 (Windows NT 6.3; Win64; x64) AppleWebKit/537.36 (KHTML, like Gecko) Chrome/103.0.5060.53 Safari/537.36"
91.211.90.207 - - [25/May/2026:15:29:57 -0400] "GET /blog/?p=4 HTTP/1.0" 200 33706 "http://isabellascookies.com/blog/?p=4#comment-1373451" "Mozilla/5.0 (Windows NT 10.0; Win64; x64) AppleWebKit/537.36 (KHTML, like Gecko) Chrome/103.0.0.0 Safari/537.36"
91.211.90.207 - - [25/May/2026:15:29:58 -0400] "POST /blog/wp-comments-post.php HTTP/1.0" 500 2953 "http://isabellascookies.com/blog/?p=4#comment-1373451" "Mozilla/5.0 (Windows NT 10.0; Win64; x64) AppleWebKit/537.36 (KHTML, like Gecko) Chrome/103.0.0.0 Safari/537.36"
91.211.90.207 - - [25/May/2026:15:30:01 -0400] "GET /blog/?p=4 HTTP/1.0" 200 33706 "http://isabellascookies.com/blog/?p=4#comment-1373451" "Mozilla/5.0 (Windows NT 10.0; Win64; x64) AppleWebKit/537.36 (KHTML, like Gecko) Chrome/103.0.0.0 Safari/537.36"
91.211.90.207 - - [25/May/2026:15:30:01 -0400] "GET /customer/account/login/ HTTP/1.0" 302 - "http://isabellascookies.com/customer/account/login/" "Mozilla/5.0 (Windows NT 10.0; Win64; x64) AppleWebKit/537.36 (KHTML, like Gecko) Chrome/103.0.0.0 Safari/537.36"
91.211.90.207 - - [25/May/2026:15:30:04 -0400] "POST /blog/wp-comments-post.php HTTP/1.0" 500 2953 "http://isabellascookies.com/blog/?p=4#comment-1373451" "Mozilla/5.0 (Windows NT 10.0; Win64; x64) AppleWebKit/537.36 (KHTML, like Gecko) Chrome/103.0.0.0 Safari/537.36"
217.147.172.209 - - [25/May/2026:15:30:04 -0400] "GET /blog/?p=4 HTTP/1.0" 200 33706 "http://isabellascookies.com/blog/?p=4#comment-1373451" "Mozilla/5.0 (Windows NT 6.3; Win64; x64) AppleWebKit/537.36 (KHTML, like Gecko) Chrome/103.0.0.0 Safari/537.36"
217.147.172.209 - - [25/May/2026:15:30:07 -0400] "GET /blog/?p=4 HTTP/1.0" 200 33706 "http://isabellascookies.com/blog/?p=4#comment-1373451" "Mozilla/5.0 (Windows NT 10.0; Win64; x64) AppleWebKit/537.36 (KHTML, like Gecko) Chrome/103.0.5060.134 Safari/537.36"
217.147.172.209 - - [25/May/2026:15:30:08 -0400] "POST /blog/wp-comments-post.php HTTP/1.0" 500 2953 "http://isabellascookies.com/blog/?p=4#comment-1373451" "Mozilla/5.0 (Windows NT 10.0; Win64; x64) AppleWebKit/537.36 (KHTML, like Gecko) Chrome/103.0.5060.134 Safari/537.36"
217.147.172.209 - - [25/May/2026:15:30:08 -0400] "POST /blog/wp-comments-post.php HTTP/1.0" 500 2953 "http://isabellascookies.com/blog/?p=4#comment-1373451" "Mozilla/5.0 (Windows NT 6.3; Win64; x64) AppleWebKit/537.36 (KHTML, like Gecko) Chrome/103.0.0.0 Safari/537.36"
217.147.172.209 - - [25/May/2026:15:30:08 -0400] "GET /customer/account/login/ HTTP/1.0" 302 - "http://isabellascookies.com/customer/account/login/" "Mozilla/5.0 (Windows NT 10.0; Win64; x64) AppleWebKit/537.36 (KHTML, like Gecko) Chrome/103.0.5060.134 Safari/537.36"
217.147.172.209 - - [25/May/2026:15:30:10 -0400] "GET /customer/account/login/ HTTP/1.0" 302 - "http://isabellascookies.com/customer/account/login/" "Mozilla/5.0 (Windows NT 6.3; Win64; x64) AppleWebKit/537.36 (KHTML, like Gecko) Chrome/103.0.0.0 Safari/537.36"
91.211.90.207 - - [25/May/2026:15:30:10 -0400] "GET /customer/account/login/ HTTP/1.0" 302 - "http://isabellascookies.com/customer/account/login/" "Mozilla/5.0 (Windows NT 10.0; Win64; x64) AppleWebKit/537.36 (KHTML, like Gecko) Chrome/103.0.0.0 Safari/537.36"
45.156.158.210 - - [25/May/2026:15:31:05 -0400] "GET /blog/?p=4 HTTP/1.0" 200 33706 "http://isabellascookies.com/blog/?p=4#comment-1373451" "Mozilla/5.0 (Windows NT 10.0; WOW64) AppleWebKit/537.36 (KHTML, like Gecko) Chrome/103.0.0.0 Safari/537.36"
45.156.158.210 - - [25/May/2026:15:31:06 -0400] "GET /blog/?p=4 HTTP/1.0" 200 33706 "http://isabellascookies.com/blog/?p=4#comment-1373451" "Mozilla/5.0 (Windows NT 6.3; Win64; x64) AppleWebKit/537.36 (KHTML, like Gecko) Chrome/103.0.0.0 Safari/537.36"
45.156.158.210 - - [25/May/2026:15:31:06 -0400] "POST /blog/wp-comments-post.php HTTP/1.0" 500 2953 "http://isabellascookies.com/blog/?p=4#comment-1373451" "Mozilla/5.0 (Windows NT 10.0; WOW64) AppleWebKit/537.36 (KHTML, like Gecko) Chrome/103.0.0.0 Safari/537.36"
45.156.158.210 - - [25/May/2026:15:31:07 -0400] "POST /blog/wp-comments-post.php HTTP/1.0" 500 2953 "http://isabellascookies.com/blog/?p=4#comment-1373451" "Mozilla/5.0 (Windows NT 6.3; Win64; x64) AppleWebKit/537.36 (KHTML, like Gecko) Chrome/103.0.0.0 Safari/537.36"
45.156.158.210 - - [25/May/2026:15:31:06 -0400] "GET /customer/account/login/ HTTP/1.0" 302 - "http://isabellascookies.com/customer/account/login/" "Mozilla/5.0 (Windows NT 10.0; WOW64) AppleWebKit/537.36 (KHTML, like Gecko) Chrome/103.0.0.0 Safari/537.36"
45.156.158.210 - - [25/May/2026:15:31:07 -0400] "GET /customer/account/login/ HTTP/1.0" 302 - "http://isabellascookies.com/customer/account/login/" "Mozilla/5.0 (Windows NT 6.3; Win64; x64) AppleWebKit/537.36 (KHTML, like Gecko) Chrome/103.0.0.0 Safari/537.36"
45.156.158.225 - - [25/May/2026:15:31:09 -0400] "GET /blog/?p=4 HTTP/1.0" 200 33706 "http://isabellascookies.com/blog/?p=4#comment-1373451" "Mozilla/5.0 (Windows NT 6.1) AppleWebKit/537.36 (KHTML, like Gecko) Chrome/103.0.5060.114 Safari/537.36"
45.156.158.225 - - [25/May/2026:15:31:09 -0400] "POST /blog/wp-comments-post.php HTTP/1.0" 500 2953 "http://isabellascookies.com/blog/?p=4#comment-1373451" "Mozilla/5.0 (Windows NT 6.1) AppleWebKit/537.36 (KHTML, like Gecko) Chrome/103.0.5060.114 Safari/537.36"
45.156.158.225 - - [25/May/2026:15:31:11 -0400] "GET /blog/?p=4 HTTP/1.0" 200 33706 "http://isabellascookies.com/blog/?p=4#comment-1373451" "Mozilla/5.0 (Windows NT 6.1; WOW64) AppleWebKit/537.36 (KHTML, like Gecko) Chrome/103.0.0.0 Safari/537.36"
45.156.158.225 - - [25/May/2026:15:31:13 -0400] "GET /customer/account/login/ HTTP/1.0" 302 - "http://isabellascookies.com/customer/account/login/" "Mozilla/5.0 (Windows NT 6.1) AppleWebKit/537.36 (KHTML, like Gecko) Chrome/103.0.5060.114 Safari/537.36"
45.156.158.88 - - [25/May/2026:15:31:13 -0400] "GET /blog/?p=4 HTTP/1.0" 200 33706 "http://isabellascookies.com/blog/?p=4#comment-1373451" "Mozilla/5.0 (Windows NT 10.0; Win64; x64) AppleWebKit/537.36 (KHTML, like Gecko) Chrome/103.0.0.0 Safari/537.36 Herring/95.1.8810.11"
45.156.158.88 - - [25/May/2026:15:31:14 -0400] "GET /blog/?p=4 HTTP/1.0" 200 33706 "http://isabellascookies.com/blog/?p=4#comment-1373451" "Mozilla/5.0 (Windows NT 10.0; Win64; x64) AppleWebKit/537.36 (KHTML, like Gecko) Chrome/103.0.5060.114 Safari/537.36"
45.156.158.88 - - [25/May/2026:15:31:14 -0400] "POST /blog/wp-comments-post.php HTTP/1.0" 500 2953 "http://isabellascookies.com/blog/?p=4#comment-1373451" "Mozilla/5.0 (Windows NT 10.0; Win64; x64) AppleWebKit/537.36 (KHTML, like Gecko) Chrome/103.0.5060.114 Safari/537.36"
45.156.158.88 - - [25/May/2026:15:31:17 -0400] "POST /blog/wp-comments-post.php HTTP/1.0" 500 2953 "http://isabellascookies.com/blog/?p=4#comment-1373451" "Mozilla/5.0 (Windows NT 10.0; Win64; x64) AppleWebKit/537.36 (KHTML, like Gecko) Chrome/103.0.0.0 Safari/537.36 Herring/95.1.8810.11"
45.156.158.88 - - [25/May/2026:15:31:17 -0400] "GET /customer/account/login/ HTTP/1.0" 302 - "http://isabellascookies.com/customer/account/login/" "Mozilla/5.0 (Windows NT 10.0; Win64; x64) AppleWebKit/537.36 (KHTML, like Gecko) Chrome/103.0.0.0 Safari/537.36 Herring/95.1.8810.11"
45.156.158.225 - - [25/May/2026:15:31:18 -0400] "POST /blog/wp-comments-post.php HTTP/1.0" 500 2953 "http://isabellascookies.com/blog/?p=4#comment-1373451" "Mozilla/5.0 (Windows NT 6.1; WOW64) AppleWebKit/537.36 (KHTML, like Gecko) Chrome/103.0.0.0 Safari/537.36"
45.156.158.225 - - [25/May/2026:15:31:19 -0400] "GET /customer/account/login/ HTTP/1.0" 302 - "http://isabellascookies.com/customer/account/login/" "Mozilla/5.0 (Windows NT 6.1; WOW64) AppleWebKit/537.36 (KHTML, like Gecko) Chrome/103.0.0.0 Safari/537.36"
45.156.158.88 - - [25/May/2026:15:31:21 -0400] "GET /customer/account/login/ HTTP/1.0" 302 - "http://isabellascookies.com/customer/account/login/" "Mozilla/5.0 (Windows NT 10.0; Win64; x64) AppleWebKit/537.36 (KHTML, like Gecko) Chrome/103.0.5060.114 Safari/537.36"
45.156.158.225 - - [25/May/2026:15:31:39 -0400] "GET /blog/?feed=rss2 HTTP/1.0" 200 3458 "http://isabellascookies.com/blog/?feed=rss2&" "Mozilla/5.0 (Windows NT 6.1; WOW64) AppleWebKit/537.36 (KHTML, like Gecko) Chrome/103.0.0.0 Safari/537.36"
212.34.141.234 - - [25/May/2026:15:34:22 -0400] "GET /blog/?p=4 HTTP/1.0" 200 33706 "http://isabellascookies.com/blog/?p=4" "Mozilla/5.0 (Windows NT 10.0; Win64; x64) AppleWebKit/537.36 (KHTML, like Gecko) Chrome/131.0.0.0 Safari/537.36"
212.34.141.234 - - [25/May/2026:15:34:23 -0400] "POST /blog/wp-comments-post.php HTTP/1.0" 302 - "http://isabellascookies.com/blog/?p=4" "Mozilla/5.0 (Windows NT 10.0; Win64; x64) AppleWebKit/537.36 (KHTML, like Gecko) Chrome/131.0.0.0 Safari/537.36"
212.34.141.234 - - [25/May/2026:15:34:23 -0400] "GET /blog/?p=4 HTTP/1.0" 200 33773 "http://isabellascookies.com/blog/?p=4#comment-1399110" "Mozilla/5.0 (Windows NT 10.0; Win64; x64) AppleWebKit/537.36 (KHTML, like Gecko) Chrome/131.0.0.0 Safari/537.36"
86.48.2.58 - - [25/May/2026:15:34:31 -0400] "GET /media/catalog/product/cache/1/thumbnail/210x140/9df78eab33525d08d6e5fb8d27136e95/c/a/car2.png HTTP/1.1" 404 8563 "-" "Mozilla/5.0 (Macintosh; Intel Mac OS X 10_15_7) AppleWebKit/537.36 (KHTML, like Gecko) Chrome/120.0.0.0 Safari/537.36"
185.237.106.201 - - [25/May/2026:15:35:18 -0400] "GET /blog/?p=4 HTTP/1.0" 200 33706 "http://isabellascookies.com/blog/?p=4#comment-1373451" "Mozilla/5.0 (Windows NT 10.0; Win64; x64) AppleWebKit/537.36 (KHTML, like Gecko) Chrome/103.0.5060.53 Safari/537.36"
