111.225.149.15 - - [25/May/2026:17:08:42 -0400] "GET /media/catalog/product/cache/1/image/100x100/9df78eab33525d08d6e5fb8d27136e95/s/c/scottiesingle_1.jpg HTTP/1.1" 404 40785 "http://isabellascookies.com/scottie.html" "Mozilla/5.0 (Linux; Android 5.0) AppleWebKit/537.36 (KHTML, like Gecko) Mobile Safari/537.36 (compatible; Bytespider; https://zhanzhang.toutiao.com/)"
111.225.149.247 - - [25/May/2026:17:08:43 -0400] "GET /skin/frontend/default/drjacob/images/ingredients_bg_i.png HTTP/1.1" 206 500 "http://isabellascookies.com/skin/frontend/default/drjacob/css/all.css" "Mozilla/5.0 (Linux; Android 5.0) AppleWebKit/537.36 (KHTML, like Gecko) Mobile Safari/537.36 (compatible; Bytespider; https://zhanzhang.toutiao.com/)"
111.225.149.249 - - [25/May/2026:17:08:43 -0400] "GET /skin/frontend/default/drjacob/images/buttonProduct.png HTTP/1.1" 206 500 "http://isabellascookies.com/skin/frontend/default/drjacob/css/all.css" "Mozilla/5.0 (Linux; Android 5.0) AppleWebKit/537.36 (KHTML, like Gecko) Mobile Safari/537.36 (compatible; Bytespider; https://zhanzhang.toutiao.com/)"
111.225.149.239 - - [25/May/2026:17:08:43 -0400] "GET /skin/frontend/default/drjacob/images/productInfoBack.png HTTP/1.1" 206 500 "http://isabellascookies.com/skin/frontend/default/drjacob/css/all.css" "Mozilla/5.0 (Linux; Android 5.0) AppleWebKit/537.36 (KHTML, like Gecko) Mobile Safari/537.36 (compatible; Bytespider; https://zhanzhang.toutiao.com/)"
111.225.149.247 - - [25/May/2026:17:08:43 -0400] "GET /skin/frontend/default/drjacob/images/tabs_shipping_i.png HTTP/1.1" 206 500 "http://isabellascookies.com/skin/frontend/default/drjacob/css/all.css" "Mozilla/5.0 (Linux; Android 5.0) AppleWebKit/537.36 (KHTML, like Gecko) Mobile Safari/537.36 (compatible; Bytespider; https://zhanzhang.toutiao.com/)"
111.225.149.204 - - [25/May/2026:17:08:42 -0400] "GET /media/catalog/product/cache/1/thumbnail/420x415/9df78eab33525d08d6e5fb8d27136e95/s/c/scottie_vector__1.jpg HTTP/1.1" 404 40785 "http://isabellascookies.com/scottie.html" "Mozilla/5.0 (Linux; Android 5.0) AppleWebKit/537.36 (KHTML, like Gecko) Mobile Safari/537.36 (compatible; Bytespider; https://zhanzhang.toutiao.com/)"
111.225.149.249 - - [25/May/2026:17:08:43 -0400] "GET /skin/frontend/default/drjacob/images/border_more_views.png HTTP/1.1" 206 500 "http://isabellascookies.com/skin/frontend/default/drjacob/css/all.css" "Mozilla/5.0 (Linux; Android 5.0) AppleWebKit/537.36 (KHTML, like Gecko) Mobile Safari/537.36 (compatible; Bytespider; https://zhanzhang.toutiao.com/)"
111.225.149.239 - - [25/May/2026:17:08:44 -0400] "GET /skin/frontend/default/drjacob/images/news.png HTTP/1.1" 206 279 "http://isabellascookies.com/skin/frontend/default/drjacob/css/all.css" "Mozilla/5.0 (Linux; Android 5.0) AppleWebKit/537.36 (KHTML, like Gecko) Mobile Safari/537.36 (compatible; Bytespider; https://zhanzhang.toutiao.com/)"
111.225.149.15 - - [25/May/2026:17:08:44 -0400] "GET /skin/frontend/default/drjacob/images/footer_bg.png HTTP/1.1" 206 500 "http://isabellascookies.com/skin/frontend/default/drjacob/css/all.css" "Mozilla/5.0 (Linux; Android 5.0) AppleWebKit/537.36 (KHTML, like Gecko) Mobile Safari/537.36 (compatible; Bytespider; https://zhanzhang.toutiao.com/)"
111.225.149.247 - - [25/May/2026:17:08:44 -0400] "GET /skin/frontend/default/drjacob/images/ingredients_bg.png HTTP/1.1" 206 500 "http://isabellascookies.com/skin/frontend/default/drjacob/css/all.css" "Mozilla/5.0 (Linux; Android 5.0) AppleWebKit/537.36 (KHTML, like Gecko) Mobile Safari/537.36 (compatible; Bytespider; https://zhanzhang.toutiao.com/)"
111.225.149.118 - - [25/May/2026:17:08:42 -0400] "GET /media/catalog/product/cache/1/image/100x100/9df78eab33525d08d6e5fb8d27136e95/s/c/scottie_vector__1.jpg HTTP/1.1" 404 40785 "http://isabellascookies.com/scottie.html" "Mozilla/5.0 (Linux; Android 5.0) AppleWebKit/537.36 (KHTML, like Gecko) Mobile Safari/537.36 (compatible; Bytespider; https://zhanzhang.toutiao.com/)"
111.225.149.204 - - [25/May/2026:17:08:44 -0400] "GET /media/wysiwyg/sweetheart-bite.png HTTP/1.1" 206 500 "http://isabellascookies.com/scottie.html" "Mozilla/5.0 (Linux; Android 5.0) AppleWebKit/537.36 (KHTML, like Gecko) Mobile Safari/537.36 (compatible; Bytespider; https://zhanzhang.toutiao.com/)"
111.225.149.247 - - [25/May/2026:17:08:44 -0400] "GET /skin/frontend/default/drjacob/images/bkg_nav1.png HTTP/1.1" 206 499 "http://isabellascookies.com/skin/frontend/default/drjacob/css/styles.css" "Mozilla/5.0 (Linux; Android 5.0) AppleWebKit/537.36 (KHTML, like Gecko) Mobile Safari/537.36 (compatible; Bytespider; https://zhanzhang.toutiao.com/)"
111.225.149.204 - - [25/May/2026:17:08:45 -0400] "GET /skin/frontend/default/drjacob/images/popup.png HTTP/1.1" 206 500 "http://isabellascookies.com/skin/frontend/default/drjacob/css/all.css" "Mozilla/5.0 (Linux; Android 5.0) AppleWebKit/537.36 (KHTML, like Gecko) Mobile Safari/537.36 (compatible; Bytespider; https://zhanzhang.toutiao.com/)"
111.225.149.249 - - [25/May/2026:17:08:45 -0400] "GET /skin/frontend/default/drjacob/images/normalTextareaWholeSaleForm.png HTTP/1.1" 206 500 "http://isabellascookies.com/skin/frontend/default/drjacob/css/all.css" "Mozilla/5.0 (Linux; Android 5.0) AppleWebKit/537.36 (KHTML, like Gecko) Mobile Safari/537.36 (compatible; Bytespider; https://zhanzhang.toutiao.com/)"
111.225.149.247 - - [25/May/2026:17:08:45 -0400] "GET /skin/frontend/default/drjacob/images/howInputWholeSaleForm.png HTTP/1.1" 206 427 "http://isabellascookies.com/skin/frontend/default/drjacob/css/all.css" "Mozilla/5.0 (Linux; Android 5.0) AppleWebKit/537.36 (KHTML, like Gecko) Mobile Safari/537.36 (compatible; Bytespider; https://zhanzhang.toutiao.com/)"
111.225.149.118 - - [25/May/2026:17:08:45 -0400] "GET /skin/frontend/default/drjacob/css/print.css HTTP/1.1" 200 736 "http://isabellascookies.com/scottie.html" "Mozilla/5.0 (Linux; Android 5.0) AppleWebKit/537.36 (KHTML, like Gecko) Mobile Safari/537.36 (compatible; Bytespider; https://zhanzhang.toutiao.com/)"
111.225.149.15 - - [25/May/2026:17:08:44 -0400] "GET /media/catalog/product/cache/1/image/9df78eab33525d08d6e5fb8d27136e95/s/c/scottiesingle_1.jpg HTTP/1.1" 404 41025 "http://isabellascookies.com/scottie.html" "Mozilla/5.0 (Linux; Android 5.0) AppleWebKit/537.36 (KHTML, like Gecko) Mobile Safari/537.36 (compatible; Bytespider; https://zhanzhang.toutiao.com/)"
111.225.149.239 - - [25/May/2026:17:08:44 -0400] "GET /media/catalog/product/cache/1/image/9df78eab33525d08d6e5fb8d27136e95/s/c/scottie_vector__1.jpg HTTP/1.1" 404 41025 "http://isabellascookies.com/scottie.html" "Mozilla/5.0 (Linux; Android 5.0) AppleWebKit/537.36 (KHTML, like Gecko) Mobile Safari/537.36 (compatible; Bytespider; https://zhanzhang.toutiao.com/)"
110.249.202.152 - - [25/May/2026:17:08:58 -0400] "GET /cookies/b-nana.html HTTP/1.1" 200 12118 "-" "Mozilla/5.0 (Linux; Android 5.0) AppleWebKit/537.36 (KHTML, like Gecko) Mobile Safari/537.36 (compatible; Bytespider; https://zhanzhang.toutiao.com/)"
110.249.202.152 - - [25/May/2026:17:09:00 -0400] "GET /skin/frontend/default/drjacob/css/styles.css HTTP/1.1" 200 17893 "http://isabellascookies.com/cookies/b-nana.html" "Mozilla/5.0 (Linux; Android 5.0) AppleWebKit/537.36 (KHTML, like Gecko) Mobile Safari/537.36 (compatible; Bytespider; https://zhanzhang.toutiao.com/)"
110.249.202.160 - - [25/May/2026:17:09:00 -0400] "GET /skin/frontend/default/default/css/webtexgiftcards.css HTTP/1.1" 200 245 "http://isabellascookies.com/cookies/b-nana.html" "Mozilla/5.0 (Linux; Android 5.0) AppleWebKit/537.36 (KHTML, like Gecko) Mobile Safari/537.36 (compatible; Bytespider; https://zhanzhang.toutiao.com/)"
110.249.202.245 - - [25/May/2026:17:09:00 -0400] "GET /js/prototype/validation.js HTTP/1.1" 200 8479 "http://isabellascookies.com/cookies/b-nana.html" "Mozilla/5.0 (Linux; Android 5.0) AppleWebKit/537.36 (KHTML, like Gecko) Mobile Safari/537.36 (compatible; Bytespider; https://zhanzhang.toutiao.com/)"
110.249.202.160 - - [25/May/2026:17:09:02 -0400] "GET /skin/frontend/default/drjacob/images/search_go.png HTTP/1.1" 206 500 "http://isabellascookies.com/cookies/b-nana.html" "Mozilla/5.0 (Linux; Android 5.0) AppleWebKit/537.36 (KHTML, like Gecko) Mobile Safari/537.36 (compatible; Bytespider; https://zhanzhang.toutiao.com/)"
110.249.202.194 - - [25/May/2026:17:09:02 -0400] "GET /media/menu_cookie_b.png HTTP/1.1" 206 500 "http://isabellascookies.com/cookies/b-nana.html" "Mozilla/5.0 (Linux; Android 5.0) AppleWebKit/537.36 (KHTML, like Gecko) Mobile Safari/537.36 (compatible; Bytespider; https://zhanzhang.toutiao.com/)"
110.249.202.21 - - [25/May/2026:17:09:02 -0400] "GET /media/menu_vegan_b.png HTTP/1.1" 206 500 "http://isabellascookies.com/cookies/b-nana.html" "Mozilla/5.0 (Linux; Android 5.0) AppleWebKit/537.36 (KHTML, like Gecko) Mobile Safari/537.36 (compatible; Bytespider; https://zhanzhang.toutiao.com/)"
110.249.202.152 - - [25/May/2026:17:09:02 -0400] "GET /media/menu_cookie.png HTTP/1.1" 206 500 "http://isabellascookies.com/cookies/b-nana.html" "Mozilla/5.0 (Linux; Android 5.0) AppleWebKit/537.36 (KHTML, like Gecko) Mobile Safari/537.36 (compatible; Bytespider; https://zhanzhang.toutiao.com/)"
110.249.202.84 - - [25/May/2026:17:09:02 -0400] "GET /media/side_bar_sep.png HTTP/1.1" 206 500 "http://isabellascookies.com/cookies/b-nana.html" "Mozilla/5.0 (Linux; Android 5.0) AppleWebKit/537.36 (KHTML, like Gecko) Mobile Safari/537.36 (compatible; Bytespider; https://zhanzhang.toutiao.com/)"
110.249.202.245 - - [25/May/2026:17:09:02 -0400] "GET /skin/frontend/default/drjacob/images/closeModal.png HTTP/1.1" 206 287 "http://isabellascookies.com/cookies/b-nana.html" "Mozilla/5.0 (Linux; Android 5.0) AppleWebKit/537.36 (KHTML, like Gecko) Mobile Safari/537.36 (compatible; Bytespider; https://zhanzhang.toutiao.com/)"
110.249.202.160 - - [25/May/2026:17:09:02 -0400] "GET /skin/frontend/default/drjacob/images/FEEDBACK.png HTTP/1.1" 206 500 "http://isabellascookies.com/cookies/b-nana.html" "Mozilla/5.0 (Linux; Android 5.0) AppleWebKit/537.36 (KHTML, like Gecko) Mobile Safari/537.36 (compatible; Bytespider; https://zhanzhang.toutiao.com/)"
110.249.202.245 - - [25/May/2026:17:09:02 -0400] "GET /skin/frontend/default/drjacob/images/twit_icon_footer.png HTTP/1.1" 206 500 "http://isabellascookies.com/cookies/b-nana.html" "Mozilla/5.0 (Linux; Android 5.0) AppleWebKit/537.36 (KHTML, like Gecko) Mobile Safari/537.36 (compatible; Bytespider; https://zhanzhang.toutiao.com/)"
110.249.202.160 - - [25/May/2026:17:09:03 -0400] "GET /skin/frontend/default/drjacob/images/face_icon_footer.png HTTP/1.1" 206 500 "http://isabellascookies.com/cookies/b-nana.html" "Mozilla/5.0 (Linux; Android 5.0) AppleWebKit/537.36 (KHTML, like Gecko) Mobile Safari/537.36 (compatible; Bytespider; https://zhanzhang.toutiao.com/)"
91.211.90.225 - - [25/May/2026:17:09:03 -0400] "GET /blog/?p=4 HTTP/1.0" 200 33706 "http://isabellascookies.com/blog/?p=4#comment-1373451" "Mozilla/5.0 (Windows NT 10.0; Win64; x64) AppleWebKit/537.36 (KHTML, like Gecko) Chrome/103.0.5060.66 Safari/537.36"
216.73.216.61 - - [25/May/2026:17:09:03 -0400] "GET /blog/wp-includes/js/tinymce/plugins/wpdialogs/ HTTP/1.1" 200 436 "-" "Mozilla/5.0 AppleWebKit/537.36 (KHTML, like Gecko; compatible; ClaudeBot/1.0; +claudebot@anthropic.com)"
110.249.202.245 - - [25/May/2026:17:09:03 -0400] "GET /skin/frontend/default/drjacob/images/icon_pin_footer.png HTTP/1.1" 206 500 "http://isabellascookies.com/cookies/b-nana.html" "Mozilla/5.0 (Linux; Android 5.0) AppleWebKit/537.36 (KHTML, like Gecko) Mobile Safari/537.36 (compatible; Bytespider; https://zhanzhang.toutiao.com/)"
110.249.202.160 - - [25/May/2026:17:09:03 -0400] "GET /skin/frontend/default/drjacob/images/logo_isabella.png HTTP/1.1" 206 500 "http://isabellascookies.com/skin/frontend/default/drjacob/css/all.css" "Mozilla/5.0 (Linux; Android 5.0) AppleWebKit/537.36 (KHTML, like Gecko) Mobile Safari/537.36 (compatible; Bytespider; https://zhanzhang.toutiao.com/)"
110.249.202.194 - - [25/May/2026:17:09:00 -0400] "GET /js/scriptaculous/dragdrop.js HTTP/1.1" 200 7601 "http://isabellascookies.com/cookies/b-nana.html" "Mozilla/5.0 (Linux; Android 5.0) AppleWebKit/537.36 (KHTML, like Gecko) Mobile Safari/537.36 (compatible; Bytespider; https://zhanzhang.toutiao.com/)"
110.249.202.21 - - [25/May/2026:17:09:00 -0400] "GET /js/scriptaculous/effects.js HTTP/1.1" 200 8782 "http://isabellascookies.com/cookies/b-nana.html" "Mozilla/5.0 (Linux; Android 5.0) AppleWebKit/537.36 (KHTML, like Gecko) Mobile Safari/537.36 (compatible; Bytespider; https://zhanzhang.toutiao.com/)"
110.249.202.84 - - [25/May/2026:17:09:00 -0400] "GET /js/prototype/prototype.js HTTP/1.1" 200 37405 "http://isabellascookies.com/cookies/b-nana.html" "Mozilla/5.0 (Linux; Android 5.0) AppleWebKit/537.36 (KHTML, like Gecko) Mobile Safari/537.36 (compatible; Bytespider; https://zhanzhang.toutiao.com/)"
110.249.202.160 - - [25/May/2026:17:09:00 -0400] "GET /js/scriptaculous/slider.js HTTP/1.1" 200 2707 "http://isabellascookies.com/cookies/b-nana.html" "Mozilla/5.0 (Linux; Android 5.0) AppleWebKit/537.36 (KHTML, like Gecko) Mobile Safari/537.36 (compatible; Bytespider; https://zhanzhang.toutiao.com/)"
110.249.202.245 - - [25/May/2026:17:09:00 -0400] "GET /js/scriptaculous/controls.js HTTP/1.1" 200 9049 "http://isabellascookies.com/cookies/b-nana.html" "Mozilla/5.0 (Linux; Android 5.0) AppleWebKit/537.36 (KHTML, like Gecko) Mobile Safari/537.36 (compatible; Bytespider; https://zhanzhang.toutiao.com/)"
110.249.202.194 - - [25/May/2026:17:09:00 -0400] "GET /js/mage/cookies.js HTTP/1.1" 200 1055 "http://isabellascookies.com/cookies/b-nana.html" "Mozilla/5.0 (Linux; Android 5.0) AppleWebKit/537.36 (KHTML, like Gecko) Mobile Safari/537.36 (compatible; Bytespider; https://zhanzhang.toutiao.com/)"
110.249.202.21 - - [25/May/2026:17:09:01 -0400] "GET /js/varien/configurable.js HTTP/1.1" 200 2700 "http://isabellascookies.com/cookies/b-nana.html" "Mozilla/5.0 (Linux; Android 5.0) AppleWebKit/537.36 (KHTML, like Gecko) Mobile Safari/537.36 (compatible; Bytespider; https://zhanzhang.toutiao.com/)"
110.249.202.152 - - [25/May/2026:17:09:01 -0400] "GET /js/varien/product.js HTTP/1.1" 200 5456 "http://isabellascookies.com/cookies/b-nana.html" "Mozilla/5.0 (Linux; Android 5.0) AppleWebKit/537.36 (KHTML, like Gecko) Mobile Safari/537.36 (compatible; Bytespider; https://zhanzhang.toutiao.com/)"
110.249.202.160 - - [25/May/2026:17:09:01 -0400] "GET /skin/frontend/default/drjacob/js/jquery.main.js HTTP/1.1" 200 15867 "http://isabellascookies.com/cookies/b-nana.html" "Mozilla/5.0 (Linux; Android 5.0) AppleWebKit/537.36 (KHTML, like Gecko) Mobile Safari/537.36 (compatible; Bytespider; https://zhanzhang.toutiao.com/)"
110.249.202.194 - - [25/May/2026:17:09:01 -0400] "GET /skin/frontend/default/drjacob/js/Kristen_Normal_ITC_Std_400.font.js HTTP/1.1" 200 11044 "http://isabellascookies.com/cookies/b-nana.html" "Mozilla/5.0 (Linux; Android 5.0) AppleWebKit/537.36 (KHTML, like Gecko) Mobile Safari/537.36 (compatible; Bytespider; https://zhanzhang.toutiao.com/)"
110.249.202.245 - - [25/May/2026:17:09:01 -0400] "GET /skin/frontend/default/drjacob/js/jquery1.7.js HTTP/1.1" 200 33133 "http://isabellascookies.com/cookies/b-nana.html" "Mozilla/5.0 (Linux; Android 5.0) AppleWebKit/537.36 (KHTML, like Gecko) Mobile Safari/537.36 (compatible; Bytespider; https://zhanzhang.toutiao.com/)"
91.211.90.225 - - [25/May/2026:17:09:03 -0400] "POST /blog/wp-comments-post.php HTTP/1.0" 500 2953 "http://isabellascookies.com/blog/?p=4#comment-1373451" "Mozilla/5.0 (Windows NT 10.0; Win64; x64) AppleWebKit/537.36 (KHTML, like Gecko) Chrome/103.0.5060.66 Safari/537.36"
110.249.202.194 - - [25/May/2026:17:09:02 -0400] "GET /media/catalog/product/cache/1/thumbnail/420x415/9df78eab33525d08d6e5fb8d27136e95/b/-/b-nanasingle.jpg HTTP/1.1" 404 40763 "http://isabellascookies.com/cookies/b-nana.html" "Mozilla/5.0 (Linux; Android 5.0) AppleWebKit/537.36 (KHTML, like Gecko) Mobile Safari/537.36 (compatible; Bytespider; https://zhanzhang.toutiao.com/)"
110.249.202.245 - - [25/May/2026:17:09:04 -0400] "GET /skin/frontend/default/drjacob/images/cookies_sizes_bg.png HTTP/1.1" 206 500 "http://isabellascookies.com/skin/frontend/default/drjacob/css/all.css" "Mozilla/5.0 (Linux; Android 5.0) AppleWebKit/537.36 (KHTML, like Gecko) Mobile Safari/537.36 (compatible; Bytespider; https://zhanzhang.toutiao.com/)"
110.249.202.160 - - [25/May/2026:17:09:04 -0400] "GET /skin/frontend/default/drjacob/images/productInfoBack.png HTTP/1.1" 206 500 "http://isabellascookies.com/skin/frontend/default/drjacob/css/all.css" "Mozilla/5.0 (Linux; Android 5.0) AppleWebKit/537.36 (KHTML, like Gecko) Mobile Safari/537.36 (compatible; Bytespider; https://zhanzhang.toutiao.com/)"
216.73.216.61 - - [25/May/2026:17:09:04 -0400] "GET /blog/wp-includes/js/tinymce/plugins/paste/ HTTP/1.1" 200 481 "-" "Mozilla/5.0 AppleWebKit/537.36 (KHTML, like Gecko; compatible; ClaudeBot/1.0; +claudebot@anthropic.com)"
91.211.90.225 - - [25/May/2026:17:09:04 -0400] "GET /customer/account/login/ HTTP/1.0" 302 - "http://isabellascookies.com/customer/account/login/" "Mozilla/5.0 (Windows NT 10.0; Win64; x64) AppleWebKit/537.36 (KHTML, like Gecko) Chrome/103.0.5060.66 Safari/537.36"
110.249.202.245 - - [25/May/2026:17:09:04 -0400] "GET /skin/frontend/default/drjacob/images/buttonProduct.png HTTP/1.1" 206 500 "http://isabellascookies.com/skin/frontend/default/drjacob/css/all.css" "Mozilla/5.0 (Linux; Android 5.0) AppleWebKit/537.36 (KHTML, like Gecko) Mobile Safari/537.36 (compatible; Bytespider; https://zhanzhang.toutiao.com/)"
110.249.202.152 - - [25/May/2026:17:09:02 -0400] "GET /media/catalog/product/cache/1/image/100x100/9df78eab33525d08d6e5fb8d27136e95/b/-/b-nana_vector_.jpg HTTP/1.1" 404 40763 "http://isabellascookies.com/cookies/b-nana.html" "Mozilla/5.0 (Linux; Android 5.0) AppleWebKit/537.36 (KHTML, like Gecko) Mobile Safari/537.36 (compatible; Bytespider; https://zhanzhang.toutiao.com/)"
110.249.202.160 - - [25/May/2026:17:09:04 -0400] "GET /skin/frontend/default/drjacob/images/ingredients_bg_i.png HTTP/1.1" 206 500 "http://isabellascookies.com/skin/frontend/default/drjacob/css/all.css" "Mozilla/5.0 (Linux; Android 5.0) AppleWebKit/537.36 (KHTML, like Gecko) Mobile Safari/537.36 (compatible; Bytespider; https://zhanzhang.toutiao.com/)"
110.249.202.194 - - [25/May/2026:17:09:04 -0400] "GET /skin/frontend/default/drjacob/images/tabs_shipping_i.png HTTP/1.1" 206 500 "http://isabellascookies.com/skin/frontend/default/drjacob/css/all.css" "Mozilla/5.0 (Linux; Android 5.0) AppleWebKit/537.36 (KHTML, like Gecko) Mobile Safari/537.36 (compatible; Bytespider; https://zhanzhang.toutiao.com/)"
110.249.202.245 - - [25/May/2026:17:09:05 -0400] "GET /skin/frontend/default/drjacob/images/footer_bg.png HTTP/1.1" 206 500 "http://isabellascookies.com/skin/frontend/default/drjacob/css/all.css" "Mozilla/5.0 (Linux; Android 5.0) AppleWebKit/537.36 (KHTML, like Gecko) Mobile Safari/537.36 (compatible; Bytespider; https://zhanzhang.toutiao.com/)"
110.249.202.160 - - [25/May/2026:17:09:05 -0400] "GET /skin/frontend/default/drjacob/images/news.png HTTP/1.1" 206 279 "http://isabellascookies.com/skin/frontend/default/drjacob/css/all.css" "Mozilla/5.0 (Linux; Android 5.0) AppleWebKit/537.36 (KHTML, like Gecko) Mobile Safari/537.36 (compatible; Bytespider; https://zhanzhang.toutiao.com/)"
110.249.202.21 - - [25/May/2026:17:09:02 -0400] "GET /media/catalog/product/cache/1/thumbnail/420x415/9df78eab33525d08d6e5fb8d27136e95/b/-/b-nana_vector_.jpg HTTP/1.1" 404 40763 "http://isabellascookies.com/cookies/b-nana.html" "Mozilla/5.0 (Linux; Android 5.0) AppleWebKit/537.36 (KHTML, like Gecko) Mobile Safari/537.36 (compatible; Bytespider; https://zhanzhang.toutiao.com/)"
110.249.202.160 - - [25/May/2026:17:09:05 -0400] "GET /skin/frontend/default/drjacob/images/sep02.png HTTP/1.1" 206 205 "http://isabellascookies.com/skin/frontend/default/drjacob/css/all.css" "Mozilla/5.0 (Linux; Android 5.0) AppleWebKit/537.36 (KHTML, like Gecko) Mobile Safari/537.36 (compatible; Bytespider; https://zhanzhang.toutiao.com/)"
110.249.202.84 - - [25/May/2026:17:09:02 -0400] "GET /media/catalog/product/cache/1/image/100x100/9df78eab33525d08d6e5fb8d27136e95/b/-/b-nanasingle.jpg HTTP/1.1" 404 40763 "http://isabellascookies.com/cookies/b-nana.html" "Mozilla/5.0 (Linux; Android 5.0) AppleWebKit/537.36 (KHTML, like Gecko) Mobile Safari/537.36 (compatible; Bytespider; https://zhanzhang.toutiao.com/)"
110.249.202.152 - - [25/May/2026:17:09:06 -0400] "GET /skin/frontend/default/drjacob/images/howInputWholeSaleForm.png HTTP/1.1" 206 427 "http://isabellascookies.com/skin/frontend/default/drjacob/css/all.css" "Mozilla/5.0 (Linux; Android 5.0) AppleWebKit/537.36 (KHTML, like Gecko) Mobile Safari/537.36 (compatible; Bytespider; https://zhanzhang.toutiao.com/)"
110.249.202.160 - - [25/May/2026:17:09:06 -0400] "GET /media/catalog/product/cache/1/image/9df78eab33525d08d6e5fb8d27136e95/b/-/b-nanasingle.jpg HTTP/1.1" 404 41003 "http://isabellascookies.com/cookies/b-nana.html" "Mozilla/5.0 (Linux; Android 5.0) AppleWebKit/537.36 (KHTML, like Gecko) Mobile Safari/537.36 (compatible; Bytespider; https://zhanzhang.toutiao.com/)"
110.249.202.21 - - [25/May/2026:17:09:06 -0400] "GET /media/catalog/product/cache/1/image/9df78eab33525d08d6e5fb8d27136e95/b/-/b-nana_vector_.jpg HTTP/1.1" 404 41003 "http://isabellascookies.com/cookies/b-nana.html" "Mozilla/5.0 (Linux; Android 5.0) AppleWebKit/537.36 (KHTML, like Gecko) Mobile Safari/537.36 (compatible; Bytespider; https://zhanzhang.toutiao.com/)"
216.73.216.61 - - [25/May/2026:17:09:18 -0400] "GET /blog/wp-includes/js/tinymce/plugins/wpfullscreen/ HTTP/1.1" 200 448 "-" "Mozilla/5.0 AppleWebKit/537.36 (KHTML, like Gecko; compatible; ClaudeBot/1.0; +claudebot@anthropic.com)"
216.73.216.61 - - [25/May/2026:17:09:18 -0400] "GET /blog/wp-includes/js/tinymce/plugins/inlinepopups/ HTTP/1.1" 200 448 "-" "Mozilla/5.0 AppleWebKit/537.36 (KHTML, like Gecko; compatible; ClaudeBot/1.0; +claudebot@anthropic.com)"
67.43.7.42 - - [25/May/2026:17:09:26 -0400] "GET /.well-known/pki-validation/F45C785B0624CDFE6D083E974EB9A5A7.txt HTTP/1.1" 404 - "-" "COMODO DCV"
216.73.216.61 - - [25/May/2026:17:09:39 -0400] "GET /blog/wp-includes/js/tinymce/plugins/tabfocus/ HTTP/1.1" 200 406 "-" "Mozilla/5.0 AppleWebKit/537.36 (KHTML, like Gecko; compatible; ClaudeBot/1.0; +claudebot@anthropic.com)"
216.73.216.61 - - [25/May/2026:17:09:39 -0400] "GET /blog/wp-includes/js/tinymce/plugins/fullscreen/ HTTP/1.1" 200 424 "-" "Mozilla/5.0 AppleWebKit/537.36 (KHTML, like Gecko; compatible; ClaudeBot/1.0; +claudebot@anthropic.com)"
216.73.216.61 - - [25/May/2026:17:09:55 -0400] "GET /blog/wp-includes/js/tinymce/plugins/spellchecker/ HTTP/1.1" 200 539 "-" "Mozilla/5.0 AppleWebKit/537.36 (KHTML, like Gecko; compatible; ClaudeBot/1.0; +claudebot@anthropic.com)"
216.73.216.61 - - [25/May/2026:17:09:55 -0400] "GET /blog/wp-includes/js/tinymce/plugins/directionality/ HTTP/1.1" 200 405 "-" "Mozilla/5.0 AppleWebKit/537.36 (KHTML, like Gecko; compatible; ClaudeBot/1.0; +claudebot@anthropic.com)"
111.225.149.40 - - [25/May/2026:17:10:00 -0400] "GET /skin/frontend/default/drjacob/css/jquery-ui.css HTTP/1.1" 200 5228 "http://staging.isabellascookies.com/" "Mozilla/5.0 (Linux; Android 5.0) AppleWebKit/537.36 (KHTML, like Gecko) Mobile Safari/537.36 (compatible; Bytespider; https://zhanzhang.toutiao.com/)"
111.225.149.25 - - [25/May/2026:17:10:00 -0400] "GET /skin/frontend/default/drjacob/js/jquery1.7.js HTTP/1.1" 200 33133 "http://staging.isabellascookies.com/" "Mozilla/5.0 (Linux; Android 5.0) AppleWebKit/537.36 (KHTML, like Gecko) Mobile Safari/537.36 (compatible; Bytespider; https://zhanzhang.toutiao.com/)"
216.73.216.61 - - [25/May/2026:17:10:08 -0400] "GET /blog/wp-includes/js/tinymce/plugins/wpgallery/ HTTP/1.1" 200 445 "-" "Mozilla/5.0 AppleWebKit/537.36 (KHTML, like Gecko; compatible; ClaudeBot/1.0; +claudebot@anthropic.com)"
216.73.216.61 - - [25/May/2026:17:10:08 -0400] "GET /blog/wp-includes/js/tinymce/plugins/wpeditimage/ HTTP/1.1" 200 482 "-" "Mozilla/5.0 AppleWebKit/537.36 (KHTML, like Gecko; compatible; ClaudeBot/1.0; +claudebot@anthropic.com)"
111.225.149.47 - - [25/May/2026:17:10:18 -0400] "GET /isabella-s-original-1.html HTTP/1.1" 200 11845 "-" "Mozilla/5.0 (Linux; Android 5.0) AppleWebKit/537.36 (KHTML, like Gecko) Mobile Safari/537.36 (compatible; Bytespider; https://zhanzhang.toutiao.com/)"
111.225.149.47 - - [25/May/2026:17:10:19 -0400] "GET /skin/frontend/default/drjacob/css/widgets.css HTTP/1.1" 200 1699 "http://isabellascookies.com/isabella-s-original-1.html" "Mozilla/5.0 (Linux; Android 5.0) AppleWebKit/537.36 (KHTML, like Gecko) Mobile Safari/537.36 (compatible; Bytespider; https://zhanzhang.toutiao.com/)"
111.225.149.246 - - [25/May/2026:17:10:19 -0400] "GET /js/prototype/prototype.js HTTP/1.1" 200 37405 "http://isabellascookies.com/isabella-s-original-1.html" "Mozilla/5.0 (Linux; Android 5.0) AppleWebKit/537.36 (KHTML, like Gecko) Mobile Safari/537.36 (compatible; Bytespider; https://zhanzhang.toutiao.com/)"
111.225.149.80 - - [25/May/2026:17:10:19 -0400] "GET /js/prototype/validation.js HTTP/1.1" 200 8479 "http://isabellascookies.com/isabella-s-original-1.html" "Mozilla/5.0 (Linux; Android 5.0) AppleWebKit/537.36 (KHTML, like Gecko) Mobile Safari/537.36 (compatible; Bytespider; https://zhanzhang.toutiao.com/)"
111.225.149.119 - - [25/May/2026:17:10:19 -0400] "GET /js/scriptaculous/controls.js HTTP/1.1" 200 9049 "http://isabellascookies.com/isabella-s-original-1.html" "Mozilla/5.0 (Linux; Android 5.0) AppleWebKit/537.36 (KHTML, like Gecko) Mobile Safari/537.36 (compatible; Bytespider; https://zhanzhang.toutiao.com/)"
111.225.149.242 - - [25/May/2026:17:10:19 -0400] "GET /js/varien/js.js HTTP/1.1" 200 6131 "http://isabellascookies.com/isabella-s-original-1.html" "Mozilla/5.0 (Linux; Android 5.0) AppleWebKit/537.36 (KHTML, like Gecko) Mobile Safari/537.36 (compatible; Bytespider; https://zhanzhang.toutiao.com/)"
111.225.149.111 - - [25/May/2026:17:10:19 -0400] "GET /js/scriptaculous/slider.js HTTP/1.1" 200 2707 "http://isabellascookies.com/isabella-s-original-1.html" "Mozilla/5.0 (Linux; Android 5.0) AppleWebKit/537.36 (KHTML, like Gecko) Mobile Safari/537.36 (compatible; Bytespider; https://zhanzhang.toutiao.com/)"
111.225.149.80 - - [25/May/2026:17:10:19 -0400] "GET /js/varien/configurable.js HTTP/1.1" 200 2700 "http://isabellascookies.com/isabella-s-original-1.html" "Mozilla/5.0 (Linux; Android 5.0) AppleWebKit/537.36 (KHTML, like Gecko) Mobile Safari/537.36 (compatible; Bytespider; https://zhanzhang.toutiao.com/)"
111.225.149.47 - - [25/May/2026:17:10:20 -0400] "GET /js/varien/menu.js HTTP/1.1" 200 1450 "http://isabellascookies.com/isabella-s-original-1.html" "Mozilla/5.0 (Linux; Android 5.0) AppleWebKit/537.36 (KHTML, like Gecko) Mobile Safari/537.36 (compatible; Bytespider; https://zhanzhang.toutiao.com/)"
111.225.149.119 - - [25/May/2026:17:10:20 -0400] "GET /skin/frontend/default/drjacob/js/jquery.main.js HTTP/1.1" 200 15867 "http://isabellascookies.com/isabella-s-original-1.html" "Mozilla/5.0 (Linux; Android 5.0) AppleWebKit/537.36 (KHTML, like Gecko) Mobile Safari/537.36 (compatible; Bytespider; https://zhanzhang.toutiao.com/)"
111.225.149.242 - - [25/May/2026:17:10:20 -0400] "GET /skin/frontend/default/drjacob/js/jquery-1.6.3.min.js HTTP/1.1" 200 32049 "http://isabellascookies.com/isabella-s-original-1.html" "Mozilla/5.0 (Linux; Android 5.0) AppleWebKit/537.36 (KHTML, like Gecko) Mobile Safari/537.36 (compatible; Bytespider; https://zhanzhang.toutiao.com/)"
111.225.149.111 - - [25/May/2026:17:10:20 -0400] "GET /skin/frontend/default/drjacob/js/jquery1.7.js HTTP/1.1" 200 33133 "http://isabellascookies.com/isabella-s-original-1.html" "Mozilla/5.0 (Linux; Android 5.0) AppleWebKit/537.36 (KHTML, like Gecko) Mobile Safari/537.36 (compatible; Bytespider; https://zhanzhang.toutiao.com/)"
111.225.149.246 - - [25/May/2026:17:10:20 -0400] "GET /skin/frontend/default/drjacob/images/icon_pin.png HTTP/1.1" 206 500 "http://isabellascookies.com/isabella-s-original-1.html" "Mozilla/5.0 (Linux; Android 5.0) AppleWebKit/537.36 (KHTML, like Gecko) Mobile Safari/537.36 (compatible; Bytespider; https://zhanzhang.toutiao.com/)"
111.225.149.242 - - [25/May/2026:17:10:20 -0400] "GET /skin/frontend/default/drjacob/images/insta_header.png HTTP/1.1" 206 500 "http://isabellascookies.com/isabella-s-original-1.html" "Mozilla/5.0 (Linux; Android 5.0) AppleWebKit/537.36 (KHTML, like Gecko) Mobile Safari/537.36 (compatible; Bytespider; https://zhanzhang.toutiao.com/)"
111.225.149.111 - - [25/May/2026:17:10:20 -0400] "GET /skin/frontend/default/drjacob/images/search_go.png HTTP/1.1" 206 500 "http://isabellascookies.com/isabella-s-original-1.html" "Mozilla/5.0 (Linux; Android 5.0) AppleWebKit/537.36 (KHTML, like Gecko) Mobile Safari/537.36 (compatible; Bytespider; https://zhanzhang.toutiao.com/)"
111.225.149.119 - - [25/May/2026:17:10:21 -0400] "GET /media/wysiwyg/spring-nobite.png HTTP/1.1" 206 500 "http://isabellascookies.com/isabella-s-original-1.html" "Mozilla/5.0 (Linux; Android 5.0) AppleWebKit/537.36 (KHTML, like Gecko) Mobile Safari/537.36 (compatible; Bytespider; https://zhanzhang.toutiao.com/)"
111.225.149.246 - - [25/May/2026:17:10:21 -0400] "GET /media/menu_cookie_b.png HTTP/1.1" 206 500 "http://isabellascookies.com/isabella-s-original-1.html" "Mozilla/5.0 (Linux; Android 5.0) AppleWebKit/537.36 (KHTML, like Gecko) Mobile Safari/537.36 (compatible; Bytespider; https://zhanzhang.toutiao.com/)"
111.225.149.47 - - [25/May/2026:17:10:21 -0400] "GET /media/menu_vegan.png HTTP/1.1" 206 500 "http://isabellascookies.com/isabella-s-original-1.html" "Mozilla/5.0 (Linux; Android 5.0) AppleWebKit/537.36 (KHTML, like Gecko) Mobile Safari/537.36 (compatible; Bytespider; https://zhanzhang.toutiao.com/)"
111.225.149.80 - - [25/May/2026:17:10:21 -0400] "GET /media/wysiwyg/sweetheart-nobite.png HTTP/1.1" 206 500 "http://isabellascookies.com/isabella-s-original-1.html" "Mozilla/5.0 (Linux; Android 5.0) AppleWebKit/537.36 (KHTML, like Gecko) Mobile Safari/537.36 (compatible; Bytespider; https://zhanzhang.toutiao.com/)"
111.225.149.242 - - [25/May/2026:17:10:21 -0400] "GET /media/side_bar_sep.png HTTP/1.1" 206 500 "http://isabellascookies.com/isabella-s-original-1.html" "Mozilla/5.0 (Linux; Android 5.0) AppleWebKit/537.36 (KHTML, like Gecko) Mobile Safari/537.36 (compatible; Bytespider; https://zhanzhang.toutiao.com/)"
111.225.149.246 - - [25/May/2026:17:10:21 -0400] "GET /skin/frontend/default/drjacob/images/PRESS_icon_isabellas.png HTTP/1.1" 206 500 "http://isabellascookies.com/isabella-s-original-1.html" "Mozilla/5.0 (Linux; Android 5.0) AppleWebKit/537.36 (KHTML, like Gecko) Mobile Safari/537.36 (compatible; Bytespider; https://zhanzhang.toutiao.com/)"
111.225.149.246 - - [25/May/2026:17:10:21 -0400] "GET /skin/frontend/default/drjacob/images/face_icon_footer.png HTTP/1.1" 206 500 "http://isabellascookies.com/isabella-s-original-1.html" "Mozilla/5.0 (Linux; Android 5.0) AppleWebKit/537.36 (KHTML, like Gecko) Mobile Safari/537.36 (compatible; Bytespider; https://zhanzhang.toutiao.com/)"
111.225.149.111 - - [25/May/2026:17:10:21 -0400] "GET /media/catalog/product/cache/1/thumbnail/420x415/9df78eab33525d08d6e5fb8d27136e95/i/s/isaoriginal_vector_.jpg HTTP/1.1" 404 40785 "http://isabellascookies.com/isabella-s-original-1.html" "Mozilla/5.0 (Linux; Android 5.0) AppleWebKit/537.36 (KHTML, like Gecko) Mobile Safari/537.36 (compatible; Bytespider; https://zhanzhang.toutiao.com/)"
111.225.149.119 - - [25/May/2026:17:10:21 -0400] "GET /media/catalog/product/cache/1/thumbnail/420x415/9df78eab33525d08d6e5fb8d27136e95/i/s/isaoriginalsingle.jpg HTTP/1.1" 404 40785 "http://isabellascookies.com/isabella-s-original-1.html" "Mozilla/5.0 (Linux; Android 5.0) AppleWebKit/537.36 (KHTML, like Gecko) Mobile Safari/537.36 (compatible; Bytespider; https://zhanzhang.toutiao.com/)"
111.225.149.47 - - [25/May/2026:17:10:21 -0400] "GET /media/catalog/product/cache/1/image/100x100/9df78eab33525d08d6e5fb8d27136e95/o/r/original_bag_.jpg HTTP/1.1" 404 40785 "http://isabellascookies.com/isabella-s-original-1.html" "Mozilla/5.0 (Linux; Android 5.0) AppleWebKit/537.36 (KHTML, like Gecko) Mobile Safari/537.36 (compatible; Bytespider; https://zhanzhang.toutiao.com/)"
111.225.149.111 - - [25/May/2026:17:10:22 -0400] "GET /skin/frontend/default/drjacob/images/main/top_back.png HTTP/1.1" 206 500 "http://isabellascookies.com/skin/frontend/default/drjacob/css/all.css" "Mozilla/5.0 (Linux; Android 5.0) AppleWebKit/537.36 (KHTML, like Gecko) Mobile Safari/537.36 (compatible; Bytespider; https://zhanzhang.toutiao.com/)"
111.225.149.119 - - [25/May/2026:17:10:23 -0400] "GET /skin/frontend/default/drjacob/images/border_toolbar1.png HTTP/1.1" 206 500 "http://isabellascookies.com/skin/frontend/default/drjacob/css/all.css" "Mozilla/5.0 (Linux; Android 5.0) AppleWebKit/537.36 (KHTML, like Gecko) Mobile Safari/537.36 (compatible; Bytespider; https://zhanzhang.toutiao.com/)"
111.225.149.111 - - [25/May/2026:17:10:23 -0400] "GET /skin/frontend/default/drjacob/images/main/body_back.png HTTP/1.1" 206 500 "http://isabellascookies.com/skin/frontend/default/drjacob/css/all.css" "Mozilla/5.0 (Linux; Android 5.0) AppleWebKit/537.36 (KHTML, like Gecko) Mobile Safari/537.36 (compatible; Bytespider; https://zhanzhang.toutiao.com/)"
111.225.149.246 - - [25/May/2026:17:10:22 -0400] "GET /media/catalog/product/cache/1/image/100x100/9df78eab33525d08d6e5fb8d27136e95/i/s/isaoriginal_vector_.jpg HTTP/1.1" 404 40785 "http://isabellascookies.com/isabella-s-original-1.html" "Mozilla/5.0 (Linux; Android 5.0) AppleWebKit/537.36 (KHTML, like Gecko) Mobile Safari/537.36 (compatible; Bytespider; https://zhanzhang.toutiao.com/)"
111.225.149.119 - - [25/May/2026:17:10:23 -0400] "GET /skin/frontend/default/drjacob/images/cookies_sizes_bg.png HTTP/1.1" 206 500 "http://isabellascookies.com/skin/frontend/default/drjacob/css/all.css" "Mozilla/5.0 (Linux; Android 5.0) AppleWebKit/537.36 (KHTML, like Gecko) Mobile Safari/537.36 (compatible; Bytespider; https://zhanzhang.toutiao.com/)"
111.225.149.111 - - [25/May/2026:17:10:23 -0400] "GET /skin/frontend/default/drjacob/images/add_to_bag_bg.png HTTP/1.1" 206 500 "http://isabellascookies.com/skin/frontend/default/drjacob/css/all.css" "Mozilla/5.0 (Linux; Android 5.0) AppleWebKit/537.36 (KHTML, like Gecko) Mobile Safari/537.36 (compatible; Bytespider; https://zhanzhang.toutiao.com/)"
111.225.149.47 - - [25/May/2026:17:10:23 -0400] "GET /skin/frontend/default/drjacob/images/buttonProduct.png HTTP/1.1" 206 500 "http://isabellascookies.com/skin/frontend/default/drjacob/css/all.css" "Mozilla/5.0 (Linux; Android 5.0) AppleWebKit/537.36 (KHTML, like Gecko) Mobile Safari/537.36 (compatible; Bytespider; https://zhanzhang.toutiao.com/)"
111.225.149.80 - - [25/May/2026:17:10:21 -0400] "GET /media/catalog/product/cache/1/thumbnail/420x415/9df78eab33525d08d6e5fb8d27136e95/o/r/original_bag_.jpg HTTP/1.1" 404 40785 "http://isabellascookies.com/isabella-s-original-1.html" "Mozilla/5.0 (Linux; Android 5.0) AppleWebKit/537.36 (KHTML, like Gecko) Mobile Safari/537.36 (compatible; Bytespider; https://zhanzhang.toutiao.com/)"
111.225.149.119 - - [25/May/2026:17:10:24 -0400] "GET /skin/frontend/default/drjacob/images/ingredients_bg_i.png HTTP/1.1" 206 500 "http://isabellascookies.com/skin/frontend/default/drjacob/css/all.css" "Mozilla/5.0 (Linux; Android 5.0) AppleWebKit/537.36 (KHTML, like Gecko) Mobile Safari/537.36 (compatible; Bytespider; https://zhanzhang.toutiao.com/)"
111.225.149.111 - - [25/May/2026:17:10:24 -0400] "GET /skin/frontend/default/drjacob/images/productInfoBack.png HTTP/1.1" 206 500 "http://isabellascookies.com/skin/frontend/default/drjacob/css/all.css" "Mozilla/5.0 (Linux; Android 5.0) AppleWebKit/537.36 (KHTML, like Gecko) Mobile Safari/537.36 (compatible; Bytespider; https://zhanzhang.toutiao.com/)"
111.225.149.47 - - [25/May/2026:17:10:24 -0400] "GET /skin/frontend/default/drjacob/images/tabs_shipping_i.png HTTP/1.1" 206 500 "http://isabellascookies.com/skin/frontend/default/drjacob/css/all.css" "Mozilla/5.0 (Linux; Android 5.0) AppleWebKit/537.36 (KHTML, like Gecko) Mobile Safari/537.36 (compatible; Bytespider; https://zhanzhang.toutiao.com/)"
111.225.149.246 - - [25/May/2026:17:10:24 -0400] "GET /skin/frontend/default/drjacob/images/sep02.png HTTP/1.1" 206 205 "http://isabellascookies.com/skin/frontend/default/drjacob/css/all.css" "Mozilla/5.0 (Linux; Android 5.0) AppleWebKit/537.36 (KHTML, like Gecko) Mobile Safari/537.36 (compatible; Bytespider; https://zhanzhang.toutiao.com/)"
111.225.149.242 - - [25/May/2026:17:10:21 -0400] "GET /media/catalog/product/cache/1/image/100x100/9df78eab33525d08d6e5fb8d27136e95/i/s/isaoriginalsingle.jpg HTTP/1.1" 404 40785 "http://isabellascookies.com/isabella-s-original-1.html" "Mozilla/5.0 (Linux; Android 5.0) AppleWebKit/537.36 (KHTML, like Gecko) Mobile Safari/537.36 (compatible; Bytespider; https://zhanzhang.toutiao.com/)"
216.73.216.61 - - [25/May/2026:17:10:24 -0400] "GET /blog/wp-includes/js/tinymce/plugins/wplink/ HTTP/1.1" 200 421 "-" "Mozilla/5.0 AppleWebKit/537.36 (KHTML, like Gecko; compatible; ClaudeBot/1.0; +claudebot@anthropic.com)"
111.225.149.246 - - [25/May/2026:17:10:25 -0400] "GET /skin/frontend/default/drjacob/images/normalTextareaWholeSaleForm.png HTTP/1.1" 206 500 "http://isabellascookies.com/skin/frontend/default/drjacob/css/all.css" "Mozilla/5.0 (Linux; Android 5.0) AppleWebKit/537.36 (KHTML, like Gecko) Mobile Safari/537.36 (compatible; Bytespider; https://zhanzhang.toutiao.com/)"
111.225.149.80 - - [25/May/2026:17:10:25 -0400] "GET /skin/frontend/default/drjacob/images/howInputWholeSaleForm.png HTTP/1.1" 206 427 "http://isabellascookies.com/skin/frontend/default/drjacob/css/all.css" "Mozilla/5.0 (Linux; Android 5.0) AppleWebKit/537.36 (KHTML, like Gecko) Mobile Safari/537.36 (compatible; Bytespider; https://zhanzhang.toutiao.com/)"
216.73.216.61 - - [25/May/2026:17:10:25 -0400] "GET /blog/wp-includes/js/tinymce/plugins/media/ HTTP/1.1" 200 477 "-" "Mozilla/5.0 AppleWebKit/537.36 (KHTML, like Gecko; compatible; ClaudeBot/1.0; +claudebot@anthropic.com)"
111.225.149.246 - - [25/May/2026:17:10:25 -0400] "GET /skin/frontend/default/drjacob/css/print.css HTTP/1.1" 200 736 "http://isabellascookies.com/isabella-s-original-1.html" "Mozilla/5.0 (Linux; Android 5.0) AppleWebKit/537.36 (KHTML, like Gecko) Mobile Safari/537.36 (compatible; Bytespider; https://zhanzhang.toutiao.com/)"
111.225.149.119 - - [25/May/2026:17:10:24 -0400] "GET /media/catalog/product/cache/1/image/9df78eab33525d08d6e5fb8d27136e95/i/s/isaoriginalsingle.jpg HTTP/1.1" 404 41025 "http://isabellascookies.com/isabella-s-original-1.html" "Mozilla/5.0 (Linux; Android 5.0) AppleWebKit/537.36 (KHTML, like Gecko) Mobile Safari/537.36 (compatible; Bytespider; https://zhanzhang.toutiao.com/)"
111.225.149.47 - - [25/May/2026:17:10:24 -0400] "GET /media/catalog/product/cache/1/image/9df78eab33525d08d6e5fb8d27136e95/o/r/original_bag_.jpg HTTP/1.1" 404 41025 "http://isabellascookies.com/isabella-s-original-1.html" "Mozilla/5.0 (Linux; Android 5.0) AppleWebKit/537.36 (KHTML, like Gecko) Mobile Safari/537.36 (compatible; Bytespider; https://zhanzhang.toutiao.com/)"
111.225.149.111 - - [25/May/2026:17:10:24 -0400] "GET /media/catalog/product/cache/1/image/9df78eab33525d08d6e5fb8d27136e95/i/s/isaoriginal_vector_.jpg HTTP/1.1" 404 41025 "http://isabellascookies.com/isabella-s-original-1.html" "Mozilla/5.0 (Linux; Android 5.0) AppleWebKit/537.36 (KHTML, like Gecko) Mobile Safari/537.36 (compatible; Bytespider; https://zhanzhang.toutiao.com/)"
110.249.201.54 - - [25/May/2026:17:10:59 -0400] "GET /press/toofab/ HTTP/1.1" 200 6740 "-" "Mozilla/5.0 (Linux; Android 5.0) AppleWebKit/537.36 (KHTML, like Gecko) Mobile Safari/537.36 (compatible; Bytespider; https://zhanzhang.toutiao.com/)"
110.249.201.54 - - [25/May/2026:17:11:00 -0400] "GET /press/wp-content/themes/mygrid2/style.css HTTP/1.1" 200 5647 "http://isabellascookies.com/press/toofab/" "Mozilla/5.0 (Linux; Android 5.0) AppleWebKit/537.36 (KHTML, like Gecko) Mobile Safari/537.36 (compatible; Bytespider; https://zhanzhang.toutiao.com/)"
110.249.201.84 - - [25/May/2026:17:11:00 -0400] "GET /js/prototype/prototype.js HTTP/1.1" 200 37405 "http://isabellascookies.com/press/toofab/" "Mozilla/5.0 (Linux; Android 5.0) AppleWebKit/537.36 (KHTML, like Gecko) Mobile Safari/537.36 (compatible; Bytespider; https://zhanzhang.toutiao.com/)"
110.249.201.92 - - [25/May/2026:17:11:00 -0400] "GET /js/scriptaculous/builder.js HTTP/1.1" 200 1842 "http://isabellascookies.com/press/toofab/" "Mozilla/5.0 (Linux; Android 5.0) AppleWebKit/537.36 (KHTML, like Gecko) Mobile Safari/537.36 (compatible; Bytespider; https://zhanzhang.toutiao.com/)"
110.249.201.121 - - [25/May/2026:17:11:00 -0400] "GET /js/scriptaculous/controls.js HTTP/1.1" 200 9049 "http://isabellascookies.com/press/toofab/" "Mozilla/5.0 (Linux; Android 5.0) AppleWebKit/537.36 (KHTML, like Gecko) Mobile Safari/537.36 (compatible; Bytespider; https://zhanzhang.toutiao.com/)"
110.249.201.83 - - [25/May/2026:17:11:00 -0400] "GET /press/wp-content/plugins/juiz-social-post-sharer/css/juiz-social-post-sharer-1.min.css?ver=1.3.2 HTTP/1.1" 200 1197 "http://isabellascookies.com/press/toofab/" "Mozilla/5.0 (Linux; Android 5.0) AppleWebKit/537.36 (KHTML, like Gecko) Mobile Safari/537.36 (compatible; Bytespider; https://zhanzhang.toutiao.com/)"
110.249.201.79 - - [25/May/2026:17:11:00 -0400] "GET /press/wp-includes/js/jquery/jquery.js?ver=1.7.1 HTTP/1.1" 200 33146 "http://isabellascookies.com/press/toofab/" "Mozilla/5.0 (Linux; Android 5.0) AppleWebKit/537.36 (KHTML, like Gecko) Mobile Safari/537.36 (compatible; Bytespider; https://zhanzhang.toutiao.com/)"
110.249.201.54 - - [25/May/2026:17:11:00 -0400] "GET /press/wp-includes/js/comment-reply.js?ver=20090102 HTTP/1.1" 200 412 "http://isabellascookies.com/press/toofab/" "Mozilla/5.0 (Linux; Android 5.0) AppleWebKit/537.36 (KHTML, like Gecko) Mobile Safari/537.36 (compatible; Bytespider; https://zhanzhang.toutiao.com/)"
110.249.201.92 - - [25/May/2026:17:11:00 -0400] "GET /press/wp-content/themes/mygrid2/logo_isabella.png HTTP/1.1" 206 500 "http://isabellascookies.com/press/toofab/" "Mozilla/5.0 (Linux; Android 5.0) AppleWebKit/537.36 (KHTML, like Gecko) Mobile Safari/537.36 (compatible; Bytespider; https://zhanzhang.toutiao.com/)"
110.249.201.121 - - [25/May/2026:17:11:00 -0400] "GET /skin/frontend/default/drjacob/images/face_icon.png HTTP/1.1" 206 500 "http://isabellascookies.com/press/toofab/" "Mozilla/5.0 (Linux; Android 5.0) AppleWebKit/537.36 (KHTML, like Gecko) Mobile Safari/537.36 (compatible; Bytespider; https://zhanzhang.toutiao.com/)"
110.249.201.121 - - [25/May/2026:17:11:01 -0400] "GET /press/wp-content/themes/mygrid2/js/ownScript.js?ver=3.3.1 HTTP/1.1" 200 219 "http://isabellascookies.com/press/toofab/" "Mozilla/5.0 (Linux; Android 5.0) AppleWebKit/537.36 (KHTML, like Gecko) Mobile Safari/537.36 (compatible; Bytespider; https://zhanzhang.toutiao.com/)"
110.249.201.92 - - [25/May/2026:17:11:01 -0400] "GET /press/wp-content/plugins/magento-wordpress-integration/js/mwi_scripts.js?ver=3.3.1 HTTP/1.1" 200 118 "http://isabellascookies.com/press/toofab/" "Mozilla/5.0 (Linux; Android 5.0) AppleWebKit/537.36 (KHTML, like Gecko) Mobile Safari/537.36 (compatible; Bytespider; https://zhanzhang.toutiao.com/)"
110.249.201.79 - - [25/May/2026:17:11:01 -0400] "GET /media/menu_holiday.png HTTP/1.1" 206 500 "http://isabellascookies.com/press/toofab/" "Mozilla/5.0 (Linux; Android 5.0) AppleWebKit/537.36 (KHTML, like Gecko) Mobile Safari/537.36 (compatible; Bytespider; https://zhanzhang.toutiao.com/)"
110.249.201.54 - - [25/May/2026:17:11:01 -0400] "GET /media/menu_cookie.png HTTP/1.1" 206 500 "http://isabellascookies.com/press/toofab/" "Mozilla/5.0 (Linux; Android 5.0) AppleWebKit/537.36 (KHTML, like Gecko) Mobile Safari/537.36 (compatible; Bytespider; https://zhanzhang.toutiao.com/)"
110.249.201.84 - - [25/May/2026:17:11:01 -0400] "GET /media/menu_holiday_b.png HTTP/1.1" 206 500 "http://isabellascookies.com/press/toofab/" "Mozilla/5.0 (Linux; Android 5.0) AppleWebKit/537.36 (KHTML, like Gecko) Mobile Safari/537.36 (compatible; Bytespider; https://zhanzhang.toutiao.com/)"
110.249.201.83 - - [25/May/2026:17:11:01 -0400] "GET /media/menu_custom_b.png HTTP/1.1" 206 500 "http://isabellascookies.com/press/toofab/" "Mozilla/5.0 (Linux; Android 5.0) AppleWebKit/537.36 (KHTML, like Gecko) Mobile Safari/537.36 (compatible; Bytespider; https://zhanzhang.toutiao.com/)"
110.249.201.121 - - [25/May/2026:17:11:01 -0400] "GET /press/wp-content/uploads/2013/11/TooFab-718x1024.jpg HTTP/1.1" 206 500 "http://isabellascookies.com/press/toofab/" "Mozilla/5.0 (Linux; Android 5.0) AppleWebKit/537.36 (KHTML, like Gecko) Mobile Safari/537.36 (compatible; Bytespider; https://zhanzhang.toutiao.com/)"
110.249.201.92 - - [25/May/2026:17:11:01 -0400] "GET /skin/frontend/default/drjacob/images/news_send.png HTTP/1.1" 206 500 "http://isabellascookies.com/press/toofab/" "Mozilla/5.0 (Linux; Android 5.0) AppleWebKit/537.36 (KHTML, like Gecko) Mobile Safari/537.36 (compatible; Bytespider; https://zhanzhang.toutiao.com/)"
110.249.201.79 - - [25/May/2026:17:11:01 -0400] "GET /skin/frontend/default/drjacob/images/isabellas_bg_small.png HTTP/1.1" 206 500 "http://isabellascookies.com/skin/frontend/default/drjacob/css/all.css" "Mozilla/5.0 (Linux; Android 5.0) AppleWebKit/537.36 (KHTML, like Gecko) Mobile Safari/537.36 (compatible; Bytespider; https://zhanzhang.toutiao.com/)"
110.249.201.84 - - [25/May/2026:17:11:01 -0400] "GET /press/wp-content/plugins/juiz-social-post-sharer/img/sps_sprites.png HTTP/1.1" 206 500 "http://isabellascookies.com/press/wp-content/plugins/juiz-social-post-sharer/css/juiz-social-post-sharer-1.min.css?ver=1.3.2" "Mozilla/5.0 (Linux; Android 5.0) AppleWebKit/537.36 (KHTML, like Gecko) Mobile Safari/537.36 (compatible; Bytespider; https://zhanzhang.toutiao.com/)"
110.249.201.54 - - [25/May/2026:17:11:01 -0400] "GET /press/wp-content/themes/mygrid2/images/line-h.png HTTP/1.1" 206 115 "http://isabellascookies.com/press/wp-content/themes/mygrid2/style.css" "Mozilla/5.0 (Linux; Android 5.0) AppleWebKit/537.36 (KHTML, like Gecko) Mobile Safari/537.36 (compatible; Bytespider; https://zhanzhang.toutiao.com/)"
110.249.201.83 - - [25/May/2026:17:11:02 -0400] "GET /skin/frontend/default/drjacob/images/footer_bg.png HTTP/1.1" 206 500 "http://isabellascookies.com/skin/frontend/default/drjacob/css/all.css" "Mozilla/5.0 (Linux; Android 5.0) AppleWebKit/537.36 (KHTML, like Gecko) Mobile Safari/537.36 (compatible; Bytespider; https://zhanzhang.toutiao.com/)"
110.249.201.121 - - [25/May/2026:17:11:02 -0400] "GET /skin/frontend/default/drjacob/images/isabella_sep2.png HTTP/1.1" 206 263 "http://isabellascookies.com/skin/frontend/default/drjacob/css/all.css" "Mozilla/5.0 (Linux; Android 5.0) AppleWebKit/537.36 (KHTML, like Gecko) Mobile Safari/537.36 (compatible; Bytespider; https://zhanzhang.toutiao.com/)"
110.249.201.92 - - [25/May/2026:17:11:02 -0400] "GET /skin/frontend/default/drjacob/css/print.css HTTP/1.1" 200 736 "http://isabellascookies.com/press/toofab/" "Mozilla/5.0 (Linux; Android 5.0) AppleWebKit/537.36 (KHTML, like Gecko) Mobile Safari/537.36 (compatible; Bytespider; https://zhanzhang.toutiao.com/)"
110.249.201.70 - - [25/May/2026:17:11:21 -0400] "GET /skin/frontend/default/drjacob/js/jquery1.7.js HTTP/1.1" 200 33133 "http://staging.isabellascookies.com/" "Mozilla/5.0 (Linux; Android 5.0) AppleWebKit/537.36 (KHTML, like Gecko) Mobile Safari/537.36 (compatible; Bytespider; https://zhanzhang.toutiao.com/)"
185.237.106.202 - - [25/May/2026:17:11:30 -0400] "GET /blog/?p=4 HTTP/1.0" 200 33706 "http://isabellascookies.com/blog/?p=4#comment-1373451" "Mozilla/5.0 (Windows NT 6.1; Win64; x64) AppleWebKit/537.36 (KHTML, like Gecko) Chrome/103.0.0.0 Safari/537.36"
185.237.106.202 - - [25/May/2026:17:11:31 -0400] "POST /blog/wp-comments-post.php HTTP/1.0" 500 2953 "http://isabellascookies.com/blog/?p=4#comment-1373451" "Mozilla/5.0 (Windows NT 6.1; Win64; x64) AppleWebKit/537.36 (KHTML, like Gecko) Chrome/103.0.0.0 Safari/537.36"
185.237.106.202 - - [25/May/2026:17:11:31 -0400] "GET /customer/account/login/ HTTP/1.0" 302 - "http://isabellascookies.com/customer/account/login/" "Mozilla/5.0 (Windows NT 6.1; Win64; x64) AppleWebKit/537.36 (KHTML, like Gecko) Chrome/103.0.0.0 Safari/537.36"
217.147.172.96 - - [25/May/2026:17:11:44 -0400] "GET /blog/?p=4 HTTP/1.0" 200 33706 "http://isabellascookies.com/blog/?p=4#comment-1373451" "Mozilla/5.0 (Windows NT 10.0; Win64; x64) AppleWebKit/537.36 (KHTML, like Gecko) Chrome/103.0.5060.66 Safari/537.36"
217.147.172.96 - - [25/May/2026:17:11:44 -0400] "GET /blog/?p=4 HTTP/1.0" 200 33706 "http://isabellascookies.com/blog/?p=4#comment-1373451" "Mozilla/5.0 (Windows NT 6.3) AppleWebKit/537.36 (KHTML, like Gecko) Chrome/103.0.0.0 Safari/537.36"
217.147.172.96 - - [25/May/2026:17:11:45 -0400] "POST /blog/wp-comments-post.php HTTP/1.0" 500 2953 "http://isabellascookies.com/blog/?p=4#comment-1373451" "Mozilla/5.0 (Windows NT 10.0; Win64; x64) AppleWebKit/537.36 (KHTML, like Gecko) Chrome/103.0.5060.66 Safari/537.36"
217.147.172.96 - - [25/May/2026:17:11:45 -0400] "POST /blog/wp-comments-post.php HTTP/1.0" 500 2953 "http://isabellascookies.com/blog/?p=4#comment-1373451" "Mozilla/5.0 (Windows NT 6.3) AppleWebKit/537.36 (KHTML, like Gecko) Chrome/103.0.0.0 Safari/537.36"
217.147.172.96 - - [25/May/2026:17:11:45 -0400] "GET /customer/account/login/ HTTP/1.0" 302 - "http://isabellascookies.com/customer/account/login/" "Mozilla/5.0 (Windows NT 6.3) AppleWebKit/537.36 (KHTML, like Gecko) Chrome/103.0.0.0 Safari/537.36"
217.147.172.96 - - [25/May/2026:17:11:46 -0400] "GET /customer/account/login/ HTTP/1.0" 302 - "http://isabellascookies.com/customer/account/login/" "Mozilla/5.0 (Windows NT 10.0; Win64; x64) AppleWebKit/537.36 (KHTML, like Gecko) Chrome/103.0.5060.66 Safari/537.36"
